000
CXUS53 KTOP 010910
CF6CNK
PRELIMINARY LOCAL CLIMATOLOGICAL DATA (WS FORM: F-6)
STATION: CONCORDIA KS
MONTH: FEBRUARY
YEAR: 2023
LATITUDE: 39 32 N
LONGITUDE: 97 39 W
TEMPERATURE IN F: :PCPN: SNOW: WIND :SUNSHINE: SKY :PK WND
================================================================================
1 2 3 4 5 6A 6B 7 8 9 10 11 12 13 14 15 16 17 18
12Z AVG MX 2MIN
DY MAX MIN AVG DEP HDD CDD WTR SNW DPTH SPD SPD DIR MIN PSBL S-S WX SPD DR
================================================================================
1 40 13 27 -3 38 0 0.00 M M 8.5 16 260 M M 0 21 220
2 37 12 25 -5 40 0 0.00 M M 11.4 24 360 M M 0 31 20
3 42 8 25 -5 40 0 0.00 M M 10.0 18 190 M M 0 25 180
4 55 34 45 15 20 0 0.00 M M 11.6 21 210 M M 0 27 200
5 52 31 42 12 23 0 0.00 M M 7.0 13 250 M M 0 19 240
6 52 36 44 14 21 0 0.00 M M 12.3 21 290 M M 1 28 230
7 54 31 43 12 22 0 0.00 M M 6.3 14 340 M M 0 17 330
8 53 26 40 9 25 0 0.00 M M 1.7 7 350 M M 3 9 350
9 44 27 36 5 29 0 T M M 16.9 30 340 M M 5 40 350
10 44 21 33 2 32 0 0.00 M M 8.7 17 350 M M 0 25 360
11 55 25 40 8 25 0 0.00 M M 13.5 24 200 M M 0 34 190
12 51 25 38 6 27 0 0.00 M M 7.6 25 200 M M 0 35 190
13 62 28 45 13 20 0 T M M 11.4 21 150 M M 0 26 150
14 60 40 50 18 15 0 0.22 M M 14.8 28 290 M M 8 13 39 300
15 41 21 31 -2 34 0 0.00 M M 17.9 24 20 M M 10 34 300
16 31 18 25 -8 40 0 M 0.6 T 13.8 25 360 M M 6 8 36 360
17 50 15 33 0 32 0 0.00 0.0 M 12.0 21 210 M M 0 26 220
18 56 29 43 9 22 0 0.00 M M 16.6 33 200 M M 0 46 190
19 58 28 43 9 22 0 0.00 M M 6.4 22 210 M M 1 28 200
20 59 28 44 10 21 0 0.00 M M 9.5 21 260 M M 0 31 240
21 64 30 47 13 18 0 0.00 M M 12.1 32 160 M M 2 39 150
22 44 16 30 -5 35 0 0.01 M M 15.4 23 350 M M 7 18 34 10
23 22 4 13 -22 52 0 T T 0 14.3 25 320 M M 2 35 310
24 26 7 17 -19 48 0 0.00 M M 8.1 21 30 M M 6 24 20
25 52 11 32 -4 33 0 0.00 M M 8.5 17 200 M M 0 22 200
26 65 25 45 9 20 0 0.25 M M 12.8 32 150 M M 1 138 39 140
27 64 36 50 13 15 0 0.11 M M 16.1 35 300 M M 2 1 47 300
28 60 29 45 8 20 0 0.00 M M 6.5 17 140 M M 0 24 130
================================================================================
SM 1393 654 789 0 0.59 0.6 311.7 M 54
================================================================================
AV 49.8 23.4 11.1 FASTST M M 2 MAX(MPH)
MISC ----> 35 300 47 300
================================================================================
NOTES:
# LAST OF SEVERAL OCCURRENCES
COLUMN 17 PEAK WIND IN M.P.H.
PRELIMINARY LOCAL CLIMATOLOGICAL DATA (WS FORM: F-6) , PAGE 2
STATION: CONCORDIA KS
MONTH: FEBRUARY
YEAR: 2023
LATITUDE: 39 32 N
LONGITUDE: 97 39 W
[TEMPERATURE DATA] [PRECIPITATION DATA] SYMBOLS USED IN COLUMN 16
AVERAGE MONTHLY: 36.6 TOTAL FOR MONTH: 0.59 1 = FOG OR MIST
DPTR FM NORMAL: 3.8 DPTR FM NORMAL: -0.27 2 = FOG REDUCING VISIBILITY
HIGHEST: 65 ON 26 GRTST 24HR 0.36 ON 26-27 TO 1/4 MILE OR LESS
LOWEST: 4 ON 23 3 = THUNDER
SNOW, ICE PELLETS, HAIL 4 = ICE PELLETS
TOTAL MONTH: 0.6 INCH 5 = HAIL
GRTST 24HR 0.6 ON 16-16 6 = FREEZING RAIN OR DRIZZLE
GRTST DEPTH: T 7 = DUSTSTORM OR SANDSTORM:
VSBY 1/2 MILE OR LESS
8 = SMOKE OR HAZE
[NO. OF DAYS WITH] [WEATHER - DAYS WITH] 9 = BLOWING SNOW
X = TORNADO
MAX 32 OR BELOW: 3 0.01 INCH OR MORE: 4
MAX 90 OR ABOVE: 0 0.10 INCH OR MORE: 3
MIN 32 OR BELOW: 24 0.50 INCH OR MORE: 0
MIN 0 OR BELOW: 0 1.00 INCH OR MORE: 0
[HDD (BASE 65) ]
TOTAL THIS MO. 789 CLEAR (SCALE 0-3) 22
DPTR FM NORMAL -113 PTCLDY (SCALE 4-7) 5
TOTAL FM JUL 1 3828 CLOUDY (SCALE 8-10) 1
DPTR FM NORMAL -303
[CDD (BASE 65) ]
TOTAL THIS MO. 0
DPTR FM NORMAL 0 [PRESSURE DATA]
TOTAL FM JAN 1 0 HIGHEST SLP 30.66 ON 2
DPTR FM NORMAL 0 LOWEST SLP 29.00 ON 26
[REMARKS]
#FINAL-02-23#