000
CXUS53 KTOP 020355
CF6CNK
PRELIMINARY LOCAL CLIMATOLOGICAL DATA (WS FORM: F-6)
STATION: CONCORDIA KS
MONTH: MARCH
YEAR: 2021
LATITUDE: 39 32 N
LONGITUDE: 97 39 W
TEMPERATURE IN F: :PCPN: SNOW: WIND :SUNSHINE: SKY :PK WND
================================================================================
1 2 3 4 5 6A 6B 7 8 9 10 11 12 13 14 15 16 17 18
12Z AVG MX 2MIN
DY MAX MIN AVG DEP HDD CDD WTR SNW DPTH SPD SPD DIR MIN PSBL S-S WX SPD DR
================================================================================
1 55 24 40 2 25 0 0.00 0.0 0 8.1 15 360 M M 0 22 260
2 67 31 49 11 16 0 0.00 0.0 0 15.4 25 210 M M 0 35 200
3 72 28 50 12 15 0 0.00 0.0 0 3.5 21 200 M M 0 8 27 200
4 72 27 50 11 15 0 0.00 0.0 0 6.3 24 140 M M 0 30 150
5 63 37 50 11 15 0 0.00 0.0 0 5.6 13 200 M M 0 16 30
6 70 35 53 14 12 0 0.00 0.0 0 10.9 22 190 M M 0 27 200
7 70 45 58 18 7 0 0.00 0.0 0 22.5 32 190 M M 1 8 47 210
8 72 45 59 19 6 0 0.00 0.0 0 18.4 31 180 M M 0 8 39 180
9 74 50 62 21 3 0 0.00 0.0 0 21.2 37 180 M M 0 8 53 180
10 71 38 55 14 10 0 0.00 0.0 0 23.1 37 220 M M 1 8 52 240
11 58 30 44 3 21 0 0.00 0.0 0 6.5 15 30 M M 0 23 50
12 47 33 40 -2 25 0 0.08 0.0 0 9.7 20 80 M M 7 28 90
13 48 40 44 2 21 0 0.58 0.0 0 13.5 20 100 M M 10 13 32 90
14 50 43 47 5 18 0 0.77 0.0 0 15.4 25 100 M M 10 13 38 100
15 47 43 45 2 20 0 0.02 0.0 0 8.6 18 90 M M 10 1 28 80
16 53 39 46 3 19 0 0.00 0.0 0 8.1 21 360 M M 10 12 28 10
17 41 35 38 -6 27 0 0.01 0.0 0 18.6 28 350 M M 10 1 39 10
18 51 33 42 -2 23 0 0.00 0.0 0 15.0 26 350 M M 7 36 340
19 57 28 43 -1 22 0 0.00 0.0 0 5.9 16 130 M M 0 20 120
20 66 36 51 7 14 0 0.00 0.0 0 19.2 31 160 M M 0 41 160
21 68 47 58 13 7 0 0.00 0.0 0 20.6 43 180 M M 4 8 55 190
22 53 47 50 5 15 0 0.92 0.0 0 8.7 17 100 M M 10 1 25 100
23 56 42 49 3 16 0 0.30 0.0 0 11.7 24 320 M M 10 1 35 320
24 51 41 46 0 19 0 0.01 0.0 0 11.5 23 340 M M 9 32 310
25 52 39 46 0 19 0 0.06 0.0 0 5.4 12 180 M M 8 1 14 80
26 64 36 50 4 15 0 0.07 0.0 0 12.7 31 220 M M 4 13 47 200
27 59 40 50 3 15 0 0.00 0.0 0 13.8 28 340 M M 4 1 36 330
28 67 32 50 3 15 0 0.00 0.0 0 12.6 28 190 M M 0 37 190
29 81 49 65 18 0 0 0.00 0.0 0 27.0 36 190 M M 0 8 54 180
30 56 35 46 -2 19 0 0.00 0.0 0 15.9 43 20 M M 0 58 20
31 55 29 42 -6 23 0 0.00 0.0 0 7.5 22 330 M M 2 8 31 350
================================================================================
SM 1866 1157 497 0 2.82 0.0 402.9 M 117
================================================================================
AV 60.2 37.3 13.0 FASTST M M 4 MAX(MPH)
MISC ----> # 43 180 58 20
================================================================================
NOTES:
# LAST OF SEVERAL OCCURRENCES
COLUMN 17 PEAK WIND IN M.P.H.
PRELIMINARY LOCAL CLIMATOLOGICAL DATA (WS FORM: F-6) , PAGE 2
STATION: CONCORDIA KS
MONTH: MARCH
YEAR: 2021
LATITUDE: 39 32 N
LONGITUDE: 97 39 W
[TEMPERATURE DATA] [PRECIPITATION DATA] SYMBOLS USED IN COLUMN 16
AVERAGE MONTHLY: 48.8 TOTAL FOR MONTH: 2.82 1 = FOG OR MIST
DPTR FM NORMAL: 5.8 DPTR FM NORMAL: 0.81 2 = FOG REDUCING VISIBILITY
HIGHEST: 81 ON 29 GRTST 24HR 1.21 ON 22-23 TO 1/4 MILE OR LESS
LOWEST: 24 ON 1 3 = THUNDER
SNOW, ICE PELLETS, HAIL 4 = ICE PELLETS
TOTAL MONTH: 0.0 INCH 5 = HAIL
GRTST 24HR 0.0 6 = FREEZING RAIN OR DRIZZLE
GRTST DEPTH: 0 7 = DUSTSTORM OR SANDSTORM:
VSBY 1/2 MILE OR LESS
8 = SMOKE OR HAZE
[NO. OF DAYS WITH] [WEATHER - DAYS WITH] 9 = BLOWING SNOW
X = TORNADO
MAX 32 OR BELOW: 0 0.01 INCH OR MORE: 10
MAX 90 OR ABOVE: 0 0.10 INCH OR MORE: 4
MIN 32 OR BELOW: 8 0.50 INCH OR MORE: 3
MIN 0 OR BELOW: 0 1.00 INCH OR MORE: 0
[HDD (BASE 65) ]
TOTAL THIS MO. 497 CLEAR (SCALE 0-3) 17
DPTR FM NORMAL -187 PTCLDY (SCALE 4-7) 5
TOTAL FM JUL 1 4423 CLOUDY (SCALE 8-10) 9
DPTR FM NORMAL -468
[CDD (BASE 65) ]
TOTAL THIS MO. 0
DPTR FM NORMAL -1 [PRESSURE DATA]
TOTAL FM JAN 1 0 HIGHEST SLP 30.55 ON 31
DPTR FM NORMAL -1 LOWEST SLP 29.34 ON 29
[REMARKS]
#FINAL-03-21#