000
CXUS56 KSGX 011046
CF6CNO
PRELIMINARY LOCAL CLIMATOLOGICAL DATA (WS FORM: F-6)
STATION: CHINO AIRPORT CA
MONTH: JULY
YEAR: 2023
LATITUDE: 33 58 N
LONGITUDE: 117 38 W
TEMPERATURE IN F: :PCPN: SNOW: WIND :SUNSHINE: SKY :PK WND
================================================================================
1 2 3 4 5 6A 6B 7 8 9 10 11 12 13 14 15 16 17 18
12Z AVG MX 2MIN
DY MAX MIN AVG DEP HDD CDD WTR SNW DPTH SPD SPD DIR MIN PSBL S-S WX SPD DR
================================================================================
1 95 58 77 1 0 12 0.00 M M 7.1 20 270 M M 0 18 25 270
2 98 60 79 2 0 14 0.00 M M 5.6 15 260 M M 1 18 21 280
3 94 59 77 0 0 12 0.00 M M 6.3 16 250 M M 1 18 23 270
4 92 57 75 -2 0 10 0.00 M M 6.4 16 280 M M 0 18 21 280
5 93 56 75 -2 0 10 0.00 M M 6.1 18 250 M M 2 18 22 230
6 86 54 70 -7 0 5 0.00 M M 6.8 17 240 M M 1 18 22 260
7 87 56 72 -6 0 7 0.00 M M 6.4 17 250 M M 3 18 21 260
8 88 57 73 -5 0 8 0.00 M M 7.2 18 240 M M 2 18 23 240
9 88 56 72 -6 0 7 0.00 M M 6.2 16 240 M M 2 18 21 250
10 96 56 76 -2 0 11 0.00 M M 5.3 16 260 M M 0 18 22 260
11 99 62 81 3 0 16 0.00 M M 5.6 20 250 M M 0 8 24 250
12 99 65 82 4 0 17 0.00 M M 5.8 17 240 M M 1 21 250
13 99 64 82 4 0 17 0.00 M M 5.6 18 220 M M 1 8 22 250
14 99 59 79 1 0 14 0.00 M M 5.1 16 240 M M 1 8 22 250
15 101 64 83 5 0 18 0.00 M M 5.3 16 280 M M 2 23 250
16 98 66 82 4 0 17 0.00 M M 5.8 17 260 M M 1 8 23 270
17 103 68 86 7 0 21 0.00 M M 5.9 18 240 M M 2 8 24 240
18 101 66 84 5 0 19 0.00 M M 5.5 18 250 M M 1 8 22 250
19 102 68 85 6 0 20 0.00 M M 5.0 16 250 M M 1 8 22 250
20 103 64 84 5 0 19 0.00 M M 5.2 16 250 M M 1 8 21 260
21 95 64 80 1 0 15 0.00 M M 5.5 17 290 M M 2 8 22 250
22 97 64 81 2 0 16 0.00 M M 5.3 17 260 M M 3 8 22 260
23 94 63 79 0 0 14 0.00 M M 4.6 14 290 M M 4 8 17 290
24 103 66 85 6 0 20 0.00 M M 6.2 18 240 M M 1 18 23 240
25 103 67 85 6 0 20 0.00 M M 5.3 16 240 M M 1 8 24 260
26 104 67 86 7 0 21 0.00 M M 5.2 16 260 M M 1 8 19 260
27 104 66 85 6 0 20 0.00 M M 5.4 16 240 M M 1 8 21 250
28 100 65 83 4 0 18 0.00 M M 5.8 20 250 M M 1 25 270
29 99 67 83 4 0 18 0.00 M M 4.6 17 310 M M 3 8 21 310
30 97 67 82 3 0 17 0.00 M M 6.0 16 260 M M 4 8 21 290
31 97 70 84 5 0 19 0.00 M M 6.0 18 240 M M 5 8 22 240
================================================================================
SM 3014 1941 0 472 0.00 M 178.1 M 49
================================================================================
AV 97.2 62.6 5.7 FASTST M M 2 MAX(MPH)
MISC ----> # 20 270 # 25 270
================================================================================
NOTES:
# LAST OF SEVERAL OCCURRENCES
COLUMN 17 PEAK WIND IN M.P.H.
PRELIMINARY LOCAL CLIMATOLOGICAL DATA (WS FORM: F-6) , PAGE 2
STATION: CHINO AIRPORT CA
MONTH: JULY
YEAR: 2023
LATITUDE: 33 58 N
LONGITUDE: 117 38 W
[TEMPERATURE DATA] [PRECIPITATION DATA] SYMBOLS USED IN COLUMN 16
AVERAGE MONTHLY: 79.9 TOTAL FOR MONTH: 0.00 1 = FOG OR MIST
DPTR FM NORMAL: 1.6 DPTR FM NORMAL: -0.08 2 = FOG REDUCING VISIBILITY
HIGHEST: 104 ON 27,26 GRTST 24HR 0.00 ON 1- 1 TO 1/4 MILE OR LESS
LOWEST: 54 ON 6 3 = THUNDER
SNOW, ICE PELLETS, HAIL 4 = ICE PELLETS
TOTAL MONTH: M 5 = HAIL
GRTST 24HR M ON M 6 = FREEZING RAIN OR DRIZZLE
GRTST DEPTH: M ON M 7 = DUSTSTORM OR SANDSTORM:
VSBY 1/2 MILE OR LESS
8 = SMOKE OR HAZE
[NO. OF DAYS WITH] [WEATHER - DAYS WITH] 9 = BLOWING SNOW
X = TORNADO
MAX 32 OR BELOW: 0 0.01 INCH OR MORE: 0
MAX 90 OR ABOVE: 27 0.10 INCH OR MORE: 0
MIN 32 OR BELOW: 0 0.50 INCH OR MORE: 0
MIN 0 OR BELOW: 0 1.00 INCH OR MORE: 0
[HDD (BASE 65) ]
TOTAL THIS MO. 0 CLEAR (SCALE 0-3) 27
DPTR FM NORMAL 0 PTCLDY (SCALE 4-7) 4
TOTAL FM JUL 1 0 CLOUDY (SCALE 8-10) 0
DPTR FM NORMAL 0
[CDD (BASE 65) ]
TOTAL THIS MO. 472
DPTR FM NORMAL 60 [PRESSURE DATA]
TOTAL FM JAN 1 645 HIGHEST SLP 30.00 ON 19
DPTR FM NORMAL -191 LOWEST SLP 29.77 ON 22
[REMARKS]
#FINAL-07-23#