000
CXUS56 KSGX 011045
CF6CNO
PRELIMINARY LOCAL CLIMATOLOGICAL DATA (WS FORM: F-6)
STATION: CHINO AIRPORT CA
MONTH: APRIL
YEAR: 2023
LATITUDE: 33 58 N
LONGITUDE: 117 38 W
TEMPERATURE IN F: :PCPN: SNOW: WIND :SUNSHINE: SKY :PK WND
================================================================================
1 2 3 4 5 6A 6B 7 8 9 10 11 12 13 14 15 16 17 18
12Z AVG MX 2MIN
DY MAX MIN AVG DEP HDD CDD WTR SNW DPTH SPD SPD DIR MIN PSBL S-S WX SPD DR
================================================================================
1 73 42 58 -3 7 0 0.00 M M 4.5 18 230 M M 1 18 24 220
2 70 41 56 -5 9 0 0.00 M M 6.8 18 240 M M 1 1 24 240
3 65 47 56 -5 9 0 0.00 M M 13.6 25 310 M M 5 31 320
4 64 36 50 -11 15 0 0.00 M M 6.1 21 230 M M 1 28 240
5 71 36 54 -7 11 0 0.00 M M 4.2 17 230 M M 1 22 230
6 76 39 58 -3 7 0 0.00 M M 5.8 18 240 M M 1 8 22 80
7 73 46 60 -2 5 0 0.00 M M 4.4 17 250 M M 2 8 21 250
8 73 45 59 -3 6 0 0.00 M M 3.9 15 230 M M 3 18 240
9 82 47 65 3 0 0 0.00 M M 3.8 15 250 M M 0 128 18 240
10 84 51 68 6 0 3 0.00 M M 4.7 16 260 M M 0 18 20 270
11 78 49 64 2 1 0 0.00 M M 6.5 15 270 M M 4 128 19 270
12 66 54 60 -2 5 0 T M M 7.0 17 270 M M 10 18 21 250
13 63 51 57 -5 8 0 0.03 M M 10.8 21 230 M M 9 1 28 240
14 66 50 58 -4 7 0 0.00 M M 6.5 14 280 M M 7 19 270
15 79 44 62 -1 3 0 0.00 M M 4.6 16 240 M M 0 18 20 240
16 72 48 60 -3 5 0 0.00 M M 5.2 15 250 M M 3 20 250
17 68 48 58 -5 7 0 0.00 M M 5.1 17 240 M M 7 18 20 230
18 68 48 58 -5 7 0 0.00 M M 7.1 20 230 M M 6 23 230
19 72 44 58 -5 7 0 0.00 M M 4.7 18 230 M M 2 1 22 230
20 86 44 65 1 0 0 0.00 M M 5.4 20 240 M M 1 8 23 240
21 91 50 71 7 0 6 0.00 M M 4.3 17 240 M M 0 8 21 240
22 88 54 71 7 0 6 0.00 M M 4.3 15 250 M M 2 18 250
23 80 53 67 3 0 2 0.00 M M 6.3 17 250 M M 1 1 23 240
24 74 55 65 1 0 0 0.00 M M 6.1 15 230 M M 6 18 18 240
25 75 55 65 1 0 0 0.00 M M 6.3 16 230 M M 6 1 20 230
26 84 50 67 2 0 2 0.00 M M 5.5 17 250 M M 1 18 22 260
27 84 50 67 2 0 2 0.00 M M 5.7 17 260 M M 2 128 22 240
28 82 49 66 1 0 1 0.00 M M 5.2 17 270 M M 1 128 20 270
29 87 49 68 3 0 3 0.00 M M 6.4 17 270 M M 3 128 21 240
30 76 52 64 -1 1 0 0.00 M M 7.7 20 250 M M 6 18 23 250
================================================================================
SM 2270 1427 120 25 0.03 M 178.5 M 92
================================================================================
AV 75.7 47.6 5.9 FASTST M M 3 MAX(MPH)
MISC ----> 25 310 31 320
================================================================================
NOTES:
# LAST OF SEVERAL OCCURRENCES
COLUMN 17 PEAK WIND IN M.P.H.
PRELIMINARY LOCAL CLIMATOLOGICAL DATA (WS FORM: F-6) , PAGE 2
STATION: CHINO AIRPORT CA
MONTH: APRIL
YEAR: 2023
LATITUDE: 33 58 N
LONGITUDE: 117 38 W
[TEMPERATURE DATA] [PRECIPITATION DATA] SYMBOLS USED IN COLUMN 16
AVERAGE MONTHLY: 61.6 TOTAL FOR MONTH: 0.03 1 = FOG OR MIST
DPTR FM NORMAL: -1.2 DPTR FM NORMAL: -0.52 2 = FOG REDUCING VISIBILITY
HIGHEST: 91 ON 21 GRTST 24HR 0.03 ON 12-13 TO 1/4 MILE OR LESS
LOWEST: 36 ON 5, 4 3 = THUNDER
SNOW, ICE PELLETS, HAIL 4 = ICE PELLETS
TOTAL MONTH: M 5 = HAIL
GRTST 24HR M ON M 6 = FREEZING RAIN OR DRIZZLE
GRTST DEPTH: M ON M 7 = DUSTSTORM OR SANDSTORM:
VSBY 1/2 MILE OR LESS
8 = SMOKE OR HAZE
[NO. OF DAYS WITH] [WEATHER - DAYS WITH] 9 = BLOWING SNOW
X = TORNADO
MAX 32 OR BELOW: 0 0.01 INCH OR MORE: 1
MAX 90 OR ABOVE: 1 0.10 INCH OR MORE: 0
MIN 32 OR BELOW: 0 0.50 INCH OR MORE: 0
MIN 0 OR BELOW: 0 1.00 INCH OR MORE: 0
[HDD (BASE 65) ]
TOTAL THIS MO. 120 CLEAR (SCALE 0-3) 20
DPTR FM NORMAL 13 PTCLDY (SCALE 4-7) 8
TOTAL FM JUL 1 1821 CLOUDY (SCALE 8-10) 2
DPTR FM NORMAL 466
[CDD (BASE 65) ]
TOTAL THIS MO. 25
DPTR FM NORMAL -18 [PRESSURE DATA]
TOTAL FM JAN 1 25 HIGHEST SLP 30.16 ON 21
DPTR FM NORMAL -41 LOWEST SLP 29.76 ON 13
[REMARKS]
#FINAL-04-23#