000
CXUS56 KSGX 011045
CF6CNO
PRELIMINARY LOCAL CLIMATOLOGICAL DATA (WS FORM: F-6)
STATION: CHINO AIRPORT CA
MONTH: SEPTEMBER
YEAR: 2021
LATITUDE: 33 58 N
LONGITUDE: 117 38 W
TEMPERATURE IN F: :PCPN: SNOW: WIND :SUNSHINE: SKY :PK WND
================================================================================
1 2 3 4 5 6A 6B 7 8 9 10 11 12 13 14 15 16 17 18
12Z AVG MX 2MIN
DY MAX MIN AVG DEP HDD CDD WTR SNW DPTH SPD SPD DIR MIN PSBL S-S WX SPD DR
================================================================================
1 82 64 73 -6 0 8 0.00 M M 6.9 15 240 M M 6 8 20 240
2 87 63 75 -4 0 10 0.00 M M 5.2 16 240 M M 5 8 19 250
3 96 59 78 -1 0 13 0.00 M M 4.2 16 250 M M 0 18 20 270
4 103 59 81 2 0 16 0.00 M M 4.4 17 280 M M 0 18 21 290
5 109 63 86 7 0 21 0.00 M M 5.5 17 250 M M 1 8 21 250
6 99 64 82 3 0 17 0.00 M M 7.1 18 270 M M 1 8 22 290
7 97 65 81 2 0 16 0.00 M M 5.6 16 230 M M 1 18 20 230
8 98 65 82 4 0 17 0.00 M M 5.6 14 290 M M 1 18 24 270
9 101 69 85 7 0 20 0.00 M M 6.5 18 240 M M 2 8 22 240
10 101 70 86 8 0 21 0.00 M M 6.3 17 250 M M 2 8 22 240
11 103 68 86 8 0 21 0.00 M M 4.9 17 250 M M 1 23 260
12 103 63 83 5 0 18 0.00 M M 4.1 16 230 M M 0 8 21 210
13 102 61 82 5 0 17 0.00 M M 4.6 15 280 M M 0 8 20 280
14 96 58 77 0 0 12 0.00 M M 4.8 18 260 M M 0 8 22 260
15 92 58 75 -2 0 10 0.00 M M 6.9 17 250 M M 2 18 20 250
16 87 58 73 -4 0 8 0.00 M M 6.1 18 250 M M 4 18 21 240
17 87 57 72 -4 0 7 0.00 M M 5.7 15 240 M M 3 18 19 250
18 86 57 72 -4 0 7 0.00 M M 6.5 17 250 M M 0 18 20 250
19 87 55 71 -5 0 6 0.00 M M 3.9 15 250 M M 0 18 19 230
20 94 58 76 0 0 11 0.00 M M 4.3 15 260 M M 0 18 18 260
21 105 59 82 7 0 17 0.00 M M 3.4 15 240 M M 0 8 17 240
22 105 64 85 10 0 20 0.00 M M 5.5 21 270 M M 1 8 25 240
23 96 65 81 6 0 16 0.00 M M 4.6 15 270 M M 2 8 20 300
24 91 61 76 2 0 11 T M M 3.8 16 280 M M 2 8 19 250
25 89 62 76 2 0 11 0.00 M M 6.3 16 250 M M 2 8 21 250
26 80 61 71 -3 0 6 0.00 M M 6.7 18 260 M M 5 18 24 260
27 74 63 69 -5 0 4 0.00 M M 5.7 15 240 M M 8 1 20 270
28 79 63 71 -2 0 6 0.00 M M 7.3 17 240 M M 8 21 240
29 82 58 70 -3 0 5 0.00 M M 6.1 16 250 M M 3 18 20 260
30 96 50 73 0 0 8 0.00 M M 5.3 16 290 M M 0 18 28 30
================================================================================
SM 2807 1840 0 380 T M 163.8 M 60
================================================================================
AV 93.6 61.3 5.5 FASTST M M 2 MAX(MPH)
MISC ----> 21 270 28 30
================================================================================
NOTES:
# LAST OF SEVERAL OCCURRENCES
COLUMN 17 PEAK WIND IN M.P.H.
PRELIMINARY LOCAL CLIMATOLOGICAL DATA (WS FORM: F-6) , PAGE 2
STATION: CHINO AIRPORT CA
MONTH: SEPTEMBER
YEAR: 2021
LATITUDE: 33 58 N
LONGITUDE: 117 38 W
[TEMPERATURE DATA] [PRECIPITATION DATA] SYMBOLS USED IN COLUMN 16
AVERAGE MONTHLY: 77.5 TOTAL FOR MONTH: T 1 = FOG OR MIST
DPTR FM NORMAL: 0.9 DPTR FM NORMAL: -0.06 2 = FOG REDUCING VISIBILITY
HIGHEST: 109 ON 5 GRTST 24HR T ON 24-24 TO 1/4 MILE OR LESS
LOWEST: 50 ON 30 3 = THUNDER
SNOW, ICE PELLETS, HAIL 4 = ICE PELLETS
TOTAL MONTH: M 5 = HAIL
GRTST 24HR M ON M 6 = FREEZING RAIN OR DRIZZLE
GRTST DEPTH: M ON M 7 = DUSTSTORM OR SANDSTORM:
VSBY 1/2 MILE OR LESS
8 = SMOKE OR HAZE
[NO. OF DAYS WITH] [WEATHER - DAYS WITH] 9 = BLOWING SNOW
X = TORNADO
MAX 32 OR BELOW: 0 0.01 INCH OR MORE: 0
MAX 90 OR ABOVE: 19 0.10 INCH OR MORE: 0
MIN 32 OR BELOW: 0 0.50 INCH OR MORE: 0
MIN 0 OR BELOW: 0 1.00 INCH OR MORE: 0
[HDD (BASE 65) ]
TOTAL THIS MO. 0 CLEAR (SCALE 0-3) 24
DPTR FM NORMAL -1 PTCLDY (SCALE 4-7) 5
TOTAL FM JUL 1 0 CLOUDY (SCALE 8-10) 1
DPTR FM NORMAL 0
[CDD (BASE 65) ]
TOTAL THIS MO. 380
DPTR FM NORMAL 32 [PRESSURE DATA]
TOTAL FM JAN 1 1798 HIGHEST SLP 30.09 ON 22
DPTR FM NORMAL 157 LOWEST SLP 29.77 ON 8
[REMARKS]
#FINAL-09-21#