000
CXUS56 KSGX 011145
CF6CNO
PRELIMINARY LOCAL CLIMATOLOGICAL DATA (WS FORM: F-6)
STATION: CHINO AIRPORT CA
MONTH: NOVEMBER
YEAR: 2023
LATITUDE: 33 58 N
LONGITUDE: 117 38 W
TEMPERATURE IN F: :PCPN: SNOW: WIND :SUNSHINE: SKY :PK WND
================================================================================
1 2 3 4 5 6A 6B 7 8 9 10 11 12 13 14 15 16 17 18
12Z AVG MX 2MIN
DY MAX MIN AVG DEP HDD CDD WTR SNW DPTH SPD SPD DIR MIN PSBL S-S WX SPD DR
================================================================================
1 88 42 65 0 0 0 0.00 M M 2.5 10 90 M M 2 8 15 10
2 89 43 66 1 0 1 0.00 M M 1.8 10 230 M M 0 8 14 240
3 89 43 66 1 0 1 0.00 M M 2.7 13 240 M M 0 8 16 240
4 87 42 65 1 0 0 0.00 M M 2.1 13 250 M M 2 8 16 250
5 88 44 66 2 0 1 0.00 M M 1.4 10 250 M M 1 8 14 240
6 83 46 65 1 0 0 0.00 M M 4.3 15 290 M M 0 18 22 290
7 73 50 62 -1 3 0 0.00 M M 3.8 16 240 M M 5 18 19 240
8 79 42 61 -2 4 0 0.00 M M 8.8 23 40 M M 0 18 35 40
9 80 43 62 -1 3 0 0.00 M M 6.4 21 80 M M 0 8 30 80
10 79 37 58 -4 7 0 0.00 M M 1.5 12 250 M M 2 8 14 240
11 84 36 60 -2 5 0 0.00 M M 1.6 6 360 M M 0 8 9 290
12 87 37 62 0 3 0 0.00 M M 1.8 10 250 M M 1 8 13 240
13 80 43 62 0 3 0 0.00 M M 2.2 13 260 M M 3 8 16 260
14 83 40 62 1 3 0 0.00 M M 1.7 10 250 M M 1 8 13 260
15 66 45 56 -5 9 0 0.31 M M 3.7 16 300 M M 7 138 19 290
16 72 50 61 0 4 0 0.00 M M 1.9 9 250 M M 6 128 10 90
17 78 47 63 3 2 0 0.00 M M 4.0 13 220 M M 2 128 15 230
18 74 54 64 4 1 0 T M M 4.2 14 240 M M 7 18 17 230
19 74 49 62 2 3 0 0.01 M M 3.8 16 230 M M 5 1 20 230
20 76 49 63 4 2 0 0.00 M M 13.6 26 30 M M 1 78 47 80
21 80 44 62 3 3 0 0.00 M M 12.0 22 120 M M 0 27 110
22 83 42 63 4 2 0 0.00 M M 4.0 16 100 M M 2 20 120
23 76 47 62 4 3 0 0.00 M M 4.0 17 250 M M 3 20 240
24 69 51 60 2 5 0 T M M 4.3 16 240 M M 6 20 240
25 71 43 57 -1 8 0 0.00 M M 4.5 20 90 M M 1 24 110
26 69 39 54 -3 11 0 0.00 M M 9.0 22 90 M M 4 27 90
27 73 37 55 -2 10 0 0.00 M M 4.2 18 90 M M 3 8 24 110
28 74 41 58 1 7 0 0.00 M M 3.3 13 240 M M 1 8 16 230
29 69 38 54 -2 11 0 0.00 M M 3.5 17 260 M M 5 8 21 250
30 65 49 57 1 8 0 0.00 M M 3.0 13 230 M M 7 8 16 230
================================================================================
SM 2338 1313 120 3 0.32 M 125.6 M 77
================================================================================
AV 77.9 43.8 4.2 FASTST M M 3 MAX(MPH)
MISC ----> 26 30 47 80
================================================================================
NOTES:
# LAST OF SEVERAL OCCURRENCES
COLUMN 17 PEAK WIND IN M.P.H.
PRELIMINARY LOCAL CLIMATOLOGICAL DATA (WS FORM: F-6) , PAGE 2
STATION: CHINO AIRPORT CA
MONTH: NOVEMBER
YEAR: 2023
LATITUDE: 33 58 N
LONGITUDE: 117 38 W
[TEMPERATURE DATA] [PRECIPITATION DATA] SYMBOLS USED IN COLUMN 16
AVERAGE MONTHLY: 60.9 TOTAL FOR MONTH: 0.32 1 = FOG OR MIST
DPTR FM NORMAL: 0.1 DPTR FM NORMAL: -0.27 2 = FOG REDUCING VISIBILITY
HIGHEST: 89 ON 3, 2 GRTST 24HR 0.31 ON 15-15 TO 1/4 MILE OR LESS
LOWEST: 36 ON 11 3 = THUNDER
SNOW, ICE PELLETS, HAIL 4 = ICE PELLETS
TOTAL MONTH: M 5 = HAIL
GRTST 24HR M ON M 6 = FREEZING RAIN OR DRIZZLE
GRTST DEPTH: M ON M 7 = DUSTSTORM OR SANDSTORM:
VSBY 1/2 MILE OR LESS
8 = SMOKE OR HAZE
[NO. OF DAYS WITH] [WEATHER - DAYS WITH] 9 = BLOWING SNOW
X = TORNADO
MAX 32 OR BELOW: 0 0.01 INCH OR MORE: 2
MAX 90 OR ABOVE: 0 0.10 INCH OR MORE: 1
MIN 32 OR BELOW: 0 0.50 INCH OR MORE: 0
MIN 0 OR BELOW: 0 1.00 INCH OR MORE: 0
[HDD (BASE 65) ]
TOTAL THIS MO. 120 CLEAR (SCALE 0-3) 20
DPTR FM NORMAL -37 PTCLDY (SCALE 4-7) 10
TOTAL FM JUL 1 132 CLOUDY (SCALE 8-10) 0
DPTR FM NORMAL -54
[CDD (BASE 65) ]
TOTAL THIS MO. 3
DPTR FM NORMAL -25 [PRESSURE DATA]
TOTAL FM JAN 1 1516 HIGHEST SLP 30.30 ON 21
DPTR FM NORMAL -302 LOWEST SLP 29.76 ON 23
[REMARKS]
#FINAL-11-23#