000
CXUS53 KICT 012117
CLMCNU
CLIMATE REPORT
NATIONAL WEATHER SERVICE WICHITA KANSAS
317 PM CST MON JAN 01 2024
...................................
...THE CHANUTE KS CLIMATE SUMMARY FOR THE MONTH OF DECEMBER 2023...
CLIMATE NORMAL PERIOD 1991 TO 2020
CLIMATE RECORD PERIOD 1894 TO 2023
WEATHER OBSERVED NORMAL DEPART LAST YEAR`S
VALUE DATE(S) VALUE FROM VALUE DATE(S)
NORMAL
................................................................
TEMPERATURE (F)
RECORD
HIGH 80 12/24/2021
LOW -17 12/23/1989
12/22/1989
HIGHEST 68 12/07 70 12/29
LOWEST 23 12/18 -3 12/22
12/19
12/23
AVG. MAXIMUM 53.3 47.4 5.9 46.5
AVG. MINIMUM 33.7 26.7 7.0 26.5
MEAN 43.5 37.1 6.4 36.5
DAYS MAX >= 90 0 0.0 0.0 0
DAYS MAX <= 32 0 3.9 -3.9 3
DAYS MIN <= 32 19 23.6 -4.6 19
DAYS MIN <= 0 0 0.3 -0.3 2
PRECIPITATION (INCHES)
RECORD
MAXIMUM 6.03 1984
MINIMUM 0.00 1938
TOTALS 1.39 1.71 -0.32 0.03
DAILY AVG. 0.04 0.06 -0.02 0.06
DAYS >= .01 5 6.5 -1.5 1
DAYS >= .10 3 3.1 -0.1 0
DAYS >= .50 1 1.2 -0.2 0
DAYS >= 1.00 0 0.5 -0.5 0
GREATEST
24 HR. TOTAL 0.91 12/24 TO 12/25
DEGREE DAYS
HEATING TOTAL 657 866 -209 876
SINCE 7/1 1348 1663 -315 MM
COOLING TOTAL 0 0 0 0
................................................................
WIND (MPH)
AVERAGE WIND SPEED 9.6
HIGHEST WIND SPEED/DIRECTION 31/180 DATE 12/07
31/230 12/26
HIGHEST GUST SPEED/DIRECTION 42/160 DATE 12/07
SKY COVER
POSSIBLE SUNSHINE (PERCENT) MM
AVERAGE SKY COVER 0.46
NUMBER OF DAYS FAIR 15
NUMBER OF DAYS PC 4
NUMBER OF DAYS CLOUDY 12
AVERAGE RH (PERCENT) 68
WEATHER CONDITIONS. NUMBER OF DAYS WITH
THUNDERSTORM 0 MIXED PRECIP 0
HEAVY RAIN 1 RAIN 3
LIGHT RAIN 7 FREEZING RAIN 0
LT FREEZING RAIN 0 HAIL 0
HEAVY SNOW 0 SNOW 0
LIGHT SNOW 1 SLEET 0
FOG 10 FOG W/VIS <= 1/4 MILE 4
HAZE 1
- INDICATES NEGATIVE NUMBERS.
R INDICATES RECORD WAS SET OR TIED.
MM INDICATES DATA IS MISSING.
T INDICATES TRACE AMOUNT.
$$