000
CXUS53 KICT 020317
CLMCNU
CLIMATE REPORT
NATIONAL WEATHER SERVICE WICHITA KANSAS
1017 PM CDT SUN OCT 01 2023
...................................
...THE CHANUTE KS CLIMATE SUMMARY FOR THE MONTH OF SEPTEMBER 2023...
CLIMATE NORMAL PERIOD 1991 TO 2020
CLIMATE RECORD PERIOD 1894 TO 2023
WEATHER OBSERVED NORMAL DEPART LAST YEAR`S
VALUE DATE(S) VALUE FROM VALUE DATE(S)
NORMAL
................................................................
TEMPERATURE (F)
RECORD
HIGH 107 09/02/2000
LOW 30 09/30/1984
HIGHEST 102 09/05 103 09/21
LOWEST 49 09/13 47 09/12
09/30
AVG. MAXIMUM 87.4 83.0 4.4 91.8
AVG. MINIMUM 60.6 59.2 1.4 61.4
MEAN 74.0 71.1 2.9 76.6
DAYS MAX >= 90 13 5.5 7.5 18
DAYS MAX <= 32 0 0.0 0.0 0
DAYS MIN <= 32 0 0.0 0.0 0
DAYS MIN <= 0 0 0.0 0.0 0
PRECIPITATION (INCHES)
RECORD
MAXIMUM 14.35 1900
MINIMUM 0.03 1979
TOTALS 1.91 4.10 -2.19 0.41
DAILY AVG. 0.06 0.14 -0.08 0.01
DAYS >= .01 6 8.0 -2.0 2
DAYS >= .10 4 5.0 -1.0 1
DAYS >= .50 1 2.5 -1.5 0
DAYS >= 1.00 1 1.4 -0.4 0
GREATEST
24 HR. TOTAL 1.24 09/22 TO 09/22
DEGREE DAYS
HEATING TOTAL 0 33 -33 4
SINCE 7/1 0 33 -33 MM
COOLING TOTAL 277 216 61 278
................................................................
WIND (MPH)
AVERAGE WIND SPEED 7.4
HIGHEST WIND SPEED/DIRECTION 28/180 DATE 09/04
HIGHEST GUST SPEED/DIRECTION 42/150 DATE 09/04
SKY COVER
POSSIBLE SUNSHINE (PERCENT) MM
AVERAGE SKY COVER 0.15
NUMBER OF DAYS FAIR 25
NUMBER OF DAYS PC 4
NUMBER OF DAYS CLOUDY 1
AVERAGE RH (PERCENT) 65
WEATHER CONDITIONS. NUMBER OF DAYS WITH
THUNDERSTORM 5 MIXED PRECIP 0
HEAVY RAIN 3 RAIN 0
LIGHT RAIN 6 FREEZING RAIN 0
LT FREEZING RAIN 0 HAIL 0
HEAVY SNOW 0 SNOW 0
LIGHT SNOW 0 SLEET 0
FOG 8 FOG W/VIS <= 1/4 MILE 0
HAZE 6
- INDICATES NEGATIVE NUMBERS.
R INDICATES RECORD WAS SET OR TIED.
MM INDICATES DATA IS MISSING.
T INDICATES TRACE AMOUNT.
$$