000
CXUS55 KPUB 041402 RRA
CLSCOS
CLIMATE REPORT
NATIONAL WEATHER SERVICE
702 AM MST SAT DEC 04 2021
...................................
...THE COLORADO SPRINGS CO CLIMATE SUMMARY FOR THE SEASON, FROM
9/1/2021 TO 11/30/2021...
CLIMATE NORMAL PERIOD 1991 TO 2020
CLIMATE RECORD PERIOD 1872 TO 2021
WEATHER OBSERVED NORMAL DEPART LAST YEAR`S
VALUE DATE(S) VALUE FROM VALUE DATE(S)
NORMAL
................................................................
TEMPERATURE (F)
RECORD
HIGH 98 09/11/2021
LOW -12 11/14/1916
11/13/1916
HIGHEST 98R 09/11 97 09/06
LOWEST 13 11/18 1 10/27
AVG. MAXIMUM 70.5 64.9 5.6 68.0
AVG. MINIMUM 40.8 37.2 3.6 37.1
MEAN 55.7 51.1 4.6 52.6
DAYS MAX >= 90 5 1.3 3.7
DAYS MAX <= 32 0 3.2 -3.2
DAYS MIN <= 32 23 34.3 -11.3
DAYS MIN <= 0 0 0.3 -0.3
PRECIPITATION (INCHES)
RECORD
MAXIMUM 7.50 1909
MINIMUM 0.23 2016
TOTALS 1.24 2.49 -1.25 0.61
DAILY AVG. 0.01 0.03 -0.02
DAYS >= .01 10 15.9 -5.9
DAYS >= .10 6 6.0 0.0
DAYS >= .50 0 0.9 -0.9
DAYS >= 1.00 0 0.2 -0.2
GREATEST
24 HR. TOTAL 0.42 09/02 TO 09/03
SNOWFALL (INCHES)
RECORDS
MAXIMUM 37.7 1959
MINIMUM T 2021
TOTALS T 7.1 -7.1 6.0
SINCE 7/1 T 7.1 -7.1 6.0
SNOWDEPTH AVG. 0
DAYS >= 1.0 0 2.3 -2.3
GREATEST
SNOW DEPTH 0 3
24 HR TOTAL T 11/24 TO 11/24 3.2
DEGREE DAYS
HEATING TOTAL 976 1336 -360 1222
SINCE 7/1 976 1356 -380 1227
COOLING TOTAL 143 64 79 113
SINCE 1/1 854 608 246 904
................................................................
WIND (MPH)
AVERAGE WIND SPEED 8.3
HIGHEST WIND SPEED/DIRECTION 39/220 DATE 09/17
HIGHEST GUST SPEED/DIRECTION 54/320 DATE 09/17
SKY COVER
POSSIBLE SUNSHINE (PERCENT) MM
AVERAGE SKY COVER 0.38
NUMBER OF DAYS FAIR 46
NUMBER OF DAYS PC 38
NUMBER OF DAYS CLOUDY 7
AVERAGE RH (PERCENT) 42
WEATHER CONDITIONS. NUMBER OF DAYS WITH
THUNDERSTORM 7 MIXED PRECIP 0
HEAVY RAIN 3 RAIN 7
LIGHT RAIN 17 FREEZING RAIN 0
LT FREEZING RAIN 0 HAIL 0
HEAVY SNOW 0 SNOW 0
LIGHT SNOW 1 SLEET 0
FOG 10 FOG W/VIS <= 1/4 MILE 3
HAZE 7
- INDICATES NEGATIVE NUMBERS.
R INDICATES RECORD WAS SET OR TIED.
MM INDICATES DATA IS MISSING.
T INDICATES TRACE AMOUNT.
$$