000
CXUS54 KCRP 011952
CF6COT
PRELIMINARY LOCAL CLIMATOLOGICAL DATA (WS FORM: F-6)
STATION: COTULLA
MONTH: AUGUST
YEAR: 2023
LATITUDE: 28 27 N
LONGITUDE: 99 13 W
TEMPERATURE IN F: :PCPN: SNOW: WIND :SUNSHINE: SKY :PK WND
================================================================================
1 2 3 4 5 6A 6B 7 8 9 10 11 12 13 14 15 16 17 18
12Z AVG MX 2MIN
DY MAX MIN AVG DEP HDD CDD WTR SNW DPTH SPD SPD DIR MIN PSBL S-S WX SPD DR
================================================================================
1 106 78 92 4 0 27 0.00 0.0 0 9.8 21 140 M M 1 29 130
2 107 78 93 5 0 28 0.00 0.0 0 10.3 23 140 M M 0 30 130
3 M M M M M M M 0.0 0 M M M M M 0 M M
4 M M M M M M M 0.0 0 M M M M M M M M
5 M M M M M M M 0.0 0 M M M M M M M M
6 M M M M M M M 0.0 0 M M M M M M M M
7 M M M M M M M 0.0 0 M M M M M M M M
8 M M M M M M 0.00 0.0 0 M M M M M 0 M M
9 111 81 96 8 0 31 0.00 0.0 0 11.7 25 130 M M 0 36 110
10 111 82 97 9 0 32 0.00 0.0 0 11.2 24 130 M M 0 30 130
11 111 80 96 8 0 31 0.00 0.0 0 11.8 28 140 M M 1 38 140
12 109 82 96 8 0 31 0.00 0.0 0 12.0 28 140 M M 2 36 130
13 109 82 96 8 0 31 0.00 0.0 0 12.0 26 130 M M 2 32 140
14 108 80 94 6 0 29 0.00 0.0 0 10.0 25 130 M M 1 34 140
15 107 80 94 6 0 29 0.00 0.0 0 6.6 16 120 M M 1 23 160
16 107 82 95 7 0 30 T 0.0 0 5.6 23 140 M M 1 3 29 130
17 111 77 94 6 0 29 0.00 0.0 0 6.8 17 140 M M 0 26 180
18 109 78 94 6 0 29 0.00 0.0 0 9.8 28 130 M M 0 35 130
19 108 79 94 6 0 29 0.00 0.0 0 11.4 25 130 M M 0 33 130
20 107 80 94 6 0 29 0.00 0.0 0 8.6 20 130 M M 0 30 110
21 107 81 94 6 0 29 0.00 0.0 0 7.5 30 120 M M 1 43 110
22 90 77 84 -3 0 19 2.23 0.0 0 13.1 29 40 M M 6 13 42 50
23 94 75 85 -2 0 20 0.75 0.0 0 6.2 21 100 M M 4 13 34 90
24 98 78 88 1 0 23 0.00 0.0 0 3.4 10 120 M M 1 1 15 130
25 102 77 90 3 0 25 0.00 0.0 0 4.7 17 120 M M 0 25 130
26 102 78 90 3 0 25 0.00 0.0 0 4.0 12 130 M M 0 1 18 70
27 105 78 92 6 0 27 0.00 0.0 0 3.5 9 20 M M 0 14 130
28 103 78 91 5 0 26 0.00 0.0 0 5.4 23 10 M M 1 34 20
29 101 78 90 4 0 25 0.00 0.0 0 6.4 16 350 M M 1 28 360
30 102 78 90 4 0 25 0.00 0.0 0 6.7 15 330 M M 0 21 330
31 105 73 89 3 0 24 0.00 0.0 0 4.0 12 150 M M 1 17 150
================================================================================
SM 2630 1970 0 683 2.98 0.0 202.5 M 24
================================================================================
AV105.2 78.8 8.1 FASTST M M 1 MAX(MPH)
MISC ----> 30 120 43 110
================================================================================
NOTES:
# LAST OF SEVERAL OCCURRENCES
COLUMN 17 PEAK WIND IN M.P.H.
PRELIMINARY LOCAL CLIMATOLOGICAL DATA (WS FORM: F-6) , PAGE 2
STATION: COTULLA
MONTH: AUGUST
YEAR: 2023
LATITUDE: 28 27 N
LONGITUDE: 99 13 W
[TEMPERATURE DATA] [PRECIPITATION DATA] SYMBOLS USED IN COLUMN 16
AVERAGE MONTHLY: 92.0 TOTAL FOR MONTH: 2.98 1 = FOG OR MIST
DPTR FM NORMAL: 4.3 DPTR FM NORMAL: 1.31 2 = FOG REDUCING VISIBILITY
HIGHEST: 111 ON 17,11 GRTST 24HR 2.34 ON 22-23 TO 1/4 MILE OR LESS
LOWEST: 73 ON 31 3 = THUNDER
SNOW, ICE PELLETS, HAIL 4 = ICE PELLETS
TOTAL MONTH: 0.0 INCH 5 = HAIL
GRTST 24HR 0.0 6 = FREEZING RAIN OR DRIZZLE
GRTST DEPTH: 0 7 = DUSTSTORM OR SANDSTORM:
VSBY 1/2 MILE OR LESS
8 = SMOKE OR HAZE
[NO. OF DAYS WITH] [WEATHER - DAYS WITH] 9 = BLOWING SNOW
X = TORNADO
MAX 32 OR BELOW: 0 0.01 INCH OR MORE: 2
MAX 90 OR ABOVE: 25 0.10 INCH OR MORE: 2
MIN 32 OR BELOW: 0 0.50 INCH OR MORE: 2
MIN 0 OR BELOW: 0 1.00 INCH OR MORE: 1
[HDD (BASE 65) ]
TOTAL THIS MO. 0 CLEAR (SCALE 0-3) 25
DPTR FM NORMAL 0 PTCLDY (SCALE 4-7) 2
TOTAL FM JUL 1 0 CLOUDY (SCALE 8-10) 4
DPTR FM NORMAL 0
[CDD (BASE 65) ]
TOTAL THIS MO. 683
DPTR FM NORMAL -19 [PRESSURE DATA]
TOTAL FM JAN 1 3699 HIGHEST SLP 30.08 ON 15
DPTR FM NORMAL 711 LOWEST SLP 29.66 ON 10
[REMARKS]
#FINAL-08-23#