000
CXUS55 KRIW 010945
CF6CPR
PRELIMINARY LOCAL CLIMATOLOGICAL DATA (WS FORM: F-6)
STATION: CASPER WY
MONTH: AUGUST
YEAR: 2020
LATITUDE: 42 55 N
LONGITUDE: 106 28 W
TEMPERATURE IN F: :PCPN: SNOW: WIND :SUNSHINE: SKY :PK WND
================================================================================
1 2 3 4 5 6A 6B 7 8 9 10 11 12 13 14 15 16 17 18
12Z AVG MX 2MIN
DY MAX MIN AVG DEP HDD CDD WTR SNW DPTH SPD SPD DIR MIN PSBL S-S WX SPD DR
================================================================================
1 89 48 69 -3 0 4 0.01 0.0 0 6.1 35 40 M M 0 3 53 20
2 90 53 72 1 0 7 0.00 0.0 0 7.1 24 80 M M 0 32 80
3 93 53 73 2 0 8 0.02 0.0 0 9.3 25 60 M M 1 38 32 60
4 91 51 71 0 0 6 0.00 0.0 0 7.7 18 60 M M 0 27 50
5 90 51 71 0 0 6 0.00 0.0 0 8.9 28 80 M M 0 3 36 80
6 92 52 72 1 0 7 0.02 0.0 0 7.4 36 270 M M 0 3 49 260
7 95 54 75 4 0 10 0.00 0.0 0 10.7 24 240 M M 0 35 240
8 93 52 73 2 0 8 T 0.0 0 9.7 30 240 M M 0 43 230
9 88 57 73 2 0 8 0.00 0.0 0 11.0 20 90 M M 0 26 80
10 93 47 70 0 0 5 T 0.0 0 7.7 35 200 M M 0 3 47 220
11 92 52 72 2 0 7 T 0.0 0 9.2 38 290 M M 0 61 300
12 93 58 76 6 0 11 T 0.0 0 13.0 38 230 M M 0 3 51 210
13 93 57 75 5 0 10 0.00 0.0 0 15.7 33 250 M M 0 51 290
14 84 49 67 -3 0 2 0.00 0.0 0 8.2 15 50 M M 0 22 10
15 90 47 69 -1 0 4 0.00 0.0 0 8.2 21 310 M M 0 27 310
16 93 48 71 2 0 6 0.00 0.0 0 5.7 14 70 M M 0 19 60
17 97 50 74 5 0 9 0.00 0.0 0 5.1 16 290 M M 0 24 270
18 97 52 75 6 0 10 T 0.0 0 7.5 35 330 M M 0 49 330
19 92 52 72 3 0 7 0.00 0.0 0 8.5 23 20 M M 0 3 29 10
20 91 56 74 6 0 9 T 0.0 0 11.3 30 320 M M 0 38 39 310
21 93 57 75 7 0 10 0.00 0.0 0 9.3 20 300 M M 0 8 27 310
22 96 53 75 7 0 10 0.00 0.0 0 7.6 22 240 M M 0 8 27 250
23 98 58 78 10 0 13 0.00 0.0 0 7.0 26 290 M M 0 8 37 290
24 96 55 76 9 0 11 T 0.0 0 6.1 41 210 M M 0 61 220
25 95 62 79 12 0 14 0.00 0.0 0 9.5 29 210 M M 1 36 230
26 94 58 76 9 0 11 0.00 0.0 0 8.2 20 310 M M 0 29 270
27 92 54 73 7 0 8 T 0.0 0 10.4 33 10 M M 0 3 44 10
28 81 50 66 0 0 1 0.00 0.0 0 8.8 20 90 M M 0 29 120
29 90 47 69 3 0 4 T 0.0 0 11.0 30 280 M M 1 3 44 220
30 83 43 63 -2 2 0 T 0.0 0 17.9 35 10 M M 1 47 10
31 63 33 48 -17 17 0 T 0.0 0 3.9 13 330 M M 4 23 330
================================================================================
SM 2817 1609 19 226 0.05 0.0 277.7 M 8
================================================================================
AV 90.9 51.9 9.0 FASTST M M 0 MAX(MPH)
MISC ----> # 41 210 # 61 300
================================================================================
NOTES:
# LAST OF SEVERAL OCCURRENCES
COLUMN 17 PEAK WIND IN M.P.H.
PRELIMINARY LOCAL CLIMATOLOGICAL DATA (WS FORM: F-6) , PAGE 2
STATION: CASPER WY
MONTH: AUGUST
YEAR: 2020
LATITUDE: 42 55 N
LONGITUDE: 106 28 W
[TEMPERATURE DATA] [PRECIPITATION DATA] SYMBOLS USED IN COLUMN 16
AVERAGE MONTHLY: 71.4 TOTAL FOR MONTH: 0.05 1 = FOG OR MIST
DPTR FM NORMAL: 2.4 DPTR FM NORMAL: -0.80 2 = FOG REDUCING VISIBILITY
HIGHEST: 98 ON 23 GRTST 24HR 0.02 ON 6- 6 TO 1/4 MILE OR LESS
LOWEST: 33 ON 31 3 = THUNDER
SNOW, ICE PELLETS, HAIL 4 = ICE PELLETS
TOTAL MONTH: 0.0 INCH 5 = HAIL
GRTST 24HR 0.0 6 = FREEZING RAIN OR DRIZZLE
GRTST DEPTH: 0 7 = DUSTSTORM OR SANDSTORM:
VSBY 1/2 MILE OR LESS
8 = SMOKE OR HAZE
[NO. OF DAYS WITH] [WEATHER - DAYS WITH] 9 = BLOWING SNOW
X = TORNADO
MAX 32 OR BELOW: 0 0.01 INCH OR MORE: 3
MAX 90 OR ABOVE: 25 0.10 INCH OR MORE: 0
MIN 32 OR BELOW: 0 0.50 INCH OR MORE: 0
MIN 0 OR BELOW: 0 1.00 INCH OR MORE: 0
[HDD (BASE 65) ]
TOTAL THIS MO. 19 CLEAR (SCALE 0-3) 30
DPTR FM NORMAL -11 PTCLDY (SCALE 4-7) 1
TOTAL FM JUL 1 19 CLOUDY (SCALE 8-10) 0
DPTR FM NORMAL -27
[CDD (BASE 65) ]
TOTAL THIS MO. 226
DPTR FM NORMAL 74 [PRESSURE DATA]
TOTAL FM JAN 1 515 HIGHEST SLP 30.19 ON 17
DPTR FM NORMAL 118 LOWEST SLP 29.58 ON 30
[REMARKS]
#FINAL-08-20#