000
CXUS56 KLOX 011155
CF6CQT
PRELIMINARY LOCAL CLIMATOLOGICAL DATA (WS FORM: F-6)
STATION: DOWNTOWN LOS ANGELES (USC) CA
MONTH: OCTOBER
YEAR: 2023
LATITUDE: 34 1 N
LONGITUDE: 118 17 W
TEMPERATURE IN F: :PCPN: SNOW: WIND :SUNSHINE: SKY :PK WND
================================================================================
1 2 3 4 5 6A 6B 7 8 9 10 11 12 13 14 15 16 17 18
12Z AVG MX 2MIN
DY MAX MIN AVG DEP HDD CDD WTR SNW DPTH SPD SPD DIR MIN PSBL S-S WX SPD DR
================================================================================
1 70 59 65 -7 0 0 0.00 M M 1.5 8 270 M M 4 13 270
2 73 57 65 -6 0 0 0.00 M M 1.9 9 260 M M 0 16 270
3 82 60 71 0 0 6 0.00 M M 0.8 8 260 M M 0 12 270
4 86 62 74 3 0 9 0.00 M M 1.5 8 260 M M 0 13 260
5 96 65 81 10 0 16 0.00 M M 1.5 10 260 M M 0 8 16 270
6 93 64 79 8 0 14 0.00 M M 1.0 8 260 M M 0 12 270
7 89 65 77 6 0 12 0.00 M M 0.9 8 270 M M 0 18 12 270
8 81 64 73 3 0 8 0.00 M M 1.4 8 270 M M 1 1 11 270
9 78 63 71 1 0 6 0.00 M M 0.5 8 270 M M 4 18 16 270
10 76 61 69 -1 0 4 0.00 M M 1.5 7 270 M M 3 8 12 270
11 77 63 70 0 0 5 0.00 M M 2.2 10 270 M M 2 8 20 270
12 80 61 71 1 0 6 0.00 M M 0.9 7 270 M M 0 14 260
13 80 60 70 0 0 5 0.00 M M 0.3 7 270 M M 0 12 270
14 80 59 70 0 0 5 0.00 M M 0.6 7 260 M M 0 11 260
15 88 60 74 5 0 9 0.00 M M 1.0 7 270 M M 0 13 260
16 83 61 72 3 0 7 0.00 M M 1.2 7 260 M M 0 8 13 260
17 81 64 73 4 0 8 0.00 M M 0.8 7 130 M M 2 18 9 260
18 79 63 71 2 0 6 0.00 M M 0.6 7 250 M M 2 18 9 260
19 81 63 72 3 0 7 0.00 M M 1.1 7 260 M M 3 128 11 270
20 85 63 74 5 0 9 0.00 M M 0.1 6 260 M M 0 18 9 270
21 82 63 73 5 0 8 0.00 M M 0.6 12 270 M M 0 19 260
22 76 59 68 0 0 3 0.00 M M 1.0 10 270 M M 4 16 270
23 75 64 70 2 0 5 0.00 M M 2.0 7 270 M M 6 8 13 270
24 76 60 68 0 0 3 0.00 M M 1.4 8 260 M M 2 8 14 270
25 72 64 68 0 0 3 T M M 2.2 7 260 M M 10 13 280
26 72 62 67 -1 0 2 0.00 M M 1.2 9 270 M M 2 15 270
27 73 58 66 -2 0 1 0.00 M M 0.5 8 260 M M 3 13 260
28 74 54 64 -3 1 0 0.00 M M 0.3 6 260 M M 0 13 270
29 80 54 67 0 0 2 0.00 M M 0.0 6 20 M M 0 10 320
30 81 49 65 -2 0 0 0.00 M M 0.1 5 100 M M 0 9 270
31 83 54 69 2 0 4 0.00 M M 0.9 7 270 M M 0 11 270
================================================================================
SM 2482 1878 1 173 T M 31.5 M 48
================================================================================
AV 80.1 60.6 1.0 FASTST M M 2 MAX(MPH)
MISC ----> 12 270 20 270
================================================================================
NOTES:
# LAST OF SEVERAL OCCURRENCES
COLUMN 17 PEAK WIND IN M.P.H.
PRELIMINARY LOCAL CLIMATOLOGICAL DATA (WS FORM: F-6) , PAGE 2
STATION: DOWNTOWN LOS ANGELES (USC) CA
MONTH: OCTOBER
YEAR: 2023
LATITUDE: 34 1 N
LONGITUDE: 118 17 W
[TEMPERATURE DATA] [PRECIPITATION DATA] SYMBOLS USED IN COLUMN 16
AVERAGE MONTHLY: 70.3 TOTAL FOR MONTH: T 1 = FOG OR MIST
DPTR FM NORMAL: 1.0 DPTR FM NORMAL: -0.58 2 = FOG REDUCING VISIBILITY
HIGHEST: 96 ON 5 GRTST 24HR T ON 25-25 TO 1/4 MILE OR LESS
LOWEST: 49 ON 30 3 = THUNDER
SNOW, ICE PELLETS, HAIL 4 = ICE PELLETS
TOTAL MONTH: M 5 = HAIL
GRTST 24HR M ON M 6 = FREEZING RAIN OR DRIZZLE
GRTST DEPTH: M ON M 7 = DUSTSTORM OR SANDSTORM:
VSBY 1/2 MILE OR LESS
8 = SMOKE OR HAZE
[NO. OF DAYS WITH] [WEATHER - DAYS WITH] 9 = BLOWING SNOW
X = TORNADO
MAX 32 OR BELOW: 0 0.01 INCH OR MORE: 0
MAX 90 OR ABOVE: 2 0.10 INCH OR MORE: 0
MIN 32 OR BELOW: 0 0.50 INCH OR MORE: 0
MIN 0 OR BELOW: 0 1.00 INCH OR MORE: 0
[HDD (BASE 65) ]
TOTAL THIS MO. 1 CLEAR (SCALE 0-3) 25
DPTR FM NORMAL -14 PTCLDY (SCALE 4-7) 5
TOTAL FM JUL 1 1 CLOUDY (SCALE 8-10) 1
DPTR FM NORMAL -11
[CDD (BASE 65) ]
TOTAL THIS MO. 173
DPTR FM NORMAL 26 [PRESSURE DATA]
TOTAL FM JAN 1 1156 HIGHEST SLP M ON M
DPTR FM NORMAL -98 LOWEST SLP 29.63 ON 11
[REMARKS]
#FINAL-10-23#