000
CXUS52 KJAX 031923
CF6CRG
PRELIMINARY LOCAL CLIMATOLOGICAL DATA (WS FORM: F-6)
STATION: CRAIG EXEC ARPT
MONTH: APRIL
YEAR: 2022
LATITUDE: 30 19 N
LONGITUDE: 81 31 W
TEMPERATURE IN F: :PCPN: SNOW: WIND :SUNSHINE: SKY :PK WND
================================================================================
1 2 3 4 5 6A 6B 7 8 9 10 11 12 13 14 15 16 17 18
12Z AVG MX 2MIN
DY MAX MIN AVG DEP HDD CDD WTR SNW DPTH SPD SPD DIR MIN PSBL S-S WX SPD DR
================================================================================
1 79 61 70 4 0 5 0.00 0.0 0 5.7 14 100 M M 2 18 350
2 72 58 65 -1 0 0 0.24 0.0 0 2.8 14 110 M M 5 13 16 110
3 81 57 69 3 0 4 0.00 0.0 0 5.9 16 340 M M 1 1 23 340
4 80 52 66 0 0 1 0.00 0.0 0 6.3 18 150 M M 0 26 140
5 89 65 77 11 0 12 0.00 0.0 0 10.1 24 330 M M 3 36 240
6 87 66 77 10 0 12 T 0.0 0 9.3 21 220 M M 2 13 29 230
7 87 66 77 10 0 12 2.44 0.0 0 11.4 39 290 M M 5 13 58 300
8 73 57 65 -2 0 0 0.00 0.0 0 12.7 26 230 M M 1 36 250
9 68 46 57 -10 8 0 0.00 0.0 0 11.5 30 250 M M 0 44 280
10 75 43 59 -8 6 0 0.00 0.0 0 5.0 14 140 M M 0 19 140
11 80 48 64 -4 1 0 0.00 0.0 0 6.6 17 140 M M 0 25 110
12 81 59 70 2 0 5 0.00 0.0 0 8.5 18 140 M M 0 25 140
13 82 60 71 3 0 6 0.00 0.0 0 9.1 20 140 M M 1 1 27 140
14 85 66 76 8 0 11 0.00 0.0 0 5.6 20 190 M M 3 30 170
15 80 66 73 5 0 8 0.00 0.0 0 7.7 22 30 M M 5 31 40
16 84 63 74 5 0 9 0.00 0.0 0 5.6 15 150 M M 2 1 19 160
17 86 69 78 9 0 13 1.86 0.0 0 6.9 35 30 M M 6 13 54 20
18 85 68 77 8 0 12 0.01 0.0 0 7.5 18 250 M M 3 26 280
19 71 55 63 -6 2 0 0.00 0.0 0 6.9 20 360 M M 1 28 10
20 75 55 65 -4 0 0 0.00 0.0 0 8.8 18 90 M M 5 27 140
21 77 68 73 4 0 8 0.00 0.0 0 10.0 18 70 M M 6 26 100
22 77 67 72 2 0 7 0.00 0.0 0 9.6 20 60 M M 4 29 40
23 79 62 71 1 0 6 0.00 0.0 0 8.2 18 110 M M 2 28 90
24 81 62 72 2 0 7 0.00 0.0 0 6.4 17 100 M M 0 28 140
25 83 62 73 3 0 8 0.00 0.0 0 5.2 16 140 M M 3 1 23 150
26 85 63 74 4 0 9 0.02 0.0 0 6.4 16 140 M M 2 1 23 310
27 80 67 74 3 0 9 0.00 0.0 0 8.6 18 60 M M 3 26 60
28 78 68 73 2 0 8 0.00 0.0 0 11.5 23 50 M M 2 30 80
29 79 66 73 2 0 8 0.00 0.0 0 9.6 20 100 M M 2 27 110
30 80 61 71 0 0 6 0.00 0.0 0 7.1 16 140 M M 1 22 110
================================================================================
SM 2399 1826 17 186 4.57 0.0 236.5 M 70
================================================================================
AV 80.0 60.9 7.9 FASTST M M 2 MAX(MPH)
MISC ----> 39 290 58 300
================================================================================
NOTES:
# LAST OF SEVERAL OCCURRENCES
COLUMN 17 PEAK WIND IN M.P.H.
PRELIMINARY LOCAL CLIMATOLOGICAL DATA (WS FORM: F-6) , PAGE 2
STATION: CRAIG EXEC ARPT
MONTH: APRIL
YEAR: 2022
LATITUDE: 30 19 N
LONGITUDE: 81 31 W
[TEMPERATURE DATA] [PRECIPITATION DATA] SYMBOLS USED IN COLUMN 16
AVERAGE MONTHLY: 70.4 TOTAL FOR MONTH: 4.57 1 = FOG OR MIST
DPTR FM NORMAL: 2.1 DPTR FM NORMAL: 2.16 2 = FOG REDUCING VISIBILITY
HIGHEST: 89 ON 5 GRTST 24HR 2.44 ON 7- 7 TO 1/4 MILE OR LESS
LOWEST: 43 ON 10 3 = THUNDER
SNOW, ICE PELLETS, HAIL 4 = ICE PELLETS
TOTAL MONTH: 0.0 INCH 5 = HAIL
GRTST 24HR 0.0 6 = FREEZING RAIN OR DRIZZLE
GRTST DEPTH: 0 7 = DUSTSTORM OR SANDSTORM:
VSBY 1/2 MILE OR LESS
8 = SMOKE OR HAZE
[NO. OF DAYS WITH] [WEATHER - DAYS WITH] 9 = BLOWING SNOW
X = TORNADO
MAX 32 OR BELOW: 0 0.01 INCH OR MORE: 5
MAX 90 OR ABOVE: 0 0.10 INCH OR MORE: 3
MIN 32 OR BELOW: 0 0.50 INCH OR MORE: 2
MIN 0 OR BELOW: 0 1.00 INCH OR MORE: 2
[HDD (BASE 65) ]
TOTAL THIS MO. 17 CLEAR (SCALE 0-3) 21
DPTR FM NORMAL -19 PTCLDY (SCALE 4-7) 9
TOTAL FM JUL 1 783 CLOUDY (SCALE 8-10) 0
DPTR FM NORMAL -326
[CDD (BASE 65) ]
TOTAL THIS MO. 186
DPTR FM NORMAL 50 [PRESSURE DATA]
TOTAL FM JAN 1 370 HIGHEST SLP 30.41 ON 21
DPTR FM NORMAL 135 LOWEST SLP 29.67 ON 7
[REMARKS]
#FINAL-04-22#