000
CXUS52 KJAX 090120
CF6CRG
PRELIMINARY LOCAL CLIMATOLOGICAL DATA (WS FORM: F-6)
STATION: CRAIG EXEC ARPT
MONTH: OCTOBER
YEAR: 2021
LATITUDE: 30 19 N
LONGITUDE: 81 31 W
TEMPERATURE IN F: :PCPN: SNOW: WIND :SUNSHINE: SKY :PK WND
================================================================================
1 2 3 4 5 6A 6B 7 8 9 10 11 12 13 14 15 16 17 18
12Z AVG MX 2MIN
DY MAX MIN AVG DEP HDD CDD WTR SNW DPTH SPD SPD DIR MIN PSBL S-S WX SPD DR
================================================================================
1 87 68 78 2 0 13 T 0.0 0 5.1 14 90 M M 1 1 20 80
2 87 70 79 3 0 14 0.00 0.0 0 4.3 16 60 M M 1 21 60
3 82 67 75 -1 0 10 0.29 0.0 0 2.2 14 140 M M 3 20 140
4 87 69 78 3 0 13 0.00 0.0 0 3.5 13 90 M M 2 22 110
5 87 70 79 4 0 14 0.16 0.0 0 6.2 17 160 M M 2 1 23 150
6 85 75 80 5 0 15 0.00 0.0 0 2.6 12 140 M M 3 15 100
7 87 73 80 5 0 15 0.00 0.0 0 2.6 13 70 M M 3 12 17 70
8 86 71 79 5 0 14 1.74 0.0 0 2.8 23 40 M M 4 13 33 30
9 84 70 77 3 0 12 0.00 0.0 0 7.5 14 70 M M 3 1 20 360
10 80 69 75 1 0 10 0.00 0.0 0 8.2 15 50 M M 3 3 21 20
11 84 68 76 2 0 11 0.00 0.0 0 6.1 15 40 M M 2 22 50
12 83 72 78 5 0 13 T 0.0 0 7.6 17 40 M M 2 1 26 30
13 84 68 76 3 0 11 0.00 0.0 0 5.4 14 70 M M 2 20 40
14 85 69 77 4 0 12 0.00 0.0 0 3.9 14 60 M M 2 1 19 70
15 84 67 76 4 0 11 0.00 0.0 0 3.0 12 80 M M 1 1 16 100
16 89 66 78 6 0 13 0.12 0.0 0 5.1 20 340 M M 3 1 27 340
17 75 58 67 -5 0 2 0.00 0.0 0 8.9 20 10 M M 1 29 20
18 76 58 67 -4 0 2 0.00 0.0 0 6.4 14 50 M M 1 19 90
19 80 57 69 -2 0 4 0.00 0.0 0 4.5 15 60 M M 0 22 80
20 83 60 72 1 0 7 0.00 0.0 0 2.7 13 90 M M 2 19 150
21 83 62 73 3 0 8 0.00 0.0 0 3.4 13 140 M M 2 18 100
22 87 65 76 6 0 11 0.00 0.0 0 3.9 13 250 M M 2 1 17 230
23 84 62 73 3 0 8 0.00 0.0 0 3.5 10 100 M M 0 14 100
24 84 62 73 4 0 8 0.00 0.0 0 4.1 13 70 M M 1 17 50
25 85 73 79 10 0 14 T 0.0 0 4.9 12 310 M M 7 17 240
26 83 64 74 5 0 9 0.00 0.0 0 9.2 17 310 M M 1 25 320
27 78 56 67 -2 0 2 0.00 0.0 0 4.2 14 60 M M 0 22 80
28 77 60 69 1 0 4 0.93 0.0 0 6.0 17 180 M M 6 13 27 170
29 72 59 66 -2 0 1 T 0.0 0 7.8 18 260 M M 7 31 230
30 70 55 63 -5 2 0 0.00 0.0 0 8.2 18 250 M M 2 28 290
31 68 53 61 -6 4 0 0.00 0.0 0 6.1 15 250 M M 3 22 280
================================================================================
SM 2546 2016 6 281 3.24 0.0 159.9 M 72
================================================================================
AV 82.1 65.0 5.2 FASTST M M 2 MAX(MPH)
MISC ----> 23 40 33 30
================================================================================
NOTES:
# LAST OF SEVERAL OCCURRENCES
COLUMN 17 PEAK WIND IN M.P.H.
PRELIMINARY LOCAL CLIMATOLOGICAL DATA (WS FORM: F-6) , PAGE 2
STATION: CRAIG EXEC ARPT
MONTH: OCTOBER
YEAR: 2021
LATITUDE: 30 19 N
LONGITUDE: 81 31 W
[TEMPERATURE DATA] [PRECIPITATION DATA] SYMBOLS USED IN COLUMN 16
AVERAGE MONTHLY: 73.6 TOTAL FOR MONTH: 3.24 1 = FOG OR MIST
DPTR FM NORMAL: 1.7 DPTR FM NORMAL: -2.75 2 = FOG REDUCING VISIBILITY
HIGHEST: 89 ON 16 GRTST 24HR 1.74 ON 8- 8 TO 1/4 MILE OR LESS
LOWEST: 53 ON 31 3 = THUNDER
SNOW, ICE PELLETS, HAIL 4 = ICE PELLETS
TOTAL MONTH: 0.0 INCH 5 = HAIL
GRTST 24HR 0.0 6 = FREEZING RAIN OR DRIZZLE
GRTST DEPTH: 0 7 = DUSTSTORM OR SANDSTORM:
VSBY 1/2 MILE OR LESS
8 = SMOKE OR HAZE
[NO. OF DAYS WITH] [WEATHER - DAYS WITH] 9 = BLOWING SNOW
X = TORNADO
MAX 32 OR BELOW: 0 0.01 INCH OR MORE: 5
MAX 90 OR ABOVE: 0 0.10 INCH OR MORE: 5
MIN 32 OR BELOW: 0 0.50 INCH OR MORE: 2
MIN 0 OR BELOW: 0 1.00 INCH OR MORE: 1
[HDD (BASE 65) ]
TOTAL THIS MO. 6 CLEAR (SCALE 0-3) 24
DPTR FM NORMAL -13 PTCLDY (SCALE 4-7) 7
TOTAL FM JUL 1 6 CLOUDY (SCALE 8-10) 0
DPTR FM NORMAL -10
[CDD (BASE 65) ]
TOTAL THIS MO. 281
DPTR FM NORMAL 50 [PRESSURE DATA]
TOTAL FM JAN 1 2974 HIGHEST SLP 30.28 ON 20
DPTR FM NORMAL 306 LOWEST SLP 29.59 ON 29
[REMARKS]
#FINAL-10-21#