000
CXUS54 KCRP 011210
CF6CRP
PRELIMINARY LOCAL CLIMATOLOGICAL DATA (WS FORM: F-6)
STATION: CORPUS CHRISTI
MONTH: AUGUST
YEAR: 2022
LATITUDE: 27 46 N
LONGITUDE: 97 30 W
TEMPERATURE IN F: :PCPN: SNOW: WIND :SUNSHINE: SKY :PK WND
================================================================================
1 2 3 4 5 6A 6B 7 8 9 10 11 12 13 14 15 16 17 18
12Z AVG MX 2MIN
DY MAX MIN AVG DEP HDD CDD WTR SNW DPTH SPD SPD DIR MIN PSBL S-S WX SPD DR
================================================================================
1 96 76 86 0 0 21 0.00 0.0 0 10.4 24 150 M M 4 35 120
2 98 80 89 3 0 24 0.00 0.0 0 15.0 25 140 M M 3 36 150
3 97 81 89 3 0 24 0.00 0.0 0 18.4 28 150 M M 3 39 170
4 97 81 89 3 0 24 0.00 0.0 0 15.9 24 140 M M 5 35 130
5 96 76 86 0 0 21 0.00 0.0 0 10.3 21 120 M M 7 27 110
6 92 76 84 -2 0 19 0.28 0.0 0 10.3 24 200 M M 6 3 34 130
7 95 76 86 0 0 21 0.00 0.0 0 11.9 22 120 M M 5 31 110
8 95 76 86 0 0 21 0.04 0.0 0 7.6 18 130 M M 5 3 26 100
9 97 76 87 1 0 22 0.00 0.0 0 8.4 18 140 M M 5 1 27 120
10 98 75 87 1 0 22 0.00 0.0 0 7.4 17 150 M M 3 26 120
11 98 76 87 1 0 22 0.01 0.0 0 5.8 22 340 M M 8 28 340
12 99 78 89 3 0 24 T 0.0 0 6.8 20 100 M M 8 38 28 130
13 95 76 86 0 0 21 1.36 0.0 0 6.3 23 10 M M 7 13 29 10
14 80 75 78 -8 0 13 2.29 0.0 0 10.7 24 140 M M 9 13 33 140
15 90 73 82 -4 0 17 2.55 0.0 0 11.5 25 230 M M 9 13 34 220
16 93 78 86 0 0 21 T 0.0 0 10.3 20 130 M M 6 25 110
17 94 78 86 0 0 21 0.00 0.0 0 8.4 18 140 M M 6 26 140
18 96 76 86 0 0 21 T 0.0 0 7.2 18 140 M M 7 1 24 120
19 94 77 86 0 0 21 0.00 0.0 0 10.2 21 130 M M 7 29 120
20 95 78 87 1 0 22 T 0.0 0 11.5 25 140 M M 5 36 120
21 89 75 82 -3 0 17 0.72 0.0 0 11.4 23 160 M M 8 13 33 160
22 94 79 87 2 0 22 T 0.0 0 11.3 20 150 M M 7 3 27 160
23 98 76 87 2 0 22 0.19 0.0 0 6.0 24 20 M M 8 3 30 30
24 98 79 89 4 0 24 0.89 0.0 0 5.8 20 100 M M 8 3 23 100
25 88 78 83 -2 0 18 0.58 0.0 0 4.0 26 60 M M 8 13 35 60
26 93 79 86 1 0 21 T 0.0 0 5.6 21 190 M M 7 3 25 180
27 93 80 87 2 0 22 0.22 0.0 0 7.8 20 120 M M 5 25 120
28 94 79 87 2 0 22 0.01 0.0 0 8.4 18 100 M M 4 1 25 100
29 91 81 86 1 0 21 0.45 0.0 0 7.5 20 100 M M 7 13 28 110
30 91 78 85 1 0 20 1.06 0.0 0 7.7 24 200 M M 9 13 32 200
31 89 78 84 0 0 19 0.56 0.0 0 6.3 21 160 M M 8 13 27 160
================================================================================
SM 2913 2400 0 650 11.21 0.0 286.1 M 197
================================================================================
AV 94.0 77.4 9.2 FASTST M M 6 MAX(MPH)
MISC ----> 28 150 39 170
================================================================================
NOTES:
# LAST OF SEVERAL OCCURRENCES
COLUMN 17 PEAK WIND IN M.P.H.
PRELIMINARY LOCAL CLIMATOLOGICAL DATA (WS FORM: F-6) , PAGE 2
STATION: CORPUS CHRISTI
MONTH: AUGUST
YEAR: 2022
LATITUDE: 27 46 N
LONGITUDE: 97 30 W
[TEMPERATURE DATA] [PRECIPITATION DATA] SYMBOLS USED IN COLUMN 16
AVERAGE MONTHLY: 85.7 TOTAL FOR MONTH: 11.21 1 = FOG OR MIST
DPTR FM NORMAL: 0.3 DPTR FM NORMAL: 8.46 2 = FOG REDUCING VISIBILITY
HIGHEST: 99 ON 12 GRTST 24HR 4.70 ON 14-15 TO 1/4 MILE OR LESS
LOWEST: 73 ON 15 3 = THUNDER
SNOW, ICE PELLETS, HAIL 4 = ICE PELLETS
TOTAL MONTH: 0.0 INCH 5 = HAIL
GRTST 24HR 0.0 6 = FREEZING RAIN OR DRIZZLE
GRTST DEPTH: 0 7 = DUSTSTORM OR SANDSTORM:
VSBY 1/2 MILE OR LESS
8 = SMOKE OR HAZE
[NO. OF DAYS WITH] [WEATHER - DAYS WITH] 9 = BLOWING SNOW
X = TORNADO
MAX 32 OR BELOW: 0 0.01 INCH OR MORE: 15
MAX 90 OR ABOVE: 27 0.10 INCH OR MORE: 12
MIN 32 OR BELOW: 0 0.50 INCH OR MORE: 8
MIN 0 OR BELOW: 0 1.00 INCH OR MORE: 4
[HDD (BASE 65) ]
TOTAL THIS MO. 0 CLEAR (SCALE 0-3) 1
DPTR FM NORMAL 0 PTCLDY (SCALE 4-7) 26
TOTAL FM JUL 1 0 CLOUDY (SCALE 8-10) 4
DPTR FM NORMAL 0
[CDD (BASE 65) ]
TOTAL THIS MO. 650
DPTR FM NORMAL 18 [PRESSURE DATA]
TOTAL FM JAN 1 2925 HIGHEST SLP 30.08 ON 7
DPTR FM NORMAL 204 LOWEST SLP 29.76 ON 28
[REMARKS]
#FINAL-08-22#