000
CXUS54 KFWD 072153
CF6CRS
PRELIMINARY LOCAL CLIMATOLOGICAL DATA (WS FORM: F-6)
STATION: CORSICANA
MONTH: AUGUST
YEAR: 2022
LATITUDE: 32 1 N
LONGITUDE: 96 24 W
TEMPERATURE IN F: :PCPN: SNOW: WIND :SUNSHINE: SKY :PK WND
================================================================================
1 2 3 4 5 6A 6B 7 8 9 10 11 12 13 14 15 16 17 18
12Z AVG MX 2MIN
DY MAX MIN AVG DEP HDD CDD WTR SNW DPTH SPD SPD DIR MIN PSBL S-S WX SPD DR
================================================================================
1 100 78 89 3 0 24 0.00 M M 8.5 18 180 M M 1 25 190
2 102 79 91 5 0 26 0.00 M M 12.5 22 220 M M 1 30 210
3 104 78 91 5 0 26 0.00 M M 13.6 22 200 M M 1 31 200
4 101 78 90 4 0 25 0.00 M M 9.4 20 190 M M 0 29 180
5 102 79 91 5 0 26 0.00 M M 9.3 28 150 M M 1 35 160
6 96 76 86 0 0 21 0.00 M M 9.9 17 160 M M 3 24 140
7 99 76 88 2 0 23 0.00 M M 9.2 22 150 M M 2 28 150
8 101 78 90 4 0 25 0.00 M M 8.0 16 150 M M 0 23 170
9 101 78 90 4 0 25 0.00 M M 9.4 18 50 M M 1 28 40
10 99 75 87 1 0 22 0.52 M M 7.2 35 210 M M 1 3 47 220
11 99 74 87 1 0 22 0.00 M M 5.2 14 120 M M 1 1 19 120
12 99 76 88 2 0 23 0.00 M M 6.6 16 90 M M 2 24 90
13 100 79 90 4 0 25 0.00 M M 7.5 16 70 M M 1 24 70
14 98 76 87 2 0 22 0.00 M M 7.2 17 150 M M M 25 120
15 99 75 87 2 0 22 0.00 M M 7.1 16 160 M M M 20 160
16 100 77 89 4 0 24 0.00 M M 6.4 14 130 M M M 21 130
17 104 75 90 5 0 25 M M M 9.7 20 300 M M M 13 24 300
18 94 73 84 -1 0 19 0.02 M M 6.0 14 350 M M M 1 23 20
19 94 74 84 -1 0 19 T M M 6.6 24 150 M M M 31 150
20 96 75 86 1 0 21 0.02 M M 8.1 23 160 M M M 31 110
21 93 76 85 0 0 20 0.45 M M 8.6 26 200 M M M 1 36 200
22 80 72 76 -8 0 11 2.61 M M 6.7 16 30 M M M 1 23 20
23 88 74 81 -3 0 16 0.05 M M 5.4 10 10 M M M 1 17 10
24 89 75 82 -2 0 17 0.00 M M 6.2 14 70 M M M 23 30
25 93 73 83 -1 0 18 0.00 M M 6.9 15 60 M M M 22 30
26 96 75 86 2 0 21 0.00 M M 5.8 13 70 M M M 20 50
27 96 76 86 2 0 21 0.00 M M 7.5 17 150 M M M 23 150
28 96 78 87 4 0 22 0.00 M M 11.5 20 180 M M M 27 180
29 94 76 85 2 0 20 0.00 M M 9.2 20 140 M M 3 27 130
30 83 74 79 -4 0 14 0.03 M M 6.2 16 110 M M 8 1 23 130
31 92 73 83 0 0 18 0.01 M M 3.6 10 170 M M 0 15 150
================================================================================
SM 2988 2351 0 663 3.71 M 245.0 M 26
================================================================================
AV 96.4 75.8 7.9 FASTST M M 2 MAX(MPH)
MISC ----> 35 210 47 220
================================================================================
NOTES:
# LAST OF SEVERAL OCCURRENCES
COLUMN 17 PEAK WIND IN M.P.H.
PRELIMINARY LOCAL CLIMATOLOGICAL DATA (WS FORM: F-6) , PAGE 2
STATION: CORSICANA
MONTH: AUGUST
YEAR: 2022
LATITUDE: 32 1 N
LONGITUDE: 96 24 W
[TEMPERATURE DATA] [PRECIPITATION DATA] SYMBOLS USED IN COLUMN 16
AVERAGE MONTHLY: 86.1 TOTAL FOR MONTH: 3.71 1 = FOG OR MIST
DPTR FM NORMAL: 1.3 DPTR FM NORMAL: 1.43 2 = FOG REDUCING VISIBILITY
HIGHEST: 104 ON 17, 3 GRTST 24HR 2.95 ON 21-22 TO 1/4 MILE OR LESS
LOWEST: 72 ON 22 3 = THUNDER
SNOW, ICE PELLETS, HAIL 4 = ICE PELLETS
TOTAL MONTH: M 5 = HAIL
GRTST 24HR M ON M 6 = FREEZING RAIN OR DRIZZLE
GRTST DEPTH: M ON M 7 = DUSTSTORM OR SANDSTORM:
VSBY 1/2 MILE OR LESS
8 = SMOKE OR HAZE
[NO. OF DAYS WITH] [WEATHER - DAYS WITH] 9 = BLOWING SNOW
X = TORNADO
MAX 32 OR BELOW: 0 0.01 INCH OR MORE: 8
MAX 90 OR ABOVE: 27 0.10 INCH OR MORE: 3
MIN 32 OR BELOW: 0 0.50 INCH OR MORE: 2
MIN 0 OR BELOW: 0 1.00 INCH OR MORE: 1
[HDD (BASE 65) ]
TOTAL THIS MO. 0 CLEAR (SCALE 0-3) 15
DPTR FM NORMAL 0 PTCLDY (SCALE 4-7) 1
TOTAL FM JUL 1 0 CLOUDY (SCALE 8-10) 15
DPTR FM NORMAL 0
[CDD (BASE 65) ]
TOTAL THIS MO. 663
DPTR FM NORMAL 48 [PRESSURE DATA]
TOTAL FM JAN 1 2537 HIGHEST SLP 30.13 ON 7
DPTR FM NORMAL 381 LOWEST SLP 29.76 ON 28
[REMARKS]
#FINAL-08-22#