000
CXUS52 KFFC 011010
CF6CSG
PRELIMINARY LOCAL CLIMATOLOGICAL DATA (WS FORM: F-6)
STATION: COLUMBUS
MONTH: MAY
YEAR: 2023
LATITUDE: 32 31 N
LONGITUDE: 84 56 W
TEMPERATURE IN F: :PCPN: SNOW: WIND :SUNSHINE: SKY :PK WND
================================================================================
1 2 3 4 5 6A 6B 7 8 9 10 11 12 13 14 15 16 17 18
12Z AVG MX 2MIN
DY MAX MIN AVG DEP HDD CDD WTR SNW DPTH SPD SPD DIR MIN PSBL S-S WX SPD DR
================================================================================
1 73 50 62 -8 3 0 0.00 0.0 M 8.4 25 290 M M 1 41 290
2 77 45 61 -9 4 0 0.00 0.0 M 10.2 30 300 M M 0 43 290
3 76 45 61 -10 4 0 0.00 0.0 M 7.6 22 310 M M 0 32 300
4 79 45 62 -9 3 0 0.00 0.0 M 2.2 12 310 M M 0 17 290
5 73 55 64 -7 1 0 0.01 0.0 M 7.9 18 90 M M 6 23 90
6 82 60 71 -1 0 6 0.00 0.0 M 7.7 15 140 M M 6 20 140
7 86 60 73 1 0 8 0.00 0.0 M 5.4 12 210 M M 2 15 180
8 85 68 77 5 0 12 0.00 0.0 M 6.6 17 230 M M 2 24 270
9 89 65 77 5 0 12 T 0.0 M 5.7 22 320 M M 3 13 31 340
10 91 63 77 4 0 12 0.04 0.0 M 4.2 15 130 M M 1 3 20 130
11 86 68 77 4 0 12 T 0.0 M 8.3 16 120 M M 5 3 21 130
12 79 64 72 -1 0 7 0.66 0.0 M 4.6 16 290 M M 7 13 26 250
13 88 67 78 5 0 13 0.00 0.0 M 3.3 10 310 M M 6 1 15 20
14 92 67 80 6 0 15 0.00 0.0 M 4.0 14 320 M M 1 22 320
15 88 71 80 6 0 15 0.00 0.0 M 6.1 14 100 M M 2 18 150
16 87 68 78 4 0 13 0.11 0.0 M 6.5 25 320 M M 6 3 35 350
17 86 66 76 2 0 11 1.83 0.0 M 5.1 31 340 M M 4 123 42 340
18 82 66 74 -1 0 9 0.01 0.0 M 7.3 24 80 M M 9 3 30 90
19 73 63 68 -7 0 3 0.01 0.0 M 6.4 18 90 M M 9 24 120
20 82 63 73 -2 0 8 0.98 0.0 M 3.3 10 240 M M 7 13 15 160
21 81 69 75 -1 0 10 0.00 0.0 M 4.9 12 80 M M 7 24 330
22 73 66 70 -6 0 5 0.00 0.0 M 9.9 18 90 M M 9 1 24 90
23 68 64 66 -10 0 1 0.15 0.0 M 10.2 22 90 M M 10 1 32 90
24 78 62 70 -6 0 5 0.64 0.0 M 4.2 13 80 M M 7 1 19 80
25 83 56 70 -6 0 5 0.00 0.0 M 6.0 17 90 M M 0 26 80
26 80 64 72 -5 0 7 0.00 0.0 M 9.8 20 80 M M 5 28 80
27 80 60 70 -7 0 5 0.00 0.0 M 10.1 20 90 M M 0 28 80
28 81 55 68 -9 0 3 0.00 0.0 M 5.6 15 320 M M 1 22 290
29 81 60 71 -6 0 6 0.00 0.0 M 6.0 15 360 M M 2 26 310
30 83 59 71 -7 0 6 0.00 0.0 M 4.2 13 140 M M 2 19 140
31 85 68 77 -1 0 12 0.40 0.0 M 8.9 21 160 M M 7 13 35 200
================================================================================
SM 2527 1902 15 221 4.84 0.0 200.6 M 127
================================================================================
AV 81.5 61.4 6.5 FASTST M M 4 MAX(MPH)
MISC ----> 31 340 43 290
================================================================================
NOTES:
# LAST OF SEVERAL OCCURRENCES
COLUMN 17 PEAK WIND IN M.P.H.
PRELIMINARY LOCAL CLIMATOLOGICAL DATA (WS FORM: F-6) , PAGE 2
STATION: COLUMBUS
MONTH: MAY
YEAR: 2023
LATITUDE: 32 31 N
LONGITUDE: 84 56 W
[TEMPERATURE DATA] [PRECIPITATION DATA] SYMBOLS USED IN COLUMN 16
AVERAGE MONTHLY: 71.4 TOTAL FOR MONTH: 4.84 1 = FOG OR MIST
DPTR FM NORMAL: -2.7 DPTR FM NORMAL: 1.60 2 = FOG REDUCING VISIBILITY
HIGHEST: 92 ON 14 GRTST 24HR 1.94 ON 16-17 TO 1/4 MILE OR LESS
LOWEST: 45 ON 4, 3 3 = THUNDER
SNOW, ICE PELLETS, HAIL 4 = ICE PELLETS
TOTAL MONTH: 0.0 INCH 5 = HAIL
GRTST 24HR 0.0 6 = FREEZING RAIN OR DRIZZLE
GRTST DEPTH: M ON M 7 = DUSTSTORM OR SANDSTORM:
VSBY 1/2 MILE OR LESS
8 = SMOKE OR HAZE
[NO. OF DAYS WITH] [WEATHER - DAYS WITH] 9 = BLOWING SNOW
X = TORNADO
MAX 32 OR BELOW: 0 0.01 INCH OR MORE: 11
MAX 90 OR ABOVE: 2 0.10 INCH OR MORE: 7
MIN 32 OR BELOW: 0 0.50 INCH OR MORE: 4
MIN 0 OR BELOW: 0 1.00 INCH OR MORE: 1
[HDD (BASE 65) ]
TOTAL THIS MO. 15 CLEAR (SCALE 0-3) 15
DPTR FM NORMAL 8 PTCLDY (SCALE 4-7) 12
TOTAL FM JUL 1 1567 CLOUDY (SCALE 8-10) 4
DPTR FM NORMAL -372
[CDD (BASE 65) ]
TOTAL THIS MO. 221
DPTR FM NORMAL -68 [PRESSURE DATA]
TOTAL FM JAN 1 409 HIGHEST SLP 30.19 ON 7
DPTR FM NORMAL -16 LOWEST SLP 29.72 ON 1
[REMARKS]
#FINAL-05-23#