000
CXUS55 KOHX 011110
CF6CSV
PRELIMINARY LOCAL CLIMATOLOGICAL DATA (WS FORM: F-6)
STATION: CROSSVILLE
MONTH: SEPTEMBER
YEAR: 2021
LATITUDE: 35 57 N
LONGITUDE: 85 5 W
TEMPERATURE IN F: :PCPN: SNOW: WIND :SUNSHINE: SKY :PK WND
================================================================================
1 2 3 4 5 6A 6B 7 8 9 10 11 12 13 14 15 16 17 18
12Z AVG MX 2MIN
DY MAX MIN AVG DEP HDD CDD WTR SNW DPTH SPD SPD DIR MIN PSBL S-S WX SPD DR
================================================================================
1 77 62 70 -1 0 5 0.25 M M 7.2 15 270 M M 7 1 21 260
2 76 57 67 -4 0 2 0.00 M M 4.9 15 60 M M 2 12 21 60
3 78 56 67 -3 0 2 0.00 M M 2.9 10 290 M M 2 1 16 210
4 78 58 68 -2 0 3 0.00 M M 2.8 9 260 M M 2 1 14 270
5 74 61 68 -2 0 3 0.03 M M 2.6 8 220 M M 6 1 14 210
6 78 56 67 -3 0 2 T M M 4.6 13 60 M M 4 1 17 60
7 80 54 67 -3 0 2 0.00 M M 2.4 12 270 M M 1 1 16 260
8 81 65 73 4 0 8 0.00 M M 6.4 18 270 M M 6 12 24 250
9 75 54 65 -4 0 0 0.00 M M 5.2 16 320 M M 2 24 360
10 75 50 63 -6 2 0 0.00 M M 1.6 9 40 M M 1 13 40
11 77 51 64 -4 1 0 0.00 M M 2.1 12 260 M M 0 1 16 200
12 80 58 69 1 0 4 0.00 M M 2.3 12 260 M M 1 1 15 260
13 83 60 72 4 0 7 0.00 M M 1.6 12 260 M M 1 1 14 250
14 83 60 72 4 0 7 0.00 M M 1.5 9 180 M M 2 18 15 170
15 77 62 70 3 0 5 0.00 M M 2.4 16 310 M M 6 13 24 320
16 80 60 70 3 0 5 0.00 M M 3.7 12 130 M M 4 1 16 170
17 77 64 71 4 0 6 0.00 M M 2.1 9 160 M M 7 1 16 180
18 71 66 69 3 0 4 1.15 M M 2.7 9 170 M M 8 1 17 160
19 71 66 69 3 0 4 0.72 M M 2.1 7 120 M M 9 1 11 110
20 70 64 67 1 0 2 0.51 M M 4.9 12 130 M M 9 1 22 120
21 75 66 71 6 0 6 0.03 M M 3.1 9 120 M M 9 1 17 180
22 69 50 60 -5 5 0 0.73 M M 9.0 21 300 M M 8 18 32 310
23 65 44 55 -10 10 0 0.00 M M 4.9 17 260 M M 2 20 260
24 69 41 55 -9 10 0 0.00 M M 1.2 8 50 M M 0 12 12 20
25 70 45 58 -6 7 0 0.00 M M 3.2 14 280 M M 2 1 18 280
26 72 48 60 -4 5 0 0.00 M M 1.3 10 250 M M 2 12 15 280
27 77 53 65 2 0 0 0.00 M M 1.8 12 260 M M 0 12 16 260
28 77 54 66 3 0 1 0.00 M M 2.1 12 280 M M 1 1 16 280
29 81 54 68 5 0 3 0.00 M M 1.2 8 20 M M 1 1 12 280
30 80 57 69 7 0 4 0.00 M M 1.1 8 100 M M 1 128 13 100
================================================================================
SM 2276 1696 40 85 3.42 M 94.9 M 106
================================================================================
AV 75.9 56.5 3.2 FASTST M M 4 MAX(MPH)
MISC ----> 21 300 32 310
================================================================================
NOTES:
# LAST OF SEVERAL OCCURRENCES
COLUMN 17 PEAK WIND IN M.P.H.
PRELIMINARY LOCAL CLIMATOLOGICAL DATA (WS FORM: F-6) , PAGE 2
STATION: CROSSVILLE
MONTH: SEPTEMBER
YEAR: 2021
LATITUDE: 35 57 N
LONGITUDE: 85 5 W
[TEMPERATURE DATA] [PRECIPITATION DATA] SYMBOLS USED IN COLUMN 16
AVERAGE MONTHLY: 66.2 TOTAL FOR MONTH: 3.42 1 = FOG OR MIST
DPTR FM NORMAL: -0.8 DPTR FM NORMAL: -0.72 2 = FOG REDUCING VISIBILITY
HIGHEST: 83 ON 14,13 GRTST 24HR 1.15 ON 18-18 TO 1/4 MILE OR LESS
LOWEST: 41 ON 24 3 = THUNDER
SNOW, ICE PELLETS, HAIL 4 = ICE PELLETS
TOTAL MONTH: M 5 = HAIL
GRTST 24HR M ON M 6 = FREEZING RAIN OR DRIZZLE
GRTST DEPTH: M ON M 7 = DUSTSTORM OR SANDSTORM:
VSBY 1/2 MILE OR LESS
8 = SMOKE OR HAZE
[NO. OF DAYS WITH] [WEATHER - DAYS WITH] 9 = BLOWING SNOW
X = TORNADO
MAX 32 OR BELOW: 0 0.01 INCH OR MORE: 7
MAX 90 OR ABOVE: 0 0.10 INCH OR MORE: 5
MIN 32 OR BELOW: 0 0.50 INCH OR MORE: 4
MIN 0 OR BELOW: 0 1.00 INCH OR MORE: 1
[HDD (BASE 65) ]
TOTAL THIS MO. 40 CLEAR (SCALE 0-3) 18
DPTR FM NORMAL -11 PTCLDY (SCALE 4-7) 8
TOTAL FM JUL 1 41 CLOUDY (SCALE 8-10) 4
DPTR FM NORMAL -12
[CDD (BASE 65) ]
TOTAL THIS MO. 85
DPTR FM NORMAL -25 [PRESSURE DATA]
TOTAL FM JAN 1 860 HIGHEST SLP 30.30 ON 12
DPTR FM NORMAL -16 LOWEST SLP 29.60 ON 1
[REMARKS]
#FINAL-09-21#