000
CXUS55 KOHX 011110
CF6CSV
PRELIMINARY LOCAL CLIMATOLOGICAL DATA (WS FORM: F-6)
STATION: CROSSVILLE
MONTH: SEPTEMBER
YEAR: 2023
LATITUDE: 35 57 N
LONGITUDE: 85 5 W
TEMPERATURE IN F: :PCPN: SNOW: WIND :SUNSHINE: SKY :PK WND
================================================================================
1 2 3 4 5 6A 6B 7 8 9 10 11 12 13 14 15 16 17 18
12Z AVG MX 2MIN
DY MAX MIN AVG DEP HDD CDD WTR SNW DPTH SPD SPD DIR MIN PSBL S-S WX SPD DR
================================================================================
1 81 59 70 -1 0 5 0.00 M M 3.1 12 130 M M 1 18 130
2 81 60 71 0 0 6 0.00 M M 2.1 12 120 M M 0 15 120
3 84 60 72 2 0 7 0.00 M M 1.5 7 100 M M 1 1 10 130
4 84 62 73 3 0 8 0.00 M M 0.4 7 70 M M 1 1 10 140
5 81 64 73 3 0 8 0.07 M M 0.4 8 260 M M 1 1 11 270
6 76 63 70 0 0 5 0.26 M M 2.2 21 280 M M 4 13 29 280
7 76 61 69 -1 0 4 0.00 M M 7.2 16 270 M M 5 1 22 280
8 77 63 70 1 0 5 0.00 M M 5.5 13 340 M M 7 1 17 320
9 82 63 73 4 0 8 0.00 M M 4.7 12 350 M M 7 123 16 50
10 79 60 70 1 0 5 0.06 M M 2.7 10 300 M M 4 13 14 300
11 82 59 71 3 0 6 0.00 M M 1.8 10 290 M M 2 12 16 260
12 79 63 71 3 0 6 0.01 M M 3.9 13 310 M M 6 1 19 290
13 77 56 67 -1 0 2 0.00 M M 4.9 14 340 M M 4 1 17 340
14 75 52 64 -4 1 0 0.00 M M 4.0 12 40 M M 1 8 16 30
15 76 54 65 -2 0 0 0.00 M M 2.3 7 330 M M 6 1 10 330
16 70 62 66 -1 0 1 0.63 M M 4.3 12 170 M M 10 1 19 160
17 72 53 63 -4 2 0 0.00 M M 5.1 14 320 M M 5 1 23 320
18 72 51 62 -4 3 0 0.00 M M 3.9 10 330 M M 2 12 20 300
19 74 49 62 -4 3 0 0.00 M M 1.2 8 180 M M 1 12 13 190
20 76 51 64 -2 1 0 0.00 M M 2.3 15 140 M M 1 9 M
21 M 52 M M M M 0.00 M M 1.7 10 70 M M M 13 130
22 79 52 66 1 0 1 0.00 M M 2.7 10 M M M M 14 50
23 76 52 64 -1 1 0 0.00 M M 4.0 14 M M M M 20 50
24 79 47 63 -1 2 0 0.00 M M M M M M M M M M
25 80 56 68 4 0 3 0.00 M M 1.6 9 20 M M M 14 350
26 80 55 68 4 0 3 0.00 M M 1.9 8 150 M M M 13 170
27 78 59 69 6 0 4 0.00 M M 3.3 20 340 M M M 29 330
28 68 55 62 -1 3 0 0.14 M M 3.3 13 270 M M M 18 280
29 76 56 66 3 0 1 0.00 M M 2.8 12 270 M M M 17 280
30 81 55 68 6 0 3 0.00 M M 2.3 14 10 M M M 20 20
================================================================================
SM 2251 1704 16 91 1.17 M 87.1 M 69
================================================================================
AV 77.6 56.8 3.0 FASTST M M 3 MAX(MPH)
MISC ----> 21 280 # 29 280
================================================================================
NOTES:
# LAST OF SEVERAL OCCURRENCES
COLUMN 17 PEAK WIND IN M.P.H.
PRELIMINARY LOCAL CLIMATOLOGICAL DATA (WS FORM: F-6) , PAGE 2
STATION: CROSSVILLE
MONTH: SEPTEMBER
YEAR: 2023
LATITUDE: 35 57 N
LONGITUDE: 85 5 W
[TEMPERATURE DATA] [PRECIPITATION DATA] SYMBOLS USED IN COLUMN 16
AVERAGE MONTHLY: 67.2 TOTAL FOR MONTH: 1.17 1 = FOG OR MIST
DPTR FM NORMAL: 0.2 DPTR FM NORMAL: -2.97 2 = FOG REDUCING VISIBILITY
HIGHEST: 84 ON 4, 3 GRTST 24HR 0.63 ON 16-16 TO 1/4 MILE OR LESS
LOWEST: 47 ON 24 3 = THUNDER
SNOW, ICE PELLETS, HAIL 4 = ICE PELLETS
TOTAL MONTH: M 5 = HAIL
GRTST 24HR M ON M 6 = FREEZING RAIN OR DRIZZLE
GRTST DEPTH: M ON M 7 = DUSTSTORM OR SANDSTORM:
VSBY 1/2 MILE OR LESS
8 = SMOKE OR HAZE
[NO. OF DAYS WITH] [WEATHER - DAYS WITH] 9 = BLOWING SNOW
X = TORNADO
MAX 32 OR BELOW: 0 0.01 INCH OR MORE: 6
MAX 90 OR ABOVE: 0 0.10 INCH OR MORE: 3
MIN 32 OR BELOW: 0 0.50 INCH OR MORE: 1
MIN 0 OR BELOW: 0 1.00 INCH OR MORE: 0
[HDD (BASE 65) ]
TOTAL THIS MO. 16 CLEAR (SCALE 0-3) 10
DPTR FM NORMAL -35 PTCLDY (SCALE 4-7) 9
TOTAL FM JUL 1 16 CLOUDY (SCALE 8-10) 11
DPTR FM NORMAL -37
[CDD (BASE 65) ]
TOTAL THIS MO. 91
DPTR FM NORMAL -19 [PRESSURE DATA]
TOTAL FM JAN 1 742 HIGHEST SLP M ON M
DPTR FM NORMAL -134 LOWEST SLP 29.86 ON 7
[REMARKS]
#FINAL-09-23#