000
CXUS52 KTAE 010800
CF6CTY
PRELIMINARY LOCAL CLIMATOLOGICAL DATA (WS FORM: F-6)
STATION: CROSS CITY
MONTH: JUNE
YEAR: 2023
LATITUDE: 29 37 N
LONGITUDE: 83 6 W
TEMPERATURE IN F: :PCPN: SNOW: WIND :SUNSHINE: SKY :PK WND
================================================================================
1 2 3 4 5 6A 6B 7 8 9 10 11 12 13 14 15 16 17 18
12Z AVG MX 2MIN
DY MAX MIN AVG DEP HDD CDD WTR SNW DPTH SPD SPD DIR MIN PSBL S-S WX SPD DR
================================================================================
1 90 70 80 2 0 15 1.04 M M 7.2 14 30 M M 6 1 23 30
2 86 66 76 -2 0 11 0.02 0.0 0 6.3 12 30 M M 2 8 17 40
3 88 64 76 -3 0 11 0.00 0.0 0 4.8 10 60 M M 4 17 50
4 88 70 79 0 0 14 0.00 0.0 0 7.4 15 30 M M 6 1 28 10
5 88 69 79 0 0 14 0.00 0.0 0 5.8 10 40 M M 4 M M
6 88 61 75 -4 0 10 0.00 0.0 0 3.9 10 270 M M 0 17 250
7 84 66 75 -4 0 10 0.01 0.0 0 3.2 10 260 M M 3 3 16 250
8 88 66 77 -3 0 12 0.00 0.0 0 6.4 14 240 M M 1 20 250
9 90 70 80 0 0 15 0.22 0.0 0 5.9 14 260 M M 3 13 23 220
10 86 68 77 -3 0 12 1.31 0.0 0 3.4 9 250 M M 3 13 M M
11 88 70 79 -1 0 14 0.00 0.0 0 5.1 16 230 M M 1 1 17 230
12 88 68 78 -2 0 13 0.00 0.0 0 7.0 14 250 M M 1 8 22 260
13 90 75 83 3 0 18 0.00 0.0 0 7.9 13 260 M M 2 18 21 250
14 90 68 79 -1 0 14 0.59 0.0 M 8.0 30 10 M M 4 13 36 10
15 88 68 78 -2 0 13 2.39 0.0 M 8.2 18 200 M M 5 13 30 220
16 86 70 78 -2 0 13 0.07 0.0 M 7.2 18 280 M M 3 13 33 280
17 88 70 79 -1 0 14 1.02 0.0 M 6.0 15 260 M M 4 13 28 310
18 90 72 81 1 0 16 0.02 0.0 M 5.2 14 260 M M 4 1 21 260
19 86 70 78 -2 0 13 0.01 0.0 M 5.8 13 220 M M 2 1 24 220
20 88 70 79 -2 0 14 2.13 M M 9.4 16 260 M M 6 13 26 260
21 82 68 75 -6 0 10 2.47 M M 8.1 17 170 M M 6 13 22 170
22 81 68 75 -6 0 10 4.74 0.0 M 6.4 14 200 M M 6 13 33 190
23 86 70 78 -3 0 13 1.39 0.0 0 8.3 17 240 M M 5 138 28 230
24 88 72 80 -1 0 15 0.00 M M 5.6 14 250 M M 4 1 24 260
25 91 70 81 0 0 16 0.00 0.0 0 4.0 M M M M 1 18 M M
26 91 73 82 1 0 17 0.00 0.0 0 6.2 13 230 M M 1 1 18 230
27 91 77 84 3 0 19 0.00 M M 8.3 14 220 M M 4 18 250
28 95 79 87 6 0 22 0.26 0.0 0 5.5 9 300 M M 3 13 M M
29 95 72 84 3 0 19 0.00 0.0 M 2.7 6 50 M M 1 M M
30 93 70 82 1 0 17 0.00 0.0 M 3.4 10 360 M M 1 16 30
================================================================================
SM 2651 2090 0 424 17.69 0.0 182.6 M 96
================================================================================
AV 88.4 69.7 6.1 FASTST M M 3 MAX(MPH)
MISC ----> 30 10 36 10
================================================================================
NOTES:
# LAST OF SEVERAL OCCURRENCES
COLUMN 17 PEAK WIND IN M.P.H.
PRELIMINARY LOCAL CLIMATOLOGICAL DATA (WS FORM: F-6) , PAGE 2
STATION: CROSS CITY
MONTH: JUNE
YEAR: 2023
LATITUDE: 29 37 N
LONGITUDE: 83 6 W
[TEMPERATURE DATA] [PRECIPITATION DATA] SYMBOLS USED IN COLUMN 16
AVERAGE MONTHLY: 79.0 TOTAL FOR MONTH: 17.69 1 = FOG OR MIST
DPTR FM NORMAL: -1.0 DPTR FM NORMAL: 10.69 2 = FOG REDUCING VISIBILITY
HIGHEST: 95 ON 29,28 GRTST 24HR 4.74 ON 22-22 TO 1/4 MILE OR LESS
LOWEST: 61 ON 6 3 = THUNDER
SNOW, ICE PELLETS, HAIL 4 = ICE PELLETS
TOTAL MONTH: 0.0 INCH 5 = HAIL
GRTST 24HR 0.0 6 = FREEZING RAIN OR DRIZZLE
GRTST DEPTH: 0 7 = DUSTSTORM OR SANDSTORM:
VSBY 1/2 MILE OR LESS
8 = SMOKE OR HAZE
[NO. OF DAYS WITH] [WEATHER - DAYS WITH] 9 = BLOWING SNOW
X = TORNADO
MAX 32 OR BELOW: 0 0.01 INCH OR MORE: 16
MAX 90 OR ABOVE: 11 0.10 INCH OR MORE: 11
MIN 32 OR BELOW: 0 0.50 INCH OR MORE: 9
MIN 0 OR BELOW: 0 1.00 INCH OR MORE: 8
[HDD (BASE 65) ]
TOTAL THIS MO. 0 CLEAR (SCALE 0-3) 15
DPTR FM NORMAL 0 PTCLDY (SCALE 4-7) 15
TOTAL FM JUL 1 810 CLOUDY (SCALE 8-10) 0
DPTR FM NORMAL -448
[CDD (BASE 65) ]
TOTAL THIS MO. 424
DPTR FM NORMAL -27 [PRESSURE DATA]
TOTAL FM JAN 1 1092 HIGHEST SLP M ON M
DPTR FM NORMAL 127 LOWEST SLP M ON M
[REMARKS]
#FINAL-06-23#