887
CXUS51 KILN 010620
CF6CVG
PRELIMINARY LOCAL CLIMATOLOGICAL DATA (WS FORM: F-6)
STATION: CINCINNATI OH
MONTH: MAY
YEAR: 2020
LATITUDE: 39 2 N
LONGITUDE: 84 40 W
TEMPERATURE IN F: :PCPN: SNOW: WIND :SUNSHINE: SKY :PK WND
================================================================================
1 2 3 4 5 6A 6B 7 8 9 10 11 12 13 14 15 16 17 18
12Z AVG MX 2MIN
DY MAX MIN AVG DEP HDD CDD WTR SNW DPTH SPD SPD DIR MIN PSBL S-S WX SPD DR
================================================================================
1 68 46 57 -2 8 0 0.00 0.0 0 7.4 18 320 M M 7 23 290
2 82 52 67 7 0 2 T 0.0 0 10.0 20 230 M M 6 27 250
3 70 49 60 0 5 0 0.50 0.0 0 7.5 28 340 M M 9 13 33 350
4 69 43 56 -4 9 0 0.00 0.0 0 8.1 16 70 M M 5 20 70
5 58 44 51 -9 14 0 0.22 0.0 0 12.0 25 70 M M 10 8 31 60
6 60 40 50 -11 15 0 T 0.0 0 10.7 21 320 M M 7 27 340
7 68 33 51 -10 14 0 0.00 0.0 0 8.5 21 280 M M 5 27 280
8 56 35 46 -15 19 0 0.56 0.0 0 11.8 26 320 M M 8 18 33 330
9 54 28 41 -21 24 0 0.00 0.0 0 8.5 25 290 M M 2 33 280
10 65 40 53 -9 12 0 0.01 0.0 0 15.0 33 280 M M 8 3 46 250
11 49 38 44 -18 21 0 T 0.0 0 10.5 25 290 M M 10 33 290
12 61 33 47 -15 18 0 0.00 0.0 0 3.8 15 320 M M 6 1 22 280
13 58 44 51 -12 14 0 T 0.0 0 9.9 20 150 M M 9 24 150
14 81 53 67 4 0 2 0.02 0.0 0 10.3 23 230 M M 9 1 30 230
15 75 61 68 5 0 3 0.05 0.0 0 9.6 26 210 M M 8 1 36 200
16 80 62 71 8 0 6 0.09 0.0 0 6.1 17 30 M M 10 1 20 30
17 80 64 72 8 0 7 0.11 0.0 0 6.8 15 200 M M 10 1 20 220
18 70 59 65 1 0 0 1.72 0.0 0 9.4 22 280 M M 10 13 29 350
19 63 57 60 -4 5 0 1.57 0.0 0 10.7 20 90 M M 9 1 26 40
20 59 51 55 -10 10 0 0.05 0.0 0 15.0 21 110 M M 10 27 100
21 62 54 58 -7 7 0 0.14 0.0 0 8.9 15 140 M M 10 1 18 130
22 76 57 67 2 0 2 0.00 0.0 0 3.8 9 110 M M 7 128 12 120
23 83 62 73 8 0 8 0.22 0.0 0 7.2 18 20 M M 8 13 22 20
24 87 64 76 10 0 11 0.11 0.0 0 7.0 25 140 M M 7 3 27 150
25 87 63 75 9 0 10 T 0.0 0 6.3 20 120 M M 6 22 120
26 87 67 77 11 0 12 0.00 0.0 0 4.8 16 130 M M 6 20 120
27 81 68 75 8 0 10 0.19 0.0 0 4.5 16 230 M M 9 13 21 220
28 82 68 75 8 0 10 0.18 0.0 0 7.6 16 240 M M 8 1 20 230
29 77 59 68 1 0 3 0.03 0.0 0 9.1 23 280 M M 6 3 28 270
30 74 58 66 -2 0 1 0.00 0.0 0 9.3 18 340 M M 2 23 340
31 72 53 63 -5 2 0 0.00 0.0 0 9.2 20 10 M M 1 25 60
================================================================================
SM 2194 1605 197 87 5.77 0.0 269.3 M 228
================================================================================
AV 70.8 51.8 8.7 FASTST M M 7 MAX(MPH)
MISC ----> # 33 280 # 46 250
================================================================================
NOTES:
# LAST OF SEVERAL OCCURRENCES
COLUMN 17 PEAK WIND IN M.P.H.
PRELIMINARY LOCAL CLIMATOLOGICAL DATA (WS FORM: F-6) , PAGE 2
STATION: CINCINNATI OH
MONTH: MAY
YEAR: 2020
LATITUDE: 39 2 N
LONGITUDE: 84 40 W
[TEMPERATURE DATA] [PRECIPITATION DATA] SYMBOLS USED IN COLUMN 16
AVERAGE MONTHLY: 61.3 TOTAL FOR MONTH: 5.77 1 = FOG OR MIST
DPTR FM NORMAL: -2.2 DPTR FM NORMAL: 0.84 2 = FOG REDUCING VISIBILITY
HIGHEST: 87 ON 26,25 GRTST 24HR 1.72 ON 18-18 TO 1/4 MILE OR LESS
LOWEST: 28 ON 9 3 = THUNDER
SNOW, ICE PELLETS, HAIL 4 = ICE PELLETS
TOTAL MONTH: 0.0 INCH 5 = HAIL
GRTST 24HR 0.0 6 = FREEZING RAIN OR DRIZZLE
GRTST DEPTH: 0 7 = DUSTSTORM OR SANDSTORM:
VSBY 1/2 MILE OR LESS
8 = SMOKE OR HAZE
[NO. OF DAYS WITH] [WEATHER - DAYS WITH] 9 = BLOWING SNOW
X = TORNADO
MAX 32 OR BELOW: 0 0.01 INCH OR MORE: 17
MAX 90 OR ABOVE: 0 0.10 INCH OR MORE: 11
MIN 32 OR BELOW: 1 0.50 INCH OR MORE: 4
MIN 0 OR BELOW: 0 1.00 INCH OR MORE: 2
[HDD (BASE 65) ]
TOTAL THIS MO. 197 CLEAR (SCALE 0-3) 3
DPTR FM NORMAL 71 PTCLDY (SCALE 4-7) 14
TOTAL FM JUL 1 4479 CLOUDY (SCALE 8-10) 14
DPTR FM NORMAL -481
[CDD (BASE 65) ]
TOTAL THIS MO. 87
DPTR FM NORMAL 11 [PRESSURE DATA]
TOTAL FM JAN 1 98 HIGHEST SLP 30.32 ON 1
DPTR FM NORMAL 4 LOWEST SLP 29.66 ON 1
[REMARKS]
#FINAL-05-20#