000
CXUS54 KHGX 011410
CF6CXO
PRELIMINARY LOCAL CLIMATOLOGICAL DATA (WS FORM: F-6)
STATION: CONROE
MONTH: OCTOBER
YEAR: 2021
LATITUDE: 30 21 N
LONGITUDE: 95 25 W
TEMPERATURE IN F: :PCPN: SNOW: WIND :SUNSHINE: SKY :PK WND
================================================================================
1 2 3 4 5 6A 6B 7 8 9 10 11 12 13 14 15 16 17 18
12Z AVG MX 2MIN
DY MAX MIN AVG DEP HDD CDD WTR SNW DPTH SPD SPD DIR MIN PSBL S-S WX SPD DR
================================================================================
1 75 71 73 -1 0 8 2.22 0.0 0 3.6 14 110 M M 8 123 20 130
2 84 68 76 2 0 11 T 0.0 0 2.0 17 140 M M 6 123 22 130
3 88 66 77 3 0 12 T 0.0 0 2.3 10 340 M M 5 128 13 340
4 87 60 74 1 0 9 0.00 0.0 0 4.5 14 330 M M 1 19 330
5 86 57 72 -1 0 7 0.00 0.0 0 2.0 9 70 M M 0 1 12 70
6 86 58 72 0 0 7 0.00 0.0 0 1.6 8 20 M M 1 1 11 330
7 88 56 72 0 0 7 0.00 0.0 0 1.8 9 260 M M 0 1 12 250
8 88 57 73 1 0 8 0.00 0.0 0 2.0 9 170 M M 0 1 13 210
9 88 57 73 1 0 8 0.00 0.0 0 4.4 14 160 M M 1 12 19 190
10 89 67 78 7 0 13 0.00 0.0 0 11.3 24 160 M M 8 30 160
11 83 64 74 3 0 9 1.12 0.0 0 3.0 29 330 M M 3 13 36 330
12 91 65 78 8 0 13 0.02 0.0 0 2.4 20 170 M M 4 18 25 150
13 90 70 80 10 0 15 0.00 0.0 0 10.7 20 160 M M 2 26 150
14 81 70 76 6 0 11 0.76 0.0 0 3.8 17 110 M M 5 13 24 110
15 90 66 78 9 0 13 0.06 0.0 0 6.8 21 350 M M 7 1 28 340
16 73 48 61 -8 4 0 0.00 0.0 0 6.4 16 50 M M 0 24 30
17 73 45 59 -10 6 0 0.00 0.0 0 2.6 12 120 M M 0 16 130
18 75 45 60 -8 5 0 0.00 0.0 0 3.2 10 150 M M 0 15 130
19 81 50 66 -2 0 1 0.00 0.0 0 4.2 14 160 M M 1 1 19 170
20 87 59 73 5 0 8 0.00 0.0 0 2.3 9 60 M M 2 1 11 60
21 87 66 77 10 0 12 0.00 0.0 0 1.7 9 140 M M 5 12 13 100
22 85 63 74 7 0 9 0.00 0.0 0 2.3 10 140 M M 1 1 14 140
23 86 63 75 9 0 10 0.24 0.0 0 4.0 25 140 M M 7 123 32 130
24 87 62 75 9 0 10 0.00 0.0 0 4.6 13 130 M M 4 1 18 170
25 86 67 77 11 0 12 0.00 0.0 0 1.4 8 120 M M 5 1 10 120
26 87 65 76 11 0 11 T 0.0 0 6.7 16 140 M M 7 12 22 140
27 77 60 69 4 0 4 0.81 0.0 0 10.1 30 320 M M 3 13 44 310
28 75 56 66 1 0 1 0.00 0.0 0 14.4 35 320 M M 0 47 280
29 72 44 58 -6 7 0 0.00 0.0 0 9.9 25 330 M M 0 37 340
30 74 38 56 -8 9 0 0.00 0.0 0 3.1 13 290 M M 0 17 290
31 79 42 61 -3 4 0 0.00 0.0 0 1.1 7 120 M M 0 1 11 110
================================================================================
SM 2578 1825 35 229 5.23 0.0 140.2 M 86
================================================================================
AV 83.2 58.9 4.5 FASTST M M 3 MAX(MPH)
MISC ----> 35 320 47 280
================================================================================
NOTES:
# LAST OF SEVERAL OCCURRENCES
COLUMN 17 PEAK WIND IN M.P.H.
PRELIMINARY LOCAL CLIMATOLOGICAL DATA (WS FORM: F-6) , PAGE 2
STATION: CONROE
MONTH: OCTOBER
YEAR: 2021
LATITUDE: 30 21 N
LONGITUDE: 95 25 W
[TEMPERATURE DATA] [PRECIPITATION DATA] SYMBOLS USED IN COLUMN 16
AVERAGE MONTHLY: 71.0 TOTAL FOR MONTH: 5.23 1 = FOG OR MIST
DPTR FM NORMAL: 2.1 DPTR FM NORMAL: -0.29 2 = FOG REDUCING VISIBILITY
HIGHEST: 91 ON 12 GRTST 24HR 2.24 ON 30- 1 TO 1/4 MILE OR LESS
LOWEST: 38 ON 30 3 = THUNDER
SNOW, ICE PELLETS, HAIL 4 = ICE PELLETS
TOTAL MONTH: 0.0 INCH 5 = HAIL
GRTST 24HR 0.0 6 = FREEZING RAIN OR DRIZZLE
GRTST DEPTH: 0 7 = DUSTSTORM OR SANDSTORM:
VSBY 1/2 MILE OR LESS
8 = SMOKE OR HAZE
[NO. OF DAYS WITH] [WEATHER - DAYS WITH] 9 = BLOWING SNOW
X = TORNADO
MAX 32 OR BELOW: 0 0.01 INCH OR MORE: 7
MAX 90 OR ABOVE: 3 0.10 INCH OR MORE: 5
MIN 32 OR BELOW: 0 0.50 INCH OR MORE: 4
MIN 0 OR BELOW: 0 1.00 INCH OR MORE: 2
[HDD (BASE 65) ]
TOTAL THIS MO. 35 CLEAR (SCALE 0-3) 18
DPTR FM NORMAL -15 PTCLDY (SCALE 4-7) 12
TOTAL FM JUL 1 35 CLOUDY (SCALE 8-10) 1
DPTR FM NORMAL -15
[CDD (BASE 65) ]
TOTAL THIS MO. 229
DPTR FM NORMAL 57 [PRESSURE DATA]
TOTAL FM JAN 1 2721 HIGHEST SLP 30.34 ON 17
DPTR FM NORMAL 59 LOWEST SLP 29.59 ON 27
[REMARKS]
#FINAL-10-21#