000
CXUS54 KFWD 010730
CF6DAL
PRELIMINARY LOCAL CLIMATOLOGICAL DATA (WS FORM: F-6)
STATION: DALLAS LOVE FIELD
MONTH: APRIL
YEAR: 2021
LATITUDE: 32 50 N
LONGITUDE: 96 51 W
TEMPERATURE IN F: :PCPN: SNOW: WIND :SUNSHINE: SKY :PK WND
================================================================================
1 2 3 4 5 6A 6B 7 8 9 10 11 12 13 14 15 16 17 18
12Z AVG MX 2MIN
DY MAX MIN AVG DEP HDD CDD WTR SNW DPTH SPD SPD DIR MIN PSBL S-S WX SPD DR
================================================================================
1 69 43 56 -7 9 0 0.00 0.0 0 4.2 13 50 M M 1 17 20
2 69 47 58 -5 7 0 0.00 0.0 0 9.0 20 120 M M 5 29 140
3 71 57 64 1 1 0 0.00 0.0 0 9.6 16 180 M M 9 24 150
4 74 59 67 3 0 2 0.00 0.0 0 7.6 16 180 M M 9 22 180
5 79 59 69 5 0 4 0.00 0.0 0 10.5 21 150 M M 3 30 160
6 82 65 74 10 0 9 0.00 0.0 0 16.5 26 160 M M 8 40 180
7 80 58 69 5 0 4 T 0.0 0 13.0 26 320 M M 5 8 38 310
8 84 52 68 4 0 3 0.00 0.0 0 6.5 17 150 M M 3 24 170
9 85 63 74 9 0 9 0.00 0.0 0 13.1 36 330 M M 7 38 47 330
10 74 53 64 -1 1 0 0.00 0.0 0 11.3 26 10 M M 1 38 10
11 86 50 68 3 0 3 0.00 0.0 0 7.9 17 160 M M 1 25 150
12 88 64 76 10 0 11 0.00 0.0 0 9.2 17 160 M M 8 27 40
13 84 55 70 4 0 5 0.18 0.0 0 8.1 21 310 M M 7 3 29 300
14 74 59 67 1 0 2 0.04 0.0 0 9.3 17 340 M M 9 26 20
15 63 57 60 -6 5 0 0.49 0.0 0 8.0 21 130 M M 10 13 30 130
16 61 53 57 -9 8 0 0.96 0.0 0 8.1 24 310 M M 10 13 32 310
17 63 49 56 -11 9 0 0.00 0.0 0 12.4 22 340 M M 9 34 30
18 69 44 57 -10 8 0 0.00 0.0 0 6.4 18 330 M M 2 29 360
19 75 46 61 -6 4 0 0.00 0.0 0 4.0 14 180 M M 4 20 180
20 63 43 53 -15 12 0 0.00 0.0 0 10.3 24 330 M M 1 33 10
21 63 40 52 -16 13 0 0.00 0.0 M 4.5 12 30 M M 5 18 30
22 65 55 60 -8 5 0 T 0.0 0 8.4 16 150 M M 10 24 170
23 73 59 66 -2 0 1 0.28 0.0 0 11.5 32 10 M M 9 138 47 360
24 74 56 65 -4 0 0 T 0.0 0 8.7 18 340 M M 5 1 31 10
25 82 54 68 -1 0 3 0.00 0.0 0 9.7 20 160 M M 2 29 160
26 83 64 74 5 0 9 0.00 0.0 0 14.2 26 150 M M 8 36 190
27 77 69 73 3 0 8 T 0.0 0 13.2 24 150 M M 10 35 130
28 83 74 79 9 0 14 0.12 0.0 0 7.9 22 150 M M 10 13 32 170
29 75 67 71 1 0 6 1.38 0.0 M 9.3 18 340 M M 10 13 36 20
30 69 63 66 -4 0 1 0.66 0.0 M 7.6 21 80 M M 10 1 30 80
================================================================================
SM 2237 1677 82 94 4.11 0.0 280.0 M 191
================================================================================
AV 74.6 55.9 9.3 FASTST M M 6 MAX(MPH)
MISC ----> 36 330 # 47 330
================================================================================
NOTES:
# LAST OF SEVERAL OCCURRENCES
COLUMN 17 PEAK WIND IN M.P.H.
PRELIMINARY LOCAL CLIMATOLOGICAL DATA (WS FORM: F-6) , PAGE 2
STATION: DALLAS LOVE FIELD
MONTH: APRIL
YEAR: 2021
LATITUDE: 32 50 N
LONGITUDE: 96 51 W
[TEMPERATURE DATA] [PRECIPITATION DATA] SYMBOLS USED IN COLUMN 16
AVERAGE MONTHLY: 65.2 TOTAL FOR MONTH: 4.11 1 = FOG OR MIST
DPTR FM NORMAL: -1.3 DPTR FM NORMAL: 1.04 2 = FOG REDUCING VISIBILITY
HIGHEST: 88 ON 12 GRTST 24HR 1.50 ON 28-29 TO 1/4 MILE OR LESS
LOWEST: 40 ON 21 3 = THUNDER
SNOW, ICE PELLETS, HAIL 4 = ICE PELLETS
TOTAL MONTH: 0.0 INCH 5 = HAIL
GRTST 24HR 0.0 6 = FREEZING RAIN OR DRIZZLE
GRTST DEPTH: 0 7 = DUSTSTORM OR SANDSTORM:
VSBY 1/2 MILE OR LESS
8 = SMOKE OR HAZE
[NO. OF DAYS WITH] [WEATHER - DAYS WITH] 9 = BLOWING SNOW
X = TORNADO
MAX 32 OR BELOW: 0 0.01 INCH OR MORE: 8
MAX 90 OR ABOVE: 0 0.10 INCH OR MORE: 7
MIN 32 OR BELOW: 0 0.50 INCH OR MORE: 3
MIN 0 OR BELOW: 0 1.00 INCH OR MORE: 1
[HDD (BASE 65) ]
TOTAL THIS MO. 82 CLEAR (SCALE 0-3) 7
DPTR FM NORMAL 8 PTCLDY (SCALE 4-7) 10
TOTAL FM JUL 1 2015 CLOUDY (SCALE 8-10) 13
DPTR FM NORMAL -115
[CDD (BASE 65) ]
TOTAL THIS MO. 94
DPTR FM NORMAL -23 [PRESSURE DATA]
TOTAL FM JAN 1 148 HIGHEST SLP M ON M
DPTR FM NORMAL -19 LOWEST SLP 29.51 ON 9
[REMARKS]
#FINAL-04-21#