000
CXUS55 KDVN 011000
CF6DBQ
PRELIMINARY LOCAL CLIMATOLOGICAL DATA (WS FORM: F-6)
STATION: DUBUQUE IA
MONTH: JUNE
YEAR: 2022
LATITUDE: 42 24 N
LONGITUDE: 90 42 W
TEMPERATURE IN F: :PCPN: SNOW: WIND :SUNSHINE: SKY :PK WND
================================================================================
1 2 3 4 5 6A 6B 7 8 9 10 11 12 13 14 15 16 17 18
12Z AVG MX 2MIN
DY MAX MIN AVG DEP HDD CDD WTR SNW DPTH SPD SPD DIR MIN PSBL S-S WX SPD DR
================================================================================
1 72 55 64 -1 1 0 0.00 0.0 0 9.2 18 20 M M 1 25 20
2 76 52 64 -1 1 0 0.00 0.0 0 7.0 20 290 M M 0 25 280
3 75 50 63 -2 2 0 0.00 0.0 0 8.1 21 310 M M 1 32 330
4 63 54 59 -7 6 0 0.10 0.0 0 7.9 20 130 M M 10 1 25 130
5 79 55 67 1 0 2 0.60 0.0 0 6.9 20 340 M M 7 13 25 330
6 74 60 67 1 0 2 0.26 0.0 0 7.2 17 10 M M 10 1 23 30
7 77 57 67 1 0 2 T 0.0 0 4.1 10 230 M M 5 14 230
8 71 55 63 -4 2 0 0.23 0.0 0 6.9 22 350 M M 5 1 29 350
9 77 54 66 -1 0 1 0.00 0.0 0 6.0 17 350 M M 0 23 340
10 71 58 65 -2 0 0 0.02 0.0 0 5.2 14 220 M M 5 1 19 200
11 73 59 66 -2 0 1 T 0.0 0 7.4 17 170 M M 8 12 21 170
12 79 62 71 3 0 6 0.05 0.0 0 7.2 16 100 M M 7 12 21 90
13 87 64 76 8 0 11 0.06 0.0 0 9.9 22 130 M M 6 1 30 130
14 95 72 84 16 0 19 0.00 0.0 0 15.0 30 190 M M 0 37 180
15 93 64 79 10 0 14 0.00 0.0 0 12.7 35 190 M M 3 3 48 200
16 89 58 74 5 0 9 0.00 0.0 0 12.3 31 270 M M 1 1 45 260
17 84 61 73 4 0 8 0.00 0.0 0 7.6 15 330 M M 0 22 360
18 79 58 69 0 0 4 0.00 0.0 0 8.7 17 80 M M 0 23 80
19 85 52 69 -1 0 4 0.00 0.0 0 10.9 20 190 M M 0 26 180
20 92 60 76 6 0 11 0.00 0.0 0 12.4 18 200 M M 0 24 200
21 96 69 83 13 0 18 0.10 0.0 0 12.0 40 300 M M 2 3 54 300
22 86 66 76 6 0 11 0.00 0.0 0 8.1 17 300 M M 0 24 300
23 88 62 75 5 0 10 0.00 0.0 0 6.7 15 190 M M 0 20 200
24 87 62 75 4 0 10 0.00 0.0 0 9.7 20 220 M M 0 27 220
25 74 66 70 -1 0 5 0.77 0.0 0 9.3 28 170 M M 7 138 37 150
26 76 57 67 -4 0 2 0.00 0.0 0 12.6 24 290 M M 0 32 320
27 80 52 66 -5 0 1 0.00 0.0 0 6.8 17 300 M M 0 25 330
28 82 57 70 -1 0 5 0.75 0.0 0 10.6 28 10 M M 1 13 39 40
29 85 60 73 2 0 8 0.00 0.0 0 7.6 16 170 M M 0 21 200
30 88 68 78 7 0 13 0.00 0.0 0 13.1 30 220 M M 1 37 210
================================================================================
SM 2433 1779 12 177 2.94 0.0 269.1 M 80
================================================================================
AV 81.1 59.3 9.0 FASTST M M 3 MAX(MPH)
MISC ----> 40 300 54 300
================================================================================
NOTES:
# LAST OF SEVERAL OCCURRENCES
COLUMN 17 PEAK WIND IN M.P.H.
PRELIMINARY LOCAL CLIMATOLOGICAL DATA (WS FORM: F-6) , PAGE 2
STATION: DUBUQUE IA
MONTH: JUNE
YEAR: 2022
LATITUDE: 42 24 N
LONGITUDE: 90 42 W
[TEMPERATURE DATA] [PRECIPITATION DATA] SYMBOLS USED IN COLUMN 16
AVERAGE MONTHLY: 70.2 TOTAL FOR MONTH: 2.94 1 = FOG OR MIST
DPTR FM NORMAL: 1.7 DPTR FM NORMAL: -2.25 2 = FOG REDUCING VISIBILITY
HIGHEST: 96 ON 21 GRTST 24HR 0.86 ON 5- 6 TO 1/4 MILE OR LESS
LOWEST: 50 ON 3 3 = THUNDER
SNOW, ICE PELLETS, HAIL 4 = ICE PELLETS
TOTAL MONTH: 0.0 INCH 5 = HAIL
GRTST 24HR 0.0 6 = FREEZING RAIN OR DRIZZLE
GRTST DEPTH: 0 7 = DUSTSTORM OR SANDSTORM:
VSBY 1/2 MILE OR LESS
8 = SMOKE OR HAZE
[NO. OF DAYS WITH] [WEATHER - DAYS WITH] 9 = BLOWING SNOW
X = TORNADO
MAX 32 OR BELOW: 0 0.01 INCH OR MORE: 10
MAX 90 OR ABOVE: 4 0.10 INCH OR MORE: 7
MIN 32 OR BELOW: 0 0.50 INCH OR MORE: 3
MIN 0 OR BELOW: 0 1.00 INCH OR MORE: 0
[HDD (BASE 65) ]
TOTAL THIS MO. 12 CLEAR (SCALE 0-3) 20
DPTR FM NORMAL -25 PTCLDY (SCALE 4-7) 7
TOTAL FM JUL 1 6796 CLOUDY (SCALE 8-10) 3
DPTR FM NORMAL -287
[CDD (BASE 65) ]
TOTAL THIS MO. 177
DPTR FM NORMAL 34 [PRESSURE DATA]
TOTAL FM JAN 1 290 HIGHEST SLP 30.30 ON 27
DPTR FM NORMAL 106 LOWEST SLP 29.66 ON 6
[REMARKS]
#FINAL-06-22#