030
CXUS55 KDVN 011100
CF6DBQ
PRELIMINARY LOCAL CLIMATOLOGICAL DATA (WS FORM: F-6)
STATION: DUBUQUE IA
MONTH: JANUARY
YEAR: 2021
LATITUDE: 42 24 N
LONGITUDE: 90 42 W
TEMPERATURE IN F: :PCPN: SNOW: WIND :SUNSHINE: SKY :PK WND
================================================================================
1 2 3 4 5 6A 6B 7 8 9 10 11 12 13 14 15 16 17 18
12Z AVG MX 2MIN
DY MAX MIN AVG DEP HDD CDD WTR SNW DPTH SPD SPD DIR MIN PSBL S-S WX SPD DR
================================================================================
1 26 16 21 2 44 0 0.04 0.7 5 14.1 21 10 M M 9 12 26 10
2 25 19 22 3 43 0 0.00 0.0 8 3.8 16 10 M M 10 128 21 10
3 23 18 21 2 44 0 0.00 0.0 7 5.9 14 190 M M 10 12 17 180
4 33 20 27 8 38 0 T 0.0 6 10.2 16 190 M M 10 126 20 180
5 29 9 19 0 46 0 0.00 0.0 6 2.2 12 210 M M 3 128 13 210
6 28 13 21 2 44 0 0.00 0.0 5 5.8 12 100 M M 9 12 13 100
7 31 23 27 8 38 0 0.00 0.0 5 9.3 14 30 M M 10 18 16 20
8 28 24 26 7 39 0 0.00 0.0 5 7.7 13 350 M M 10 15 20
9 27 24 26 7 39 0 0.00 0.0 5 4.3 9 320 M M 10 12 350
10 24 18 21 2 44 0 0.00 0.0 5 6.5 12 260 M M 10 18 15 260
11 33 23 28 9 37 0 0.00 0.0 5 14.0 23 210 M M 6 30 200
12 32 17 25 6 40 0 0.00 0.0 4 6.6 12 200 M M 2 12 13 220
13 36 20 28 9 37 0 0.00 0.0 4 7.3 14 200 M M 3 1 17 190
14 34 27 31 12 34 0 0.32 4.1 4 8.2 15 230 M M 6 12 20 250
15 34 30 32 13 33 0 0.02 0.2 7 8.5 14 190 M M 10 1 18 200
16 35 27 31 12 34 0 0.03 0.2 6 12.1 17 280 M M 10 1 23 330
17 30 21 26 7 39 0 0.05 0.7 6 7.9 13 270 M M 10 18 15 280
18 26 10 18 -1 47 0 T T 6 7.5 15 300 M M 7 1 19 290
19 32 11 22 3 43 0 0.01 0.3 6 11.6 36 330 M M 9 18 44 330
20 35 -1 17 -2 48 0 0.00 0.0 6 14.1 28 180 M M 0 18 34 200
21 35 18 27 8 38 0 0.00 0.0 5 18.2 28 330 M M 1 42 320
22 18 -3 8 -11 57 0 0.00 0.0 4 8.8 21 320 M M 0 8 29 330
23 26 -7 10 -9 55 0 T T 4 6.8 24 150 M M 5 18 32 160
24 30 12 21 2 44 0 0.16 2.3 6 7.1 18 160 M M 8 18 24 150
25 24 12 18 -1 47 0 0.10 2.0 6 14.0 22 50 M M 4 128 33 50
26 24 11 18 -1 47 0 0.28 5.5 10 14.0 23 30 M M 6 18 33 40
27 21 3 12 -7 53 0 0.00 0.0 9 8.7 14 20 M M 1 18 17 40
28 20 -4 8 -12 57 0 0.00 0.0 9 4.3 13 150 M M 0 18 17 160
29 26 12 19 -1 46 0 0.00 0.0 8 11.1 21 140 M M 5 8 29 140
30 31 25 28 8 37 0 0.29 2.3 7 17.0 23 110 M M 6 168 32 90
31 31 27 29 9 36 0 0.18 2.8 11 13.8 20 60 M M 10 18 28 60
================================================================================
SM 887 475 1328 0 1.48 21.1 291.4 M 200
================================================================================
AV 28.6 15.3 9.4 FASTST M M 6 MAX(MPH)
MISC ----> 36 330 44 330
================================================================================
NOTES:
# LAST OF SEVERAL OCCURRENCES
COLUMN 17 PEAK WIND IN M.P.H.
PRELIMINARY LOCAL CLIMATOLOGICAL DATA (WS FORM: F-6) , PAGE 2
STATION: DUBUQUE IA
MONTH: JANUARY
YEAR: 2021
LATITUDE: 42 24 N
LONGITUDE: 90 42 W
[TEMPERATURE DATA] [PRECIPITATION DATA] SYMBOLS USED IN COLUMN 16
AVERAGE MONTHLY: 22.0 TOTAL FOR MONTH: 1.48 1 = FOG OR MIST
DPTR FM NORMAL: 3.0 DPTR FM NORMAL: 0.31 2 = FOG REDUCING VISIBILITY
HIGHEST: 36 ON 13 GRTST 24HR 0.32 ON 14-14 TO 1/4 MILE OR LESS
LOWEST: -7 ON 23 3 = THUNDER
SNOW, ICE PELLETS, HAIL 4 = ICE PELLETS
TOTAL MONTH: 21.1 INCHES 5 = HAIL
GRTST 24HR 5.5 ON 26-26 6 = FREEZING RAIN OR DRIZZLE
GRTST DEPTH: 11 ON 31 7 = DUSTSTORM OR SANDSTORM:
VSBY 1/2 MILE OR LESS
8 = SMOKE OR HAZE
[NO. OF DAYS WITH] [WEATHER - DAYS WITH] 9 = BLOWING SNOW
X = TORNADO
MAX 32 OR BELOW: 23 0.01 INCH OR MORE: 11
MAX 90 OR ABOVE: 0 0.10 INCH OR MORE: 6
MIN 32 OR BELOW: 31 0.50 INCH OR MORE: 0
MIN 0 OR BELOW: 4 1.00 INCH OR MORE: 0
[HDD (BASE 65) ]
TOTAL THIS MO. 1328 CLEAR (SCALE 0-3) 8
DPTR FM NORMAL -99 PTCLDY (SCALE 4-7) 9
TOTAL FM JUL 1 3954 CLOUDY (SCALE 8-10) 14
DPTR FM NORMAL -279
[CDD (BASE 65) ]
TOTAL THIS MO. 0
DPTR FM NORMAL 0 [PRESSURE DATA]
TOTAL FM JAN 1 0 HIGHEST SLP 30.73 ON 28
DPTR FM NORMAL 0 LOWEST SLP 29.30 ON 15
[REMARKS]
#FINAL-01-21#