000
CXUS53 KDVN 011425
CLMDBQ
CLIMATE REPORT
NATIONAL WEATHER SERVICE QUAD CITIES IA IL
825 AM CST FRI MAR 01 2024
...................................
...THE DUBUQUE IA CLIMATE SUMMARY FOR THE MONTH OF FEBRUARY 2024...
CLIMATE NORMAL PERIOD 1991 TO 2020
CLIMATE RECORD PERIOD 1873 TO 2024
WEATHER OBSERVED NORMAL DEPART LAST YEAR`S
VALUE DATE(S) VALUE FROM VALUE
NORMAL
..............................................................
TEMPERATURE (F)
RECORD
HIGH 72 02/26/2024
LOW -31 02/09/1875
HIGHEST 72R 02/26 37 35
02/27
LOWEST 8 02/17 12 -4
AVG. MAXIMUM 47.4 30.9 16.5
AVG. MINIMUM 24.9 15.0 9.9
MEAN 36.2 22.9 13.3
DAYS MAX >= 90 0 0.0 0.0
DAYS MAX <= 32 3 15.2 -12.2
DAYS MIN <= 32 25 26.1 -1.1
DAYS MIN <= 0 0 4.4 -4.4
PRECIPITATION (INCHES)
RECORD
MAXIMUM 4.09 1911
MINIMUM 0.07 1995
TOTALS 0.42 1.57 -1.15
DAILY AVG. 0.01
DAYS >= .01 3 8.9 -5.9
DAYS >= .10 1
DAYS >= .50 0
DAYS >= 1.00 0 0.2 -0.2
GREATEST
24 HR. TOTAL 0.39 02/14 TO 02/15
SNOWFALL (INCHES)
RECORDS
TOTAL 32.5 2008
TOTALS T 10.6 -10.6
SINCE 7/1 36.3 34.9 1.4
SNOWDEPTH AVG. 0
DAYS >= TRACE 2 6.9 -4.9
DAYS >= 1.0 0 3.2 -3.2
GREATEST
SNOW DEPTH 3 02/01
24 HR TOTAL T 02/16 TO 02/16
02/23 TO 02/23
DEGREE DAYS
HEATING TOTAL 827 1177 -350
SINCE 7/1 4373 5440 -1067
COOLING TOTAL 0 0 0
SINCE 1/1 0 0 0
..............................................................
WIND (MPH)
AVERAGE WIND SPEED 11.1
HIGHEST WIND SPEED/DIRECTION 33/250 DATE 02/17
33/320 02/28
HIGHEST GUST SPEED/DIRECTION 47/340 DATE 02/28
SKY COVER
AVERAGE SKY COVER 0.25
NUMBER OF DAYS FAIR 19
NUMBER OF DAYS PC 9
NUMBER OF DAYS CLOUDY 1
AVERAGE RH (PERCENT) 65
WEATHER CONDITIONS. NUMBER OF DAYS WITH
THUNDERSTORM 2 HAIL 0
SLEET 0 FOG 8
FOG W/VIS <= 1/4 MILE 2 HAZE 8
- INDICATES NEGATIVE NUMBERS.
R INDICATES RECORD WAS SET OR TIED.
MM INDICATES DATA IS MISSING.
T INDICATES TRACE AMOUNT.
$$