000
CXUS53 KILX 011731
CLMDEC
CLIMATE REPORT
NATIONAL WEATHER SERVICE LINCOLN IL
1131 AM CST FRI DEC 01 2023
...................................
...THE DECATUR IL AIRPORT CLIMATE SUMMARY FOR THE MONTH OF NOVEMBER 2023...
CLIMATE NORMAL PERIOD 1991 TO 2020
CLIMATE RECORD PERIOD 9999 TO 9999
WEATHER OBSERVED NORMAL DEPART LAST YEAR`S
VALUE DATE(S) VALUE FROM VALUE
NORMAL
..............................................................
TEMPERATURE (F)
RECORD
HIGH MM MM
LOW 13 11/20/2022
HIGHEST 78 11/08 MM MM 78
LOWEST 15 11/28 MM MM 13
AVG. MAXIMUM 55.4 51.3 4.1 53.4
AVG. MINIMUM 33.0 34.2 -1.2 32.9
MEAN 44.2 42.7 1.5 43.1
DAYS MAX >= 90 0 0.0 0.0 0
DAYS MAX <= 32 1 1.2 -0.2 1
DAYS MIN <= 32 16 13.9 2.1 15
DAYS MIN <= 0 0 0.0 0.0 0
PRECIPITATION (INCHES)
RECORD
MAXIMUM 2.05 2020
MINIMUM 0.86 2021
TOTALS 0.94 2.97 -2.03 1.76
DAILY AVG. MM 0.10 MM 0.06
DAYS >= .01 5 9.3 -4.3 7
DAYS >= .10 4 5.1 -1.1 2
DAYS >= .50 0 1.8 -1.8 1
DAYS >= 1.00 0 0.5 -0.5 1
GREATEST
24 HR. TOTAL 0.63 11/20 TO 11/21 1.18
DEGREE DAYS
HEATING TOTAL 620 668 -48 653
SINCE 7/1 921 1062 -141 MM
COOLING TOTAL 0 1 -1 4
SINCE 1/1 1135 1105 30 MM
..............................................................
WIND (MPH)
AVERAGE WIND SPEED 9.2
HIGHEST WIND SPEED/DIRECTION 26/220 DATE 11/08
26/200 11/16
HIGHEST GUST SPEED/DIRECTION 38/280 DATE 11/26
AVERAGE RH (PERCENT) 69
WEATHER CONDITIONS. NUMBER OF DAYS WITH
THUNDERSTORM 0 MIXED PRECIP 0
HEAVY RAIN 2 RAIN 1
LIGHT RAIN 7 FREEZING RAIN 0
LT FREEZING RAIN 0 HAIL 0
HEAVY SNOW 0 SNOW 0
LIGHT SNOW 1 SLEET 0
FOG 6 FOG W/VIS <= 1/4 MILE 1
HAZE 1
- INDICATES NEGATIVE NUMBERS.
R INDICATES RECORD WAS SET OR TIED.
MM INDICATES DATA IS MISSING.
T INDICATES TRACE AMOUNT.
$$