000
CXUS56 KOTX 010910
CF6DEW
PRELIMINARY LOCAL CLIMATOLOGICAL DATA (WS FORM: F-6)
STATION: DEER_PARK WA AIRPORT
MONTH: JULY
YEAR: 2021
LATITUDE: 47 58 N
LONGITUDE: 117 25 W
TEMPERATURE IN F: :PCPN: SNOW: WIND :SUNSHINE: SKY :PK WND
================================================================================
1 2 3 4 5 6A 6B 7 8 9 10 11 12 13 14 15 16 17 18
12Z AVG MX 2MIN
DY MAX MIN AVG DEP HDD CDD WTR SNW DPTH SPD SPD DIR MIN PSBL S-S WX SPD DR
================================================================================
1 99 65 82 20 0 17 0.00 M M 7.1 17 250 M M 0 8 24 30
2 93 54 74 12 0 9 0.00 M M 4.2 15 230 M M 0 21 230
3 94 54 74 11 0 9 0.00 M M 4.2 15 200 M M 0 8 19 210
4 93 53 73 10 0 8 0.00 M M 5.9 16 210 M M 0 22 230
5 93 51 72 8 0 7 0.00 M M 5.7 16 190 M M 0 22 190
6 96 53 75 11 0 10 0.00 M M 3.6 16 220 M M 0 24 240
7 93 53 73 9 0 8 0.00 M M 7.0 23 240 M M 0 3 32 280
8 89 49 69 5 0 4 0.00 M M 4.0 14 210 M M 0 19 160
9 92 47 70 5 0 5 0.00 M M 3.7 10 160 M M 0 8 14 200
10 97 47 72 7 0 7 0.00 M M 4.4 17 210 M M 0 8 22 210
11 95 51 73 7 0 8 0.00 M M 4.2 13 230 M M 0 20 220
12 97 50 74 8 0 9 0.00 M M 3.2 12 230 M M 0 8 20 340
13 98 57 78 12 0 13 0.00 M M 3.4 10 270 M M 0 8 14 270
14 98 54 76 10 0 11 0.00 M M 5.6 18 230 M M 0 8 23 220
15 92 51 72 5 0 7 0.00 M M 7.9 17 200 M M 0 26 250
16 86 56 71 4 0 6 0.00 M M 7.6 17 200 M M 0 8 24 160
17 87 54 71 4 0 6 0.00 M M 5.4 14 210 M M 0 17 200
18 94 48 71 4 0 6 0.00 M M 2.9 14 240 M M 0 18 240
19 88 52 70 2 0 5 0.00 M M 2.7 12 50 M M 0 8 15 60
20 90 55 73 5 0 8 T M M 6.4 18 210 M M 1 3 23 230
21 82 50 66 -2 0 1 0.09 M M 7.3 20 230 M M 2 3 29 210
22 81 42 62 -6 3 0 0.00 M M 6.6 17 200 M M 0 8 22 220
23 86 42 64 -4 1 0 0.00 M M 5.9 21 190 M M 0 8 28 190
24 93 47 70 2 0 5 0.00 M M 3.5 14 230 M M 0 8 17 240
25 96 50 73 5 0 8 0.00 M M 6.2 20 220 M M 0 26 250
26 97 50 74 6 0 9 0.00 M M 5.7 20 210 M M 0 8 25 170
27 86 53 70 2 0 5 0.00 M M 5.1 14 180 M M 1 24 160
28 93 54 74 6 0 9 0.00 M M 3.2 14 260 M M 0 8 17 200
29 97 53 75 7 0 10 0.00 M M 2.9 13 230 M M 0 20 220
30 104 54 79 11 0 14 0.00 M M 3.9 12 360 M M 0 15 20
31 106 62 84 16 0 19 0.00 M M 9.3 29 200 M M 0 8 37 200
================================================================================
SM 2885 1611 4 243 0.09 M 158.7 M 4
================================================================================
AV 93.1 52.0 5.1 FASTST M M 0 MAX(MPH)
MISC ----> 29 200 37 200
================================================================================
NOTES:
# LAST OF SEVERAL OCCURRENCES
COLUMN 17 PEAK WIND IN M.P.H.
PRELIMINARY LOCAL CLIMATOLOGICAL DATA (WS FORM: F-6) , PAGE 2
STATION: DEER_PARK WA AIRPORT
MONTH: JULY
YEAR: 2021
LATITUDE: 47 58 N
LONGITUDE: 117 25 W
[TEMPERATURE DATA] [PRECIPITATION DATA] SYMBOLS USED IN COLUMN 16
AVERAGE MONTHLY: 72.5 TOTAL FOR MONTH: 0.09 1 = FOG OR MIST
DPTR FM NORMAL: 6.2 DPTR FM NORMAL: -0.52 2 = FOG REDUCING VISIBILITY
HIGHEST: 106 ON 31 GRTST 24HR 0.09 ON 21-21 TO 1/4 MILE OR LESS
LOWEST: 42 ON 23,22 3 = THUNDER
SNOW, ICE PELLETS, HAIL 4 = ICE PELLETS
TOTAL MONTH: M 5 = HAIL
GRTST 24HR M ON M 6 = FREEZING RAIN OR DRIZZLE
GRTST DEPTH: M ON M 7 = DUSTSTORM OR SANDSTORM:
VSBY 1/2 MILE OR LESS
8 = SMOKE OR HAZE
[NO. OF DAYS WITH] [WEATHER - DAYS WITH] 9 = BLOWING SNOW
X = TORNADO
MAX 32 OR BELOW: 0 0.01 INCH OR MORE: 1
MAX 90 OR ABOVE: 23 0.10 INCH OR MORE: 0
MIN 32 OR BELOW: 0 0.50 INCH OR MORE: 0
MIN 0 OR BELOW: 0 1.00 INCH OR MORE: 0
[HDD (BASE 65) ]
TOTAL THIS MO. 4 CLEAR (SCALE 0-3) 31
DPTR FM NORMAL -55 PTCLDY (SCALE 4-7) 0
TOTAL FM JUL 1 4 CLOUDY (SCALE 8-10) 0
DPTR FM NORMAL -56
[CDD (BASE 65) ]
TOTAL THIS MO. 243
DPTR FM NORMAL 144 [PRESSURE DATA]
TOTAL FM JAN 1 423 HIGHEST SLP M ON M
DPTR FM NORMAL 302 LOWEST SLP 29.70 ON 1
[REMARKS]
#FINAL-07-21#