000
CXUS56 KOTX 011253
CLMDEW
CLIMATE REPORT
NATIONAL WEATHER SERVICE SPOKANE WA
553 AM PDT TUE AUG 01 2023
...................................
...THE DEER_PARK WA AIRPORT CLIMATE SUMMARY FOR THE MONTH OF JULY 2023...
CLIMATE NORMAL PERIOD 1991 TO 2020
CLIMATE RECORD PERIOD 9999 TO 9999
WEATHER OBSERVED NORMAL DEPART LAST YEAR`S
VALUE DATE(S) VALUE FROM VALUE DATE(S)
NORMAL
................................................................
TEMPERATURE (F)
RECORD
HIGH 106 07/31/2021
LOW 32 07/11/2008
HIGHEST 97 07/16 MM MM 102 07/28
07/20
07/21
07/29
07/31
LOWEST 37 07/26 MM MM 45 07/11
07/19
07/21
AVG. MAXIMUM 89.1 84.2 4.9 88.1
AVG. MINIMUM 49.0 48.4 0.6 49.5
MEAN 69.0 66.3 2.7 68.8
DAYS MAX >= 90 14 9.5 4.5 11
DAYS MAX <= 32 0 0.0 0.0 0
DAYS MIN <= 32 0 0.1 -0.1 0
DAYS MIN <= 0 0 0.0 0.0 0
PRECIPITATION (INCHES)
RECORD
MAXIMUM 2.04 2016
MINIMUM 0.00 2013
TOTALS 0.28 0.61 -0.33 0.40
DAILY AVG. 0.01 0.02 -0.01 0.01
DAYS >= .01 2 4.0 -2.0 4
DAYS >= .10 1 1.3 -0.3 2
DAYS >= .50 0 0.3 -0.3 0
DAYS >= 1.00 0 0.0 0.0 0
GREATEST
24 HR. TOTAL 0.28 07/10 TO 07/11 0.18
DEGREE DAYS
HEATING TOTAL 15 59 -44 9
SINCE 7/1 15 60 -45 MM
COOLING TOTAL 148 99 49 135
SINCE 1/1 233 121 112 MM
................................................................
WIND (MPH)
AVERAGE WIND SPEED 5.7
HIGHEST WIND SPEED/DIRECTION 28/210 DATE 07/17
HIGHEST GUST SPEED/DIRECTION 35/210 DATE 07/17
SKY COVER
POSSIBLE SUNSHINE (PERCENT) MM
AVERAGE SKY COVER 0.06
NUMBER OF DAYS FAIR 30
NUMBER OF DAYS PC 1
NUMBER OF DAYS CLOUDY 0
AVERAGE RH (PERCENT) 45
WEATHER CONDITIONS. NUMBER OF DAYS WITH
THUNDERSTORM 1 MIXED PRECIP 0
HEAVY RAIN 1 RAIN 1
LIGHT RAIN 2 FREEZING RAIN 0
LT FREEZING RAIN 0 HAIL 0
HEAVY SNOW 0 SNOW 0
LIGHT SNOW 0 SLEET 0
FOG 3 FOG W/VIS <= 1/4 MILE 3
HAZE 1
- INDICATES NEGATIVE NUMBERS.
R INDICATES RECORD WAS SET OR TIED.
MM INDICATES DATA IS MISSING.
T INDICATES TRACE AMOUNT.
$$