000
CXUS55 KCYS 011015
CF6DGW
PRELIMINARY LOCAL CLIMATOLOGICAL DATA (WS FORM: F-6)
STATION: CONVERSE CO (DOUGLAS) WY ARPT
MONTH: APRIL
YEAR: 2020
LATITUDE: 42 46 N
LONGITUDE: 105 22 W
TEMPERATURE IN F: :PCPN: SNOW: WIND :SUNSHINE: SKY :PK WND
================================================================================
1 2 3 4 5 6A 6B 7 8 9 10 11 12 13 14 15 16 17 18
12Z AVG MX 2MIN
DY MAX MIN AVG DEP HDD CDD WTR SNW DPTH SPD SPD DIR MIN PSBL S-S WX SPD DR
================================================================================
1 48 16 32 -8 33 0 T M M 12.0 28 10 M M 9 12 31 10
2 17 -3 7 -33 58 0 T M M 11.8 24 330 M M 7 18 28 330
3 39 -7 16 -24 49 0 0.00 M M 3.8 15 140 M M 2 18 18 150
4 54 18 36 -5 29 0 0.00 M M 7.7 17 290 M M 0 22 280
5 66 27 47 6 18 0 0.04 M M 8.9 44 280 M M 2 3 55 280
6 69 32 51 10 14 0 0.00 M M 11.8 32 240 M M 0 42 250
7 68 37 53 11 12 0 0.00 M M 21.9 39 290 M M 0 49 280
8 56 29 43 1 22 0 0.00 M M 9.3 24 340 M M 1 29 320
9 54 21 38 -4 27 0 0.00 M M 6.7 18 130 M M 0 24 130
10 72 23 48 6 17 0 T M M 8.1 26 270 M M 3 32 270
11 57 20 39 -3 26 0 0.26 M M 9.9 33 360 M M 8 18 42 360
12 25 16 21 -22 44 0 T M M 12.3 20 10 M M 10 18 22 10
13 27 4 16 -27 49 0 0.00 M M 8.5 22 330 M M 2 27 330
14 43 7 25 -18 40 0 0.00 M M 12.7 36 320 M M 2 45 320
15 48 21 35 -8 30 0 T M M 11.4 30 10 M M 7 1 36 10
16 31 18 25 -19 40 0 0.08 M M 8.8 18 30 M M 8 1 24 20
17 54 13 34 -10 31 0 0.00 M M 11.5 29 270 M M 0 35 260
18 62 28 45 1 20 0 0.00 M M 9.1 21 60 M M 2 26 60
19 60 28 44 0 21 0 0.02 M M 8.9 29 290 M M 5 3 38 330
20 64 26 45 0 20 0 0.00 M M 8.8 22 300 M M 5 28 320
21 70 25 48 3 17 0 0.00 M M 6.2 20 280 M M 0 29 280
22 69 34 52 7 13 0 0.00 M M 8.2 20 350 M M 4 27 320
23 65 39 52 6 13 0 0.11 M M 13.1 26 360 M M 6 1 31 340
24 59 36 48 2 17 0 0.09 M M 11.1 28 310 M M 8 38 35 310
25 62 30 46 0 19 0 T M M 5.4 17 230 M M 5 22 190
26 69 32 51 5 14 0 0.00 M M 6.9 30 250 M M 2 37 250
27 76 32 54 7 11 0 T M M 10.6 37 330 M M 3 47 330
28 61 33 47 0 18 0 0.03 M M 12.1 33 10 M M 3 43 10
29 75 25 50 3 15 0 0.00 M M 5.7 17 330 M M 0 21 320
30 84 40 62 14 3 0 0.03 M M 7.8 41 290 M M 1 3 54 260
================================================================================
SM 1704 700 740 0 0.66 M 291.0 M 105
================================================================================
AV 56.8 23.3 9.7 FASTST M M 4 MAX(MPH)
MISC ----> # 44 280 # 55 280
================================================================================
NOTES:
# LAST OF SEVERAL OCCURRENCES
COLUMN 17 PEAK WIND IN M.P.H.
PRELIMINARY LOCAL CLIMATOLOGICAL DATA (WS FORM: F-6) , PAGE 2
STATION: CONVERSE CO (DOUGLAS) WY ARPT
MONTH: APRIL
YEAR: 2020
LATITUDE: 42 46 N
LONGITUDE: 105 22 W
[TEMPERATURE DATA] [PRECIPITATION DATA] SYMBOLS USED IN COLUMN 16
AVERAGE MONTHLY: 40.1 TOTAL FOR MONTH: 0.66 1 = FOG OR MIST
DPTR FM NORMAL: -3.6 DPTR FM NORMAL: -0.85 2 = FOG REDUCING VISIBILITY
HIGHEST: 84 ON 30 GRTST 24HR 0.26 ON 11-11 TO 1/4 MILE OR LESS
LOWEST: -7 ON 3 3 = THUNDER
SNOW, ICE PELLETS, HAIL 4 = ICE PELLETS
TOTAL MONTH: M 5 = HAIL
GRTST 24HR M ON M 6 = FREEZING RAIN OR DRIZZLE
GRTST DEPTH: M ON M 7 = DUSTSTORM OR SANDSTORM:
VSBY 1/2 MILE OR LESS
8 = SMOKE OR HAZE
[NO. OF DAYS WITH] [WEATHER - DAYS WITH] 9 = BLOWING SNOW
X = TORNADO
MAX 32 OR BELOW: 4 0.01 INCH OR MORE: 8
MAX 90 OR ABOVE: 0 0.10 INCH OR MORE: 2
MIN 32 OR BELOW: 24 0.50 INCH OR MORE: 0
MIN 0 OR BELOW: 2 1.00 INCH OR MORE: 0
[HDD (BASE 65) ]
TOTAL THIS MO. 740 CLEAR (SCALE 0-3) 17
DPTR FM NORMAL 101 PTCLDY (SCALE 4-7) 10
TOTAL FM JUL 1 7000 CLOUDY (SCALE 8-10) 3
DPTR FM NORMAL 43
[CDD (BASE 65) ]
TOTAL THIS MO. 0
DPTR FM NORMAL 0 [PRESSURE DATA]
TOTAL FM JAN 1 0 HIGHEST SLP 30.44 ON 3
DPTR FM NORMAL 0 LOWEST SLP 29.53 ON 11
[REMARKS]
#FINAL-04-20#