000
CXUS52 KTAE 010900
CF6DHN
PRELIMINARY LOCAL CLIMATOLOGICAL DATA (WS FORM: F-6)
STATION: DOTHAN
MONTH: FEBRUARY
YEAR: 2023
LATITUDE: 31 19 N
LONGITUDE: 85 27 W
TEMPERATURE IN F: :PCPN: SNOW: WIND :SUNSHINE: SKY :PK WND
================================================================================
1 2 3 4 5 6A 6B 7 8 9 10 11 12 13 14 15 16 17 18
12Z AVG MX 2MIN
DY MAX MIN AVG DEP HDD CDD WTR SNW DPTH SPD SPD DIR MIN PSBL S-S WX SPD DR
================================================================================
1 76 58 67 15 0 2 0.00 0.0 M 5.5 16 340 M M 7 12 18 340
2 68 54 61 9 4 0 0.00 0.0 M 5.6 16 30 M M 10 1 21 330
3 59 43 51 -1 14 0 0.32 0.0 M 12.4 22 360 M M 4 1 26 340
4 61 34 48 -4 17 0 0.00 0.0 0 7.2 14 90 M M 0 17 90
5 70 46 58 6 7 0 0.00 0.0 M 4.6 10 300 M M 4 13 90
6 71 44 58 5 7 0 0.00 0.0 0 3.2 13 40 M M 0 15 70
7 74 46 60 7 5 0 0.00 0.0 0 6.8 14 140 M M 2 17 130
8 81 53 67 14 0 2 0.00 0.0 0 7.1 17 180 M M 2 8 21 160
9 72 57 65 12 0 0 0.09 0.0 0 7.4 18 150 M M 6 1 21 160
10 68 53 61 7 4 0 0.19 0.0 M 7.7 16 320 M M 10 1 19 320
11 55 49 52 -2 13 0 0.43 0.0 M 10.6 25 80 M M 10 1 32 90
12 53 42 48 -6 17 0 0.00 0.0 0 10.7 24 290 M M 7 1 30 300
13 68 35 52 -2 13 0 0.00 0.0 0 6.0 13 260 M M 0 16 240
14 75 40 58 4 7 0 0.00 M M 6.3 17 180 M M 0 21 170
15 77 53 65 10 0 0 0.00 0.0 0 9.2 16 160 M M 5 22 190
16 79 60 70 15 0 5 0.00 0.0 0 10.9 21 200 M M 6 27 220
17 71 39 55 0 10 0 0.29 0.0 M 16.4 25 310 M M 5 1 30 320
18 58 30 44 -11 21 0 0.00 0.0 M 8.1 16 40 M M 0 21 40
19 69 41 55 -1 10 0 0.00 0.0 0 3.9 12 250 M M 1 14 240
20 76 47 62 6 3 0 0.00 0.0 0 10.0 17 210 M M 1 24 240
21 78 62 70 14 0 5 0.00 0.0 M 10.2 22 250 M M 7 31 260
22 83 65 74 18 0 9 0.00 0.0 M 13.8 29 200 M M 6 37 220
23 81 69 75 19 0 10 0.00 0.0 M 10.4 21 200 M M 7 1 27 200
24 84 66 75 18 0 10 0.00 0.0 M 6.7 15 220 M M 6 12 20 190
25 81 65 73 16 0 8 0.00 0.0 M 7.0 17 280 M M 5 12 27 260
26 82 62 72 15 0 7 0.00 0.0 M 6.5 16 240 M M 3 128 20 230
27 83 62 73 16 0 8 0.00 0.0 M 14.0 29 210 M M 7 1 34 210
28 84 69 77 19 0 12 0.00 0.0 0 11.2 20 260 M M 6 8 25 250
================================================================================
SM 2037 1444 152 78 1.32 0.0 239.4 M 127
================================================================================
AV 72.8 51.6 8.5 FASTST M M 5 MAX(MPH)
MISC ----> # 29 200 37 220
================================================================================
NOTES:
# LAST OF SEVERAL OCCURRENCES
COLUMN 17 PEAK WIND IN M.P.H.
PRELIMINARY LOCAL CLIMATOLOGICAL DATA (WS FORM: F-6) , PAGE 2
STATION: DOTHAN
MONTH: FEBRUARY
YEAR: 2023
LATITUDE: 31 19 N
LONGITUDE: 85 27 W
[TEMPERATURE DATA] [PRECIPITATION DATA] SYMBOLS USED IN COLUMN 16
AVERAGE MONTHLY: 62.2 TOTAL FOR MONTH: 1.32 1 = FOG OR MIST
DPTR FM NORMAL: 7.6 DPTR FM NORMAL: -3.50 2 = FOG REDUCING VISIBILITY
HIGHEST: 84 ON 28,24 GRTST 24HR 0.56 ON 10-11 TO 1/4 MILE OR LESS
LOWEST: 30 ON 18 3 = THUNDER
SNOW, ICE PELLETS, HAIL 4 = ICE PELLETS
TOTAL MONTH: 0.0 INCH 5 = HAIL
GRTST 24HR 0.0 6 = FREEZING RAIN OR DRIZZLE
GRTST DEPTH: 0 7 = DUSTSTORM OR SANDSTORM:
VSBY 1/2 MILE OR LESS
8 = SMOKE OR HAZE
[NO. OF DAYS WITH] [WEATHER - DAYS WITH] 9 = BLOWING SNOW
X = TORNADO
MAX 32 OR BELOW: 0 0.01 INCH OR MORE: 5
MAX 90 OR ABOVE: 0 0.10 INCH OR MORE: 4
MIN 32 OR BELOW: 1 0.50 INCH OR MORE: 0
MIN 0 OR BELOW: 0 1.00 INCH OR MORE: 0
[HDD (BASE 65) ]
TOTAL THIS MO. 152 CLEAR (SCALE 0-3) 10
DPTR FM NORMAL -155 PTCLDY (SCALE 4-7) 15
TOTAL FM JUL 1 1018 CLOUDY (SCALE 8-10) 3
DPTR FM NORMAL -387
[CDD (BASE 65) ]
TOTAL THIS MO. 78
DPTR FM NORMAL 64 [PRESSURE DATA]
TOTAL FM JAN 1 103 HIGHEST SLP 30.54 ON 4
DPTR FM NORMAL 83 LOWEST SLP 29.78 ON 11
[REMARKS]
#FINAL-02-23#