000
CXUS52 KTAE 010900
CF6DHN
PRELIMINARY LOCAL CLIMATOLOGICAL DATA (WS FORM: F-6)
STATION: DOTHAN
MONTH: NOVEMBER
YEAR: 2022
LATITUDE: 31 19 N
LONGITUDE: 85 27 W
TEMPERATURE IN F: :PCPN: SNOW: WIND :SUNSHINE: SKY :PK WND
================================================================================
1 2 3 4 5 6A 6B 7 8 9 10 11 12 13 14 15 16 17 18
12Z AVG MX 2MIN
DY MAX MIN AVG DEP HDD CDD WTR SNW DPTH SPD SPD DIR MIN PSBL S-S WX SPD DR
================================================================================
1 79 52 66 3 0 1 0.00 M M 4.8 14 10 M M 0 17 10
2 83 57 70 7 0 5 0.00 0.0 0 4.9 10 130 M M 0 14 350
3 83 57 70 8 0 5 0.00 0.0 0 5.5 13 90 M M 0 16 90
4 81 59 70 8 0 5 0.00 M M 6.4 13 80 M M 0 19 70
5 83 58 71 9 0 6 0.00 M M 5.8 14 160 M M 2 23 140
6 88 67 78 17 0 13 0.00 0.0 0 3.5 15 120 M M 1 19 120
7 88 65 77 16 0 12 0.00 0.0 0 5.6 13 30 M M 2 1 23 360
8 86 63 75 14 0 10 0.00 0.0 0 7.7 18 50 M M 1 24 50
9 71 55 63 3 2 0 0.00 0.0 0 10.6 21 60 M M 0 27 50
10 69 60 65 5 0 0 0.61 0.0 0 14.5 22 10 M M 6 18 31 350
11 74 65 70 10 0 5 0.11 0.0 0 9.7 20 240 M M 9 1 25 240
12 79 50 65 5 0 0 0.00 0.0 0 10.0 22 310 M M 6 12 26 310
13 59 38 49 -10 16 0 0.00 0.0 0 9.6 20 340 M M 3 25 340
14 64 35 50 -9 15 0 0.00 0.0 M 6.9 14 60 M M 0 18 60
15 78 52 65 6 0 0 0.30 0.0 M 11.5 24 300 M M 10 1 29 300
16 56 47 52 -6 13 0 T 0.0 M 10.2 18 340 M M 5 1 23 320
17 55 35 45 -13 20 0 0.00 M M 7.1 15 300 M M 0 19 310
18 59 29 44 -14 21 0 0.00 0.0 M 6.0 13 350 M M 0 18 20
19 59 38 49 -9 16 0 0.02 0.0 M 5.5 12 30 M M 2 16 20
20 48 34 41 -17 24 0 0.06 0.0 0 6.4 13 30 M M 1 1 18 10
21 67 31 49 -8 16 0 0.00 0.0 0 5.7 12 60 M M 0 15 70
22 66 48 57 0 8 0 0.00 0.0 0 6.2 13 40 M M 3 16 60
23 74 54 64 7 1 0 0.00 0.0 0 5.9 14 70 M M 3 18 80
24 74 53 64 7 1 0 0.02 0.0 0 6.4 14 80 M M 7 12 18 80
25 65 59 62 6 3 0 0.20 0.0 0 6.7 14 90 M M 10 12 19 80
26 68 58 63 7 2 0 T 0.0 M 7.9 16 120 M M 10 1 21 140
27 72 54 63 7 2 0 0.26 0.0 M 12.6 25 250 M M 3 1 32 270
28 73 50 62 6 3 0 0.00 0.0 M 4.7 10 260 M M 1 14 250
29 79 48 64 8 1 0 0.00 0.0 M 8.3 18 160 M M 6 12 24 150
30 75 48 62 6 3 0 1.00 0.0 0 9.6 29 320 M M 5 13 36 320
================================================================================
SM 2155 1519 167 62 2.58 0.0 226.2 M 96
================================================================================
AV 71.8 50.6 7.5 FASTST M M 3 MAX(MPH)
MISC ----> 29 320 36 320
================================================================================
NOTES:
# LAST OF SEVERAL OCCURRENCES
COLUMN 17 PEAK WIND IN M.P.H.
PRELIMINARY LOCAL CLIMATOLOGICAL DATA (WS FORM: F-6) , PAGE 2
STATION: DOTHAN
MONTH: NOVEMBER
YEAR: 2022
LATITUDE: 31 19 N
LONGITUDE: 85 27 W
[TEMPERATURE DATA] [PRECIPITATION DATA] SYMBOLS USED IN COLUMN 16
AVERAGE MONTHLY: 61.2 TOTAL FOR MONTH: 2.58 1 = FOG OR MIST
DPTR FM NORMAL: 2.3 DPTR FM NORMAL: -1.33 2 = FOG REDUCING VISIBILITY
HIGHEST: 88 ON 7, 6 GRTST 24HR 1.00 ON 30-30 TO 1/4 MILE OR LESS
LOWEST: 29 ON 18 3 = THUNDER
SNOW, ICE PELLETS, HAIL 4 = ICE PELLETS
TOTAL MONTH: 0.0 INCH 5 = HAIL
GRTST 24HR 0.0 6 = FREEZING RAIN OR DRIZZLE
GRTST DEPTH: 0 7 = DUSTSTORM OR SANDSTORM:
VSBY 1/2 MILE OR LESS
8 = SMOKE OR HAZE
[NO. OF DAYS WITH] [WEATHER - DAYS WITH] 9 = BLOWING SNOW
X = TORNADO
MAX 32 OR BELOW: 0 0.01 INCH OR MORE: 9
MAX 90 OR ABOVE: 0 0.10 INCH OR MORE: 6
MIN 32 OR BELOW: 2 0.50 INCH OR MORE: 2
MIN 0 OR BELOW: 0 1.00 INCH OR MORE: 1
[HDD (BASE 65) ]
TOTAL THIS MO. 167 CLEAR (SCALE 0-3) 19
DPTR FM NORMAL -50 PTCLDY (SCALE 4-7) 7
TOTAL FM JUL 1 231 CLOUDY (SCALE 8-10) 4
DPTR FM NORMAL -34
[CDD (BASE 65) ]
TOTAL THIS MO. 62
DPTR FM NORMAL 28 [PRESSURE DATA]
TOTAL FM JAN 1 2721 HIGHEST SLP 30.44 ON 20
DPTR FM NORMAL 50 LOWEST SLP 29.50 ON 11
[REMARKS]
#FINAL-11-22#