000
CXUS55 KCAE 011400
CF6DNL
PRELIMINARY LOCAL CLIMATOLOGICAL DATA (WS FORM: F-6)
STATION: AUGUSTA DANIEL FIELD GA
MONTH: MARCH
YEAR: 2021
LATITUDE: 33 28 N
LONGITUDE: 82 2 W
TEMPERATURE IN F: :PCPN: SNOW: WIND :SUNSHINE: SKY :PK WND
================================================================================
1 2 3 4 5 6A 6B 7 8 9 10 11 12 13 14 15 16 17 18
12Z AVG MX 2MIN
DY MAX MIN AVG DEP HDD CDD WTR SNW DPTH SPD SPD DIR MIN PSBL S-S WX SPD DR
================================================================================
1 74 60 67 13 0 2 0.06 M M 9.0 24 320 M M 7 32 310
2 60 43 52 -2 13 0 0.16 M M 8.5 16 80 M M 6 20 60
3 64 40 52 -2 13 0 1.26 M M 6.0 18 360 M M 6 1 25 360
4 73 43 58 3 7 0 0.00 M M 6.0 16 20 M M 0 20 20
5 66 45 56 1 9 0 0.00 M M 5.5 15 70 M M 0 20 40
6 55 42 49 -6 16 0 0.00 M M 7.4 18 80 M M 6 23 80
7 59 37 48 -8 17 0 0.00 M M 6.0 17 50 M M 0 23 70
8 67 36 52 -4 13 0 0.00 M M 2.2 10 130 M M 0 8 13 120
9 73 41 57 1 8 0 0.00 M M 4.6 13 180 M M 0 16 200
10 75 46 61 5 4 0 0.00 M M 4.8 13 180 M M 0 17 180
11 77 50 64 7 1 0 0.00 M M 5.8 14 200 M M 0 18 210
12 81 54 68 11 0 3 0.00 M M 3.2 12 300 M M 0 15 320
13 81 59 70 13 0 5 0.00 M M 4.7 13 50 M M 2 18 40
14 80 59 70 13 0 5 0.00 M M 5.2 10 80 M M 3 14 90
15 73 59 66 8 0 1 0.00 M M 10.6 18 110 M M 5 27 110
16 59 48 54 -4 11 0 0.09 M M 6.5 13 50 M M 10 18 17 40
17 68 50 59 1 6 0 0.03 M M 5.0 16 150 M M 9 18 20 170
18 80 58 69 11 0 4 T M M 12.1 30 190 M M 7 1 37 180
19 67 49 58 0 7 0 0.00 M M 11.3 20 60 M M 5 28 270
20 60 41 51 -8 14 0 0.00 M M 12.5 21 70 M M 4 28 60
21 68 47 58 -1 7 0 0.08 M M 10.9 21 40 M M 8 28 50
22 75 52 64 5 1 0 0.00 M M 10.3 18 30 M M 1 23 60
23 77 54 66 7 0 1 0.00 M M 6.8 12 70 M M 2 16 50
24 77 61 69 9 0 4 T M M 4.5 12 210 M M 5 18 14 180
25 87 63 75 15 0 10 T M M 10.6 24 180 M M 2 18 33 190
26 75 67 71 11 0 6 0.50 M M 5.9 18 200 M M 7 123 26 230
27 84 66 75 15 0 10 0.00 M M 4.7 17 210 M M 6 128 22 210
28 83 60 72 12 0 7 0.24 M M 9.9 22 300 M M 4 1 35 310
29 70 49 60 -1 5 0 0.00 M M 6.1 13 20 M M 0 20 320
30 71 50 61 0 4 0 T M M 5.9 13 70 M M 6 17 70
31 85 64 75 14 0 10 0.20 M M 7.8 23 330 M M 9 123 35 350
================================================================================
SM 2244 1593 156 68 2.62 M 220.3 M 120
================================================================================
AV 72.4 51.4 7.1 FASTST M M 4 MAX(MPH)
MISC ----> 30 190 37 180
================================================================================
NOTES:
# LAST OF SEVERAL OCCURRENCES
COLUMN 17 PEAK WIND IN M.P.H.
PRELIMINARY LOCAL CLIMATOLOGICAL DATA (WS FORM: F-6) , PAGE 2
STATION: AUGUSTA DANIEL FIELD GA
MONTH: MARCH
YEAR: 2021
LATITUDE: 33 28 N
LONGITUDE: 82 2 W
[TEMPERATURE DATA] [PRECIPITATION DATA] SYMBOLS USED IN COLUMN 16
AVERAGE MONTHLY: 61.9 TOTAL FOR MONTH: 2.62 1 = FOG OR MIST
DPTR FM NORMAL: 4.3 DPTR FM NORMAL: -1.69 2 = FOG REDUCING VISIBILITY
HIGHEST: 87 ON 25 GRTST 24HR 1.42 ON 2- 3 TO 1/4 MILE OR LESS
LOWEST: 36 ON 8 3 = THUNDER
SNOW, ICE PELLETS, HAIL 4 = ICE PELLETS
TOTAL MONTH: M 5 = HAIL
GRTST 24HR M ON M 6 = FREEZING RAIN OR DRIZZLE
GRTST DEPTH: M ON M 7 = DUSTSTORM OR SANDSTORM:
VSBY 1/2 MILE OR LESS
8 = SMOKE OR HAZE
[NO. OF DAYS WITH] [WEATHER - DAYS WITH] 9 = BLOWING SNOW
X = TORNADO
MAX 32 OR BELOW: 0 0.01 INCH OR MORE: 9
MAX 90 OR ABOVE: 0 0.10 INCH OR MORE: 5
MIN 32 OR BELOW: 0 0.50 INCH OR MORE: 2
MIN 0 OR BELOW: 0 1.00 INCH OR MORE: 1
[HDD (BASE 65) ]
TOTAL THIS MO. 156 CLEAR (SCALE 0-3) 14
DPTR FM NORMAL -94 PTCLDY (SCALE 4-7) 14
TOTAL FM JUL 1 1622 CLOUDY (SCALE 8-10) 3
DPTR FM NORMAL -440
[CDD (BASE 65) ]
TOTAL THIS MO. 68
DPTR FM NORMAL 46 [PRESSURE DATA]
TOTAL FM JAN 1 84 HIGHEST SLP 30.59 ON 9
DPTR FM NORMAL 58 LOWEST SLP 29.60 ON 18
[REMARKS]
#FINAL-03-21#