000
CXUS55 KVEF 112214
CF6DRA
PRELIMINARY LOCAL CLIMATOLOGICAL DATA (WS FORM: F-6)
STATION: DESERT ROCK-MERCURY NV
MONTH: FEBRUARY
YEAR: 2021
LATITUDE: 36 37 N
LONGITUDE: 116 1 W
TEMPERATURE IN F: :PCPN: SNOW: WIND :SUNSHINE: SKY :PK WND
================================================================================
1 2 3 4 5 6A 6B 7 8 9 10 11 12 13 14 15 16 17 18
12Z AVG MX 2MIN
DY MAX MIN AVG DEP HDD CDD WTR SNW DPTH SPD SPD DIR MIN PSBL S-S WX SPD DR
================================================================================
1 56 41 49 4 16 0 0.00 0.0 0 7.7 16 120 M M 5 M M
2 67 37 52 7 13 0 0.00 0.0 0 9.8 20 210 M M 3 36 190
3 64 45 55 9 10 0 0.00 0.0 0 17.1 27 30 M M 0 44 210
4 56 39 48 2 17 0 0.00 0.0 0 11.2 17 30 M M 0 23 30
5 63 33 48 2 17 0 0.00 0.0 0 6.9 15 220 M M 0 27 220
6 64 37 51 5 14 0 0.00 0.0 0 8.8 15 60 M M 0 M M
7 72 31 52 6 13 0 0.00 0.0 0 4.1 9 260 M M 0 35 30
8 64 32 48 2 17 0 0.00 0.0 0 3.6 8 210 M M 0 M M
9 62 39 51 5 14 0 0.00 0.0 0 3.2 8 120 M M 4 M M
10 66 37 52 6 13 0 0.00 0.0 0 3.7 12 30 M M 0 M M
11 65 35 50 3 15 0 0.00 0.0 0 7.0 15 190 M M 1 29 190
12 64 45 55 8 10 0 0.01 0.0 0 7.7 14 310 M M 2 33 250
13 60 40 50 3 15 0 0.03 0.0 0 12.3 30 330 M M 2 45 320
14 56 28 42 -5 23 0 0.00 0.0 0 6.3 16 20 M M 0 24 30
15 60 34 47 0 18 0 0.00 0.0 0 7.3 14 260 M M 2 22 230
16 59 41 50 2 15 0 0.00 0.0 0 12.0 21 360 M M 0 32 350
17 52 32 42 -6 23 0 0.00 0.0 0 13.2 18 20 M M 1 30 40
18 53 30 42 -6 23 0 0.00 0.0 0 10.6 20 30 M M 0 24 50
19 59 28 44 -4 21 0 0.00 0.0 0 3.8 10 200 M M 0 M M
20 57 28 43 -5 22 0 0.00 0.0 0 8.9 25 340 M M 1 46 30
21 59 33 46 -2 19 0 0.00 0.0 0 10.3 20 40 M M 0 31 40
22 66 41 54 5 11 0 0.00 0.0 0 11.8 20 40 M M 0 17 120
23 72 34 53 4 12 0 0.00 0.0 0 7.0 18 10 M M 0 35 10
24 68 33 51 2 14 0 0.00 0.0 0 11.1 30 30 M M 0 47 40
25 56 29 43 -6 22 0 0.00 0.0 0 12.9 31 40 M M 0 45 40
26 64 24 44 -6 21 0 0.00 0.0 0 9.7 31 200 M M 0 45 210
27 56 35 46 -4 19 0 0.00 0.0 0 14.6 23 330 M M 0 36 330
28 53 31 42 -8 23 0 0.00 0.0 0 9.9 17 30 M M 0 24 110
================================================================================
SM 1713 972 470 0 0.04 0.0 252.5 M 21
================================================================================
AV 61.2 34.7 9.0 FASTST M M 1 MAX(MPH)
MISC ----> # 31 40 47 40
================================================================================
NOTES:
# LAST OF SEVERAL OCCURRENCES
COLUMN 17 PEAK WIND IN M.P.H.
PRELIMINARY LOCAL CLIMATOLOGICAL DATA (WS FORM: F-6) , PAGE 2
STATION: DESERT ROCK-MERCURY NV
MONTH: FEBRUARY
YEAR: 2021
LATITUDE: 36 37 N
LONGITUDE: 116 1 W
[TEMPERATURE DATA] [PRECIPITATION DATA] SYMBOLS USED IN COLUMN 16
AVERAGE MONTHLY: 47.9 TOTAL FOR MONTH: 0.04 1 = FOG OR MIST
DPTR FM NORMAL: 0.6 DPTR FM NORMAL: -0.85 2 = FOG REDUCING VISIBILITY
HIGHEST: 72 ON 23, 7 GRTST 24HR 0.03 ON 13-13 TO 1/4 MILE OR LESS
LOWEST: 24 ON 26 3 = THUNDER
SNOW, ICE PELLETS, HAIL 4 = ICE PELLETS
TOTAL MONTH: 0.0 INCH 5 = HAIL
GRTST 24HR 0.0 6 = FREEZING RAIN OR DRIZZLE
GRTST DEPTH: 0 7 = DUSTSTORM OR SANDSTORM:
VSBY 1/2 MILE OR LESS
8 = SMOKE OR HAZE
[NO. OF DAYS WITH] [WEATHER - DAYS WITH] 9 = BLOWING SNOW
X = TORNADO
MAX 32 OR BELOW: 0 0.01 INCH OR MORE: 2
MAX 90 OR ABOVE: 0 0.10 INCH OR MORE: 0
MIN 32 OR BELOW: 10 0.50 INCH OR MORE: 0
MIN 0 OR BELOW: 0 1.00 INCH OR MORE: 0
[HDD (BASE 65) ]
TOTAL THIS MO. 470 CLEAR (SCALE 0-3) 26
DPTR FM NORMAL -24 PTCLDY (SCALE 4-7) 2
TOTAL FM JUL 1 2038 CLOUDY (SCALE 8-10) 0
DPTR FM NORMAL -345
[CDD (BASE 65) ]
TOTAL THIS MO. 0
DPTR FM NORMAL 0 [PRESSURE DATA]
TOTAL FM JAN 1 0 HIGHEST SLP M ON M
DPTR FM NORMAL 0 LOWEST SLP M ON M
[REMARKS]
#FINAL-02-21#