000
CXUS55 KGJT 010910
CF6DRO
PRELIMINARY LOCAL CLIMATOLOGICAL DATA (WS FORM: F-6)
STATION: DURANGO AIRPORT CO
MONTH: MARCH
YEAR: 2023
LATITUDE: 37 9 N
LONGITUDE: 107 45 W
TEMPERATURE IN F: :PCPN: SNOW: WIND :SUNSHINE: SKY :PK WND
================================================================================
1 2 3 4 5 6A 6B 7 8 9 10 11 12 13 14 15 16 17 18
12Z AVG MX 2MIN
DY MAX MIN AVG DEP HDD CDD WTR SNW DPTH SPD SPD DIR MIN PSBL S-S WX SPD DR
================================================================================
1 34 23 29 -5 36 0 0.28 M M 5.8 20 220 M M 9 128 28 200
2 42 16 29 -5 36 0 0.02 M M 5.4 14 230 M M 2 1 18 250
3 40 8 24 -10 41 0 0.00 M M 6.0 20 280 M M 0 26 250
4 42 7 25 -10 40 0 0.00 M M 3.5 13 60 M M 2 16 60
5 46 14 30 -5 35 0 0.00 M M 6.9 28 250 M M 0 38 250
6 49 19 34 -1 31 0 0.00 M M 5.1 12 50 M M 0 15 60
7 46 20 33 -3 32 0 0.00 M M 4.5 12 50 M M 0 13 90
8 50 13 32 -4 33 0 0.00 M M 5.5 16 290 M M 0 21 290
9 46 18 32 -4 33 0 0.00 M M 6.0 18 230 M M 0 22 230
10 43 22 33 -3 32 0 0.23 M M 3.4 14 360 M M 8 1 19 330
11 44 33 39 2 26 0 0.28 M M 8.9 22 260 M M 9 1 29 260
12 45 28 37 0 28 0 0.06 M M 5.6 20 260 M M 6 12 25 320
13 45 29 37 0 28 0 0.00 M M 4.3 17 240 M M 5 12 24 250
14 50 29 40 2 25 0 0.00 M M 4.4 14 40 M M 7 18 40
15 40 36 38 0 27 0 0.71 M M 5.0 20 310 M M 10 1 27 310
16 46 29 38 0 27 0 0.04 M M 8.3 24 250 M M 6 18 31 250
17 41 23 32 -6 33 0 0.00 M M 3.4 15 260 M M 5 22 290
18 44 23 34 -4 31 0 T M M 4.5 13 210 M M 6 1 17 150
19 43 27 35 -4 30 0 0.01 M M 5.2 16 190 M M 6 1 22 190
20 38 30 34 -5 31 0 0.26 M M 7.9 21 240 M M 10 1 29 230
21 35 32 34 -5 31 0 0.64 M M 3.9 16 250 M M 10 12 23 220
22 46 30 38 -2 27 0 0.19 M M 11.9 32 280 M M 9 13 47 250
23 41 26 34 -6 31 0 T M M 7.1 24 290 M M 3 33 290
24 42 24 33 -7 32 0 0.11 M M 9.4 26 260 M M 7 128 35 250
25 34 17 26 -14 39 0 0.00 M M 9.5 29 250 M M 0 37 260
26 39 17 28 -12 37 0 T M M 6.4 24 280 M M 7 1 33 290
27 37 20 29 -12 36 0 T M M 9.3 25 300 M M 2 1 34 300
28 49 14 32 -9 33 0 0.00 M M 4.2 12 130 M M 1 18 160
29 58 24 41 0 24 0 0.00 M M 4.0 14 130 M M 0 21 150
30 52 28 40 -1 25 0 0.01 M M 11.2 31 290 M M 5 18 44 220
31 44 25 35 -6 30 0 T M M 15.3 30 260 M M 3 1 41 250
================================================================================
SM 1351 704 980 0 2.84 M 201.8 M 138
================================================================================
AV 43.6 22.7 6.5 FASTST M M 4 MAX(MPH)
MISC ----> 32 280 47 250
================================================================================
NOTES:
# LAST OF SEVERAL OCCURRENCES
COLUMN 17 PEAK WIND IN M.P.H.
PRELIMINARY LOCAL CLIMATOLOGICAL DATA (WS FORM: F-6) , PAGE 2
STATION: DURANGO AIRPORT CO
MONTH: MARCH
YEAR: 2023
LATITUDE: 37 9 N
LONGITUDE: 107 45 W
[TEMPERATURE DATA] [PRECIPITATION DATA] SYMBOLS USED IN COLUMN 16
AVERAGE MONTHLY: 33.1 TOTAL FOR MONTH: 2.84 1 = FOG OR MIST
DPTR FM NORMAL: -4.8 DPTR FM NORMAL: 1.97 2 = FOG REDUCING VISIBILITY
HIGHEST: 58 ON 29 GRTST 24HR 0.75 ON 15-16 TO 1/4 MILE OR LESS
LOWEST: 7 ON 4 3 = THUNDER
SNOW, ICE PELLETS, HAIL 4 = ICE PELLETS
TOTAL MONTH: M 5 = HAIL
GRTST 24HR M ON M 6 = FREEZING RAIN OR DRIZZLE
GRTST DEPTH: M ON M 7 = DUSTSTORM OR SANDSTORM:
VSBY 1/2 MILE OR LESS
8 = SMOKE OR HAZE
[NO. OF DAYS WITH] [WEATHER - DAYS WITH] 9 = BLOWING SNOW
X = TORNADO
MAX 32 OR BELOW: 0 0.01 INCH OR MORE: 13
MAX 90 OR ABOVE: 0 0.10 INCH OR MORE: 8
MIN 32 OR BELOW: 29 0.50 INCH OR MORE: 2
MIN 0 OR BELOW: 0 1.00 INCH OR MORE: 0
[HDD (BASE 65) ]
TOTAL THIS MO. 980 CLEAR (SCALE 0-3) 13
DPTR FM NORMAL 140 PTCLDY (SCALE 4-7) 11
TOTAL FM JUL 1 6246 CLOUDY (SCALE 8-10) 7
DPTR FM NORMAL 308
[CDD (BASE 65) ]
TOTAL THIS MO. 0
DPTR FM NORMAL 0 [PRESSURE DATA]
TOTAL FM JAN 1 0 HIGHEST SLP M ON M
DPTR FM NORMAL 0 LOWEST SLP 29.61 ON 30
[REMARKS]
#FINAL-03-23#