000
CXUS55 KGJT 010910
CF6DRO
PRELIMINARY LOCAL CLIMATOLOGICAL DATA (WS FORM: F-6)
STATION: DURANGO AIRPORT CO
MONTH: JUNE
YEAR: 2022
LATITUDE: 37 9 N
LONGITUDE: 107 45 W
TEMPERATURE IN F: :PCPN: SNOW: WIND :SUNSHINE: SKY :PK WND
================================================================================
1 2 3 4 5 6A 6B 7 8 9 10 11 12 13 14 15 16 17 18
12Z AVG MX 2MIN
DY MAX MIN AVG DEP HDD CDD WTR SNW DPTH SPD SPD DIR MIN PSBL S-S WX SPD DR
================================================================================
1 80 31 56 -2 9 0 0.00 M M 6.2 23 260 M M 0 8 31 280
2 83 37 60 2 5 0 0.00 M M 7.5 22 280 M M 0 30 220
3 83 38 61 3 4 0 0.00 M M 6.4 23 230 M M 0 8 38 300
4 84 36 60 1 5 0 0.00 M M 7.0 23 250 M M 0 33 210
5 84 45 65 6 0 0 0.00 M M 8.9 25 270 M M 0 34 270
6 88 43 66 6 0 1 0.00 M M 7.5 24 270 M M 0 37 280
7 88 47 68 8 0 3 0.00 M M 8.0 24 260 M M 2 34 270
8 92 46 69 9 0 4 0.00 M M 7.2 25 250 M M 0 33 250
9 91 56 74 14 0 9 0.00 M M 8.3 25 270 M M 0 38 280
10 94 46 70 9 0 5 0.00 M M 7.2 22 250 M M 0 43 300
11 96 48 72 11 0 7 0.00 M M 8.8 24 250 M M 0 37 260
12 91 51 71 9 0 6 0.00 M M 8.0 26 250 M M 0 43 250
13 89 46 68 6 0 3 0.00 M M 12.7 32 250 M M 3 8 43 220
14 82 51 67 5 0 2 0.00 M M 10.7 29 250 M M 0 40 250
15 87 39 63 1 2 0 0.00 M M 7.1 21 240 M M 0 32 260
16 95 42 69 6 0 4 0.00 M M 6.9 25 100 M M 0 39 90
17 91 57 74 11 0 9 0.03 M M 9.2 28 270 M M 4 3 38 270
18 80 55 68 4 0 3 0.55 M M 9.0 36 180 M M 7 13 52 180
19 67 53 60 -4 5 0 0.58 M M 7.0 26 290 M M 8 13 35 290
20 76 49 63 -1 2 0 0.00 M M 6.1 20 260 M M 1 26 280
21 84 43 64 0 1 0 T M M 4.6 24 170 M M 1 32 170
22 67 54 61 -4 4 0 0.05 M M 8.5 23 130 M M 6 30 140
23 78 56 67 2 0 2 0.04 M M 4.4 38 280 M M 6 3 49 280
24 84 51 68 3 0 3 T M M 7.2 23 330 M M 1 32 330
25 84 50 67 1 0 2 0.00 M M 5.5 17 120 M M 2 26 110
26 74 53 64 -2 1 0 0.46 M M 8.2 24 10 M M 8 13 31 10
27 75 52 64 -2 1 0 0.00 M M 4.0 9 80 M M 3 14 90
28 81 52 67 0 0 2 0.00 M M 6.1 18 320 M M 1 26 320
29 86 50 68 1 0 3 0.00 M M 4.6 13 330 M M 1 25 320
30 84 57 71 4 0 6 T M M 7.4 20 230 M M 3 8 28 290
================================================================================
SM 2518 1434 39 74 1.71 M 220.2 M 57
================================================================================
AV 83.9 47.8 7.3 FASTST M M 2 MAX(MPH)
MISC ----> 38 280 52 180
================================================================================
NOTES:
# LAST OF SEVERAL OCCURRENCES
COLUMN 17 PEAK WIND IN M.P.H.
PRELIMINARY LOCAL CLIMATOLOGICAL DATA (WS FORM: F-6) , PAGE 2
STATION: DURANGO AIRPORT CO
MONTH: JUNE
YEAR: 2022
LATITUDE: 37 9 N
LONGITUDE: 107 45 W
[TEMPERATURE DATA] [PRECIPITATION DATA] SYMBOLS USED IN COLUMN 16
AVERAGE MONTHLY: 65.9 TOTAL FOR MONTH: 1.71 1 = FOG OR MIST
DPTR FM NORMAL: 3.2 DPTR FM NORMAL: 1.26 2 = FOG REDUCING VISIBILITY
HIGHEST: 96 ON 11 GRTST 24HR 0.96 ON 18-19 TO 1/4 MILE OR LESS
LOWEST: 31 ON 1 3 = THUNDER
SNOW, ICE PELLETS, HAIL 4 = ICE PELLETS
TOTAL MONTH: M 5 = HAIL
GRTST 24HR M ON M 6 = FREEZING RAIN OR DRIZZLE
GRTST DEPTH: M ON M 7 = DUSTSTORM OR SANDSTORM:
VSBY 1/2 MILE OR LESS
8 = SMOKE OR HAZE
[NO. OF DAYS WITH] [WEATHER - DAYS WITH] 9 = BLOWING SNOW
X = TORNADO
MAX 32 OR BELOW: 0 0.01 INCH OR MORE: 6
MAX 90 OR ABOVE: 7 0.10 INCH OR MORE: 3
MIN 32 OR BELOW: 1 0.50 INCH OR MORE: 2
MIN 0 OR BELOW: 0 1.00 INCH OR MORE: 0
[HDD (BASE 65) ]
TOTAL THIS MO. 39 CLEAR (SCALE 0-3) 23
DPTR FM NORMAL -67 PTCLDY (SCALE 4-7) 6
TOTAL FM JUL 1 6469 CLOUDY (SCALE 8-10) 1
DPTR FM NORMAL -562
[CDD (BASE 65) ]
TOTAL THIS MO. 74
DPTR FM NORMAL 38 [PRESSURE DATA]
TOTAL FM JAN 1 74 HIGHEST SLP M ON M
DPTR FM NORMAL 37 LOWEST SLP 29.60 ON 13
[REMARKS]
#FINAL-06-22#