000
CXUS55 KGJT 011010
CF6DRO
PRELIMINARY LOCAL CLIMATOLOGICAL DATA (WS FORM: F-6)
STATION: DURANGO AIRPORT CO
MONTH: FEBRUARY
YEAR: 2022
LATITUDE: 37 9 N
LONGITUDE: 107 45 W
TEMPERATURE IN F: :PCPN: SNOW: WIND :SUNSHINE: SKY :PK WND
================================================================================
1 2 3 4 5 6A 6B 7 8 9 10 11 12 13 14 15 16 17 18
12Z AVG MX 2MIN
DY MAX MIN AVG DEP HDD CDD WTR SNW DPTH SPD SPD DIR MIN PSBL S-S WX SPD DR
================================================================================
1 37 20 29 3 36 0 0.10 M M 3.6 18 250 M M 6 18 23 250
2 29 -4 13 -13 52 0 0.10 M M 5.7 15 250 M M 6 1 20 250
3 24 -8 8 -19 57 0 0.00 M M 5.2 12 10 M M 0 18 120
4 30 -7 12 -15 53 0 0.00 M M 4.6 8 20 M M 0 12 350
5 37 -3 17 -10 48 0 0.00 M M 4.2 10 90 M M 0 14 90
6 39 3 21 -6 44 0 0.00 M M 4.8 14 160 M M 0 19 130
7 42 9 26 -2 39 0 0.00 M M 3.9 10 10 M M 0 12 10
8 48 11 30 2 35 0 0.00 M M 3.4 13 10 M M 0 14 220
9 48 16 32 4 33 0 0.00 M M 4.0 13 10 M M 0 15 360
10 49 21 35 7 30 0 0.00 M M 4.5 10 10 M M 0 14 230
11 54 22 38 9 27 0 0.00 M M 6.3 29 330 M M 0 40 340
12 45 21 33 4 32 0 0.00 M M 5.7 25 350 M M 0 39 340
13 52 18 35 6 30 0 0.00 M M 5.2 17 210 M M 0 22 210
14 53 18 36 6 29 0 0.00 M M 4.5 12 10 M M 0 17 220
15 53 25 39 9 26 0 0.00 M M 3.9 15 210 M M 1 23 90
16 42 26 34 4 31 0 0.09 M M 4.7 20 320 M M 7 123 24 320
17 35 18 27 -3 38 0 0.25 M M 5.5 10 220 M M 6 1 15 230
18 43 11 27 -4 38 0 0.00 M M 3.5 10 60 M M 0 13 80
19 48 18 33 2 32 0 0.00 M M 4.1 12 220 M M 0 15 220
20 52 19 36 5 29 0 0.00 M M 4.2 16 260 M M 0 22 250
21 40 28 34 2 31 0 T M M 8.1 35 260 M M 5 1 54 250
22 40 30 35 3 30 0 0.01 M M 10.0 24 260 M M 10 18 33 250
23 40 24 32 0 33 0 0.04 M M 13.9 36 210 M M 10 1 50 210
24 32 17 25 -7 40 0 T M M 11.4 26 260 M M 4 1 38 260
25 38 13 26 -7 39 0 0.00 M M 4.9 13 240 M M 2 19 230
26 39 11 25 -8 40 0 0.00 M M 4.1 12 250 M M 0 17 280
27 47 13 30 -3 35 0 0.00 M M 3.7 10 260 M M 0 14 250
28 53 18 36 2 29 0 0.00 M M 4.0 12 10 M M 0 15 270
================================================================================
SM 1189 408 1016 0 0.59 M 151.6 M 57
================================================================================
AV 42.5 14.6 5.4 FASTST M M 2 MAX(MPH)
MISC ----> 36 210 54 250
================================================================================
NOTES:
# LAST OF SEVERAL OCCURRENCES
COLUMN 17 PEAK WIND IN M.P.H.
PRELIMINARY LOCAL CLIMATOLOGICAL DATA (WS FORM: F-6) , PAGE 2
STATION: DURANGO AIRPORT CO
MONTH: FEBRUARY
YEAR: 2022
LATITUDE: 37 9 N
LONGITUDE: 107 45 W
[TEMPERATURE DATA] [PRECIPITATION DATA] SYMBOLS USED IN COLUMN 16
AVERAGE MONTHLY: 28.5 TOTAL FOR MONTH: 0.59 1 = FOG OR MIST
DPTR FM NORMAL: -1.2 DPTR FM NORMAL: -0.52 2 = FOG REDUCING VISIBILITY
HIGHEST: 54 ON 11 GRTST 24HR 0.34 ON 16-17 TO 1/4 MILE OR LESS
LOWEST: -8 ON 3 3 = THUNDER
SNOW, ICE PELLETS, HAIL 4 = ICE PELLETS
TOTAL MONTH: M 5 = HAIL
GRTST 24HR M ON M 6 = FREEZING RAIN OR DRIZZLE
GRTST DEPTH: M ON M 7 = DUSTSTORM OR SANDSTORM:
VSBY 1/2 MILE OR LESS
8 = SMOKE OR HAZE
[NO. OF DAYS WITH] [WEATHER - DAYS WITH] 9 = BLOWING SNOW
X = TORNADO
MAX 32 OR BELOW: 4 0.01 INCH OR MORE: 6
MAX 90 OR ABOVE: 0 0.10 INCH OR MORE: 3
MIN 32 OR BELOW: 28 0.50 INCH OR MORE: 0
MIN 0 OR BELOW: 4 1.00 INCH OR MORE: 0
[HDD (BASE 65) ]
TOTAL THIS MO. 1016 CLEAR (SCALE 0-3) 20
DPTR FM NORMAL 28 PTCLDY (SCALE 4-7) 6
TOTAL FM JUL 1 4743 CLOUDY (SCALE 8-10) 2
DPTR FM NORMAL -356
[CDD (BASE 65) ]
TOTAL THIS MO. 0
DPTR FM NORMAL 0 [PRESSURE DATA]
TOTAL FM JAN 1 0 HIGHEST SLP 30.82 ON 4
DPTR FM NORMAL 0 LOWEST SLP 29.62 ON 21
[REMARKS]
#FINAL-02-22#