000
CXUS55 KGJT 010910
CF6DRO
PRELIMINARY LOCAL CLIMATOLOGICAL DATA (WS FORM: F-6)
STATION: DURANGO AIRPORT CO
MONTH: OCTOBER
YEAR: 2021
LATITUDE: 37 9 N
LONGITUDE: 107 45 W
TEMPERATURE IN F: :PCPN: SNOW: WIND :SUNSHINE: SKY :PK WND
================================================================================
1 2 3 4 5 6A 6B 7 8 9 10 11 12 13 14 15 16 17 18
12Z AVG MX 2MIN
DY MAX MIN AVG DEP HDD CDD WTR SNW DPTH SPD SPD DIR MIN PSBL S-S WX SPD DR
================================================================================
1 60 44 52 -2 13 0 0.09 M M 5.0 15 270 M M 8 1 25 280
2 66 39 53 0 12 0 0.00 M M 3.6 12 190 M M 3 18 270
3 70 39 55 2 10 0 0.00 M M 4.1 12 10 M M 0 15 200
4 72 38 55 3 10 0 0.00 M M 2.7 12 10 M M 0 13 10
5 75 40 58 6 7 0 T M M 5.8 21 230 M M 3 29 230
6 65 44 55 4 10 0 0.20 M M 4.6 20 250 M M 5 1 29 250
7 69 39 54 3 11 0 0.00 M M 3.1 13 230 M M 1 24 280
8 66 44 55 5 10 0 0.03 M M 4.4 14 320 M M 4 19 320
9 63 37 50 0 15 0 T M M 8.9 21 260 M M 4 30 260
10 64 34 49 -1 16 0 0.00 M M 8.6 24 260 M M 2 32 250
11 65 30 48 -1 17 0 0.00 M M 5.5 20 170 M M 2 29 180
12 52 33 43 -6 22 0 0.23 M M 11.5 30 230 M M 9 1 44 200
13 45 29 37 -11 28 0 0.00 M M 4.0 12 260 M M 5 15 260
14 51 29 40 -8 25 0 T M M 7.1 29 300 M M 5 39 310
15 52 23 38 -9 27 0 0.00 M M 3.7 10 220 M M 0 15 10
16 65 24 45 -2 20 0 0.00 M M 2.4 12 10 M M 0 14 20
17 68 26 47 0 18 0 0.00 M M 3.9 12 180 M M 1 16 180
18 66 37 52 6 13 0 0.00 M M 9.4 24 210 M M 2 37 210
19 54 29 42 -4 23 0 0.05 M M 8.5 21 260 M M 4 29 290
20 61 25 43 -2 22 0 0.00 M M 3.5 14 220 M M 0 18 230
21 63 25 44 -1 21 0 0.00 M M 3.5 12 10 M M 0 16 220
22 66 25 46 1 19 0 0.00 M M 3.8 12 220 M M 0 18 260
23 61 27 44 0 21 0 0.00 M M 4.2 18 340 M M 3 24 340
24 64 37 51 7 14 0 0.00 M M 4.1 18 210 M M 3 23 250
25 70 31 51 8 14 0 0.00 M M 4.3 15 190 M M 0 20 190
26 54 32 43 0 22 0 0.14 M M 16.2 36 280 M M 5 1 54 210
27 54 26 40 -3 25 0 0.00 M M 9.2 25 270 M M 0 37 260
28 59 22 41 -1 24 0 0.00 M M 4.6 12 220 M M 0 18 220
29 66 25 46 4 19 0 0.00 M M 4.0 13 140 M M 0 17 240
30 66 24 45 3 20 0 0.00 M M 5.2 17 270 M M 0 23 260
31 64 29 47 6 18 0 0.00 M M 4.1 12 270 M M 1 19 270
================================================================================
SM 1936 986 546 0 0.74 M 173.5 M 70
================================================================================
AV 62.5 31.8 5.6 FASTST M M 2 MAX(MPH)
MISC ----> 36 280 54 210
================================================================================
NOTES:
# LAST OF SEVERAL OCCURRENCES
COLUMN 17 PEAK WIND IN M.P.H.
PRELIMINARY LOCAL CLIMATOLOGICAL DATA (WS FORM: F-6) , PAGE 2
STATION: DURANGO AIRPORT CO
MONTH: OCTOBER
YEAR: 2021
LATITUDE: 37 9 N
LONGITUDE: 107 45 W
[TEMPERATURE DATA] [PRECIPITATION DATA] SYMBOLS USED IN COLUMN 16
AVERAGE MONTHLY: 47.1 TOTAL FOR MONTH: 0.74 1 = FOG OR MIST
DPTR FM NORMAL: 0.0 DPTR FM NORMAL: -0.67 2 = FOG REDUCING VISIBILITY
HIGHEST: 75 ON 5 GRTST 24HR 0.75 ON 30- 1 TO 1/4 MILE OR LESS
LOWEST: 22 ON 28 3 = THUNDER
SNOW, ICE PELLETS, HAIL 4 = ICE PELLETS
TOTAL MONTH: M 5 = HAIL
GRTST 24HR M ON M 6 = FREEZING RAIN OR DRIZZLE
GRTST DEPTH: M ON M 7 = DUSTSTORM OR SANDSTORM:
VSBY 1/2 MILE OR LESS
8 = SMOKE OR HAZE
[NO. OF DAYS WITH] [WEATHER - DAYS WITH] 9 = BLOWING SNOW
X = TORNADO
MAX 32 OR BELOW: 0 0.01 INCH OR MORE: 6
MAX 90 OR ABOVE: 0 0.10 INCH OR MORE: 3
MIN 32 OR BELOW: 18 0.50 INCH OR MORE: 0
MIN 0 OR BELOW: 0 1.00 INCH OR MORE: 0
[HDD (BASE 65) ]
TOTAL THIS MO. 546 CLEAR (SCALE 0-3) 21
DPTR FM NORMAL -7 PTCLDY (SCALE 4-7) 9
TOTAL FM JUL 1 656 CLOUDY (SCALE 8-10) 1
DPTR FM NORMAL -96
[CDD (BASE 65) ]
TOTAL THIS MO. 0
DPTR FM NORMAL 0 [PRESSURE DATA]
TOTAL FM JAN 1 455 HIGHEST SLP M ON M
DPTR FM NORMAL 165 LOWEST SLP 29.39 ON 12
[REMARKS]
#FINAL-10-21#