000
CXUS55 KGJT 010910
CF6DRO
PRELIMINARY LOCAL CLIMATOLOGICAL DATA (WS FORM: F-6)
STATION: DURANGO AIRPORT CO
MONTH: JUNE
YEAR: 2021
LATITUDE: 37 9 N
LONGITUDE: 107 45 W
TEMPERATURE IN F: :PCPN: SNOW: WIND :SUNSHINE: SKY :PK WND
================================================================================
1 2 3 4 5 6A 6B 7 8 9 10 11 12 13 14 15 16 17 18
12Z AVG MX 2MIN
DY MAX MIN AVG DEP HDD CDD WTR SNW DPTH SPD SPD DIR MIN PSBL S-S WX SPD DR
================================================================================
1 77 37 57 -1 8 0 0.00 M M 5.6 18 270 M M 0 26 230
2 81 43 62 4 3 0 0.00 M M 5.7 28 140 M M 0 38 140
3 80 42 61 3 4 0 T M M 6.6 25 50 M M 3 3 35 70
4 86 45 66 7 0 1 0.00 M M 5.2 22 60 M M 0 3 32 60
5 87 54 71 12 0 6 0.02 M M 6.9 36 20 M M 1 3 54 360
6 89 47 68 8 0 3 0.00 M M 7.1 24 250 M M 1 30 20
7 85 47 66 6 0 1 0.00 M M 7.1 18 250 M M 0 32 270
8 83 39 61 1 4 0 0.00 M M 6.0 22 220 M M 0 29 260
9 86 35 61 1 4 0 0.00 M M 5.5 14 210 M M 0 20 90
10 86 39 63 2 2 0 0.00 M M 7.8 23 250 M M 0 33 200
11 87 38 63 2 2 0 0.00 M M 6.5 20 270 M M 0 36 280
12 91 40 66 4 0 1 0.00 M M 6.7 18 240 M M 0 31 230
13 93 40 67 5 0 2 0.00 M M 6.6 21 260 M M 0 28 260
14 94 43 69 7 0 4 0.00 M M 5.5 20 260 M M 0 27 260
15 97 48 73 11 0 8 0.00 M M 7.1 26 130 M M 0 37 140
16 97 53 75 12 0 10 0.00 M M 5.4 24 40 M M 0 33 50
17 98 54 76 13 0 11 T M M 6.8 31 60 M M 0 41 70
18 94 56 75 11 0 10 T M M 8.2 25 10 M M 2 3 40 300
19 93 57 75 11 0 10 0.00 M M 9.0 29 320 M M 0 40 310
20 92 55 74 10 0 9 0.00 M M 6.9 32 320 M M 0 44 320
21 93 50 72 8 0 7 0.00 M M 8.3 31 290 M M 0 42 280
22 91 51 71 6 0 6 0.00 M M 7.8 24 260 M M 0 39 270
23 86 54 70 5 0 5 T M M 8.9 35 280 M M 2 50 280
24 84 50 67 2 0 2 0.00 M M 6.3 23 260 M M 1 37 260
25 75 50 63 -3 2 0 0.01 M M 7.5 25 320 M M 4 35 320
26 81 43 62 -4 3 0 0.00 M M 5.9 24 280 M M 1 33 10
27 77 51 64 -2 1 0 0.01 M M 8.9 26 140 M M 6 37 140
28 77 44 61 -6 4 0 0.07 M M 5.4 28 40 M M 5 1 34 40
29 74 52 63 -4 2 0 0.21 M M 5.6 21 130 M M 7 1 34 230
30 80 55 68 1 0 3 0.02 M M 4.7 13 230 M M 5 1 19 320
================================================================================
SM 2594 1412 39 99 0.34 M 201.5 M 38
================================================================================
AV 86.5 47.1 6.7 FASTST M M 1 MAX(MPH)
MISC ----> 36 20 54 360
================================================================================
NOTES:
# LAST OF SEVERAL OCCURRENCES
COLUMN 17 PEAK WIND IN M.P.H.
PRELIMINARY LOCAL CLIMATOLOGICAL DATA (WS FORM: F-6) , PAGE 2
STATION: DURANGO AIRPORT CO
MONTH: JUNE
YEAR: 2021
LATITUDE: 37 9 N
LONGITUDE: 107 45 W
[TEMPERATURE DATA] [PRECIPITATION DATA] SYMBOLS USED IN COLUMN 16
AVERAGE MONTHLY: 66.8 TOTAL FOR MONTH: 0.34 1 = FOG OR MIST
DPTR FM NORMAL: 4.1 DPTR FM NORMAL: -0.11 2 = FOG REDUCING VISIBILITY
HIGHEST: 98 ON 17 GRTST 24HR 0.28 ON 28-29 TO 1/4 MILE OR LESS
LOWEST: 35 ON 9 3 = THUNDER
SNOW, ICE PELLETS, HAIL 4 = ICE PELLETS
TOTAL MONTH: M 5 = HAIL
GRTST 24HR M ON M 6 = FREEZING RAIN OR DRIZZLE
GRTST DEPTH: M ON M 7 = DUSTSTORM OR SANDSTORM:
VSBY 1/2 MILE OR LESS
8 = SMOKE OR HAZE
[NO. OF DAYS WITH] [WEATHER - DAYS WITH] 9 = BLOWING SNOW
X = TORNADO
MAX 32 OR BELOW: 0 0.01 INCH OR MORE: 6
MAX 90 OR ABOVE: 11 0.10 INCH OR MORE: 1
MIN 32 OR BELOW: 0 0.50 INCH OR MORE: 0
MIN 0 OR BELOW: 0 1.00 INCH OR MORE: 0
[HDD (BASE 65) ]
TOTAL THIS MO. 39 CLEAR (SCALE 0-3) 25
DPTR FM NORMAL -67 PTCLDY (SCALE 4-7) 5
TOTAL FM JUL 1 6870 CLOUDY (SCALE 8-10) 0
DPTR FM NORMAL -161
[CDD (BASE 65) ]
TOTAL THIS MO. 99
DPTR FM NORMAL 63 [PRESSURE DATA]
TOTAL FM JAN 1 99 HIGHEST SLP M ON M
DPTR FM NORMAL 62 LOWEST SLP 29.67 ON 6
[REMARKS]
#FINAL-06-21#