000
CXUS55 KGJT 021809
CF6DRO
PRELIMINARY LOCAL CLIMATOLOGICAL DATA (WS FORM: F-6)
STATION: DURANGO AIRPORT CO
MONTH: OCTOBER
YEAR: 2020
LATITUDE: 37 9 N
LONGITUDE: 107 45 W
TEMPERATURE IN F: :PCPN: SNOW: WIND :SUNSHINE: SKY :PK WND
================================================================================
1 2 3 4 5 6A 6B 7 8 9 10 11 12 13 14 15 16 17 18
12Z AVG MX 2MIN
DY MAX MIN AVG DEP HDD CDD WTR SNW DPTH SPD SPD DIR MIN PSBL S-S WX SPD DR
================================================================================
1 79 33 56 3 9 0 0.00 M M 4.6 18 250 M M 0 26 260
2 76 33 55 3 10 0 0.00 M M 7.3 22 210 M M 0 30 210
3 77 32 55 3 10 0 0.00 M M 6.4 20 230 M M 0 27 220
4 77 35 56 4 9 0 0.00 M M 6.0 22 260 M M 0 28 230
5 81 32 57 6 8 0 0.00 M M 6.7 23 270 M M 0 34 270
6 79 35 57 6 8 0 0.00 M M 4.8 13 260 M M 0 8 19 250
7 80 32 56 6 9 0 0.00 M M 4.1 15 250 M M 0 23 250
8 79 32 56 6 9 0 0.00 M M 6.3 22 250 M M 0 31 220
9 77 32 55 5 10 0 0.00 M M 3.8 14 250 M M 0 20 260
10 76 34 55 6 10 0 0.00 M M 5.2 17 230 M M 0 25 250
11 71 32 52 3 13 0 0.00 M M 11.5 37 280 M M 0 49 290
12 71 26 49 1 16 0 0.00 M M 7.1 21 260 M M 0 28 260
13 75 27 51 3 14 0 0.00 M M 5.4 18 220 M M 0 24 210
14 79 29 54 6 11 0 0.00 M M 11.2 31 270 M M 0 43 280
15 77 36 57 10 8 0 0.00 M M 10.0 32 270 M M 0 8 53 250
16 68 28 48 1 17 0 0.00 M M 6.3 18 260 M M 0 23 250
17 73 27 50 4 15 0 0.00 M M 11.6 35 270 M M 0 45 250
18 75 32 54 8 11 0 0.00 M M 9.5 28 260 M M 0 39 250
19 76 32 54 8 11 0 0.00 M M 8.0 24 260 M M 0 35 250
20 73 28 51 6 14 0 0.00 M M 6.0 18 220 M M 0 25 180
21 73 28 51 6 14 0 0.00 M M 4.8 20 260 M M 0 27 260
22 71 27 49 5 16 0 0.00 M M 6.6 26 260 M M 0 34 250
23 69 28 49 5 16 0 0.00 M M 6.7 25 260 M M 0 36 260
24 68 29 49 5 16 0 0.00 M M 7.5 25 260 M M 0 39 250
25 62 38 50 7 15 0 0.19 M M 10.1 48 260 M M 5 13 68 260
26 40 27 34 -9 31 0 0.03 M M 7.0 17 220 M M 9 1 23 230
27 37 21 29 -13 36 0 0.00 M M 4.1 16 210 M M 6 1 20 210
28 48 26 37 -5 28 0 0.00 M M 5.4 13 220 M M 4 16 220
29 57 22 40 -2 25 0 0.00 M M 4.6 13 260 M M 0 17 250
30 62 24 43 2 22 0 0.00 M M 4.1 14 260 M M 0 18 220
31 65 22 44 3 21 0 0.00 M M 4.6 15 170 M M 0 21 180
================================================================================
SM 2171 919 462 0 0.22 M 207.3 M 24
================================================================================
AV 70.0 29.7 6.7 FASTST M M 1 MAX(MPH)
MISC ----> # 48 260 # 68 260
================================================================================
NOTES:
# LAST OF SEVERAL OCCURRENCES
COLUMN 17 PEAK WIND IN M.P.H.
PRELIMINARY LOCAL CLIMATOLOGICAL DATA (WS FORM: F-6) , PAGE 2
STATION: DURANGO AIRPORT CO
MONTH: OCTOBER
YEAR: 2020
LATITUDE: 37 9 N
LONGITUDE: 107 45 W
[TEMPERATURE DATA] [PRECIPITATION DATA] SYMBOLS USED IN COLUMN 16
AVERAGE MONTHLY: 49.8 TOTAL FOR MONTH: 0.22 1 = FOG OR MIST
DPTR FM NORMAL: 3.0 DPTR FM NORMAL: -1.12 2 = FOG REDUCING VISIBILITY
HIGHEST: 81 ON 5 GRTST 24HR 0.19 ON 25-25 TO 1/4 MILE OR LESS
LOWEST: 21 ON 27 3 = THUNDER
SNOW, ICE PELLETS, HAIL 4 = ICE PELLETS
TOTAL MONTH: M 5 = HAIL
GRTST 24HR M ON M 6 = FREEZING RAIN OR DRIZZLE
GRTST DEPTH: M ON M 7 = DUSTSTORM OR SANDSTORM:
VSBY 1/2 MILE OR LESS
8 = SMOKE OR HAZE
[NO. OF DAYS WITH] [WEATHER - DAYS WITH] 9 = BLOWING SNOW
X = TORNADO
MAX 32 OR BELOW: 0 0.01 INCH OR MORE: 2
MAX 90 OR ABOVE: 0 0.10 INCH OR MORE: 1
MIN 32 OR BELOW: 24 0.50 INCH OR MORE: 0
MIN 0 OR BELOW: 0 1.00 INCH OR MORE: 0
[HDD (BASE 65) ]
TOTAL THIS MO. 462 CLEAR (SCALE 0-3) 27
DPTR FM NORMAL -102 PTCLDY (SCALE 4-7) 3
TOTAL FM JUL 1 631 CLOUDY (SCALE 8-10) 1
DPTR FM NORMAL -157
[CDD (BASE 65) ]
TOTAL THIS MO. 0
DPTR FM NORMAL 0 [PRESSURE DATA]
TOTAL FM JAN 1 445 HIGHEST SLP 30.46 ON 31
DPTR FM NORMAL 202 LOWEST SLP 29.56 ON 25
[REMARKS]
#FINAL-10-20#