000
CXUS55 KGJT 011000
CF6DRO
PRELIMINARY LOCAL CLIMATOLOGICAL DATA (WS FORM: F-6)
STATION: DURANGO AIRPORT CO
MONTH: APRIL
YEAR: 2020
LATITUDE: 37 9 N
LONGITUDE: 107 45 W
TEMPERATURE IN F: :PCPN: SNOW: WIND :SUNSHINE: SKY :PK WND
================================================================================
1 2 3 4 5 6A 6B 7 8 9 10 11 12 13 14 15 16 17 18
12Z AVG MX 2MIN
DY MAX MIN AVG DEP HDD CDD WTR SNW DPTH SPD SPD DIR MIN PSBL S-S WX SPD DR
================================================================================
1 63 29 46 4 19 0 0.00 M M 6.3 23 260 M M 1 31 260
2 62 28 45 3 20 0 0.00 M M 10.8 30 260 M M 4 43 270
3 56 28 42 0 23 0 0.00 M M 6.5 20 260 M M 2 28 280
4 61 32 47 5 18 0 0.00 M M 7.1 23 230 M M 7 33 220
5 63 26 45 3 20 0 0.00 M M 6.4 20 220 M M 2 28 260
6 64 24 44 1 21 0 0.00 M M 7.0 21 220 M M 0 26 260
7 65 22 44 1 21 0 0.00 M M 6.0 20 250 M M 0 29 230
8 67 25 46 3 19 0 0.00 M M 3.7 16 210 M M 1 23 250
9 68 34 51 8 14 0 0.00 M M 7.2 21 230 M M 4 32 260
10 62 27 45 1 20 0 0.00 M M 5.2 20 270 M M 1 27 230
11 63 21 42 -2 23 0 0.00 M M 8.0 24 270 M M 0 35 210
12 57 30 44 0 21 0 0.00 M M 10.9 31 250 M M 2 46 290
13 51 27 39 -5 26 0 0.00 M M 13.6 36 290 M M 2 48 320
14 50 21 36 -8 29 0 0.00 M M 8.8 28 290 M M 0 37 290
15 56 15 36 -8 29 0 0.00 M M 8.4 26 260 M M 1 42 230
16 62 26 44 -1 21 0 0.00 M M 12.2 36 250 M M 5 47 260
17 63 29 46 1 19 0 0.00 M M 9.7 28 260 M M 2 38 250
18 60 31 46 1 19 0 0.00 M M 8.0 21 260 M M 6 32 220
19 62 26 44 -2 21 0 T M M 8.8 26 260 M M 3 33 280
20 63 32 48 2 17 0 T M M 8.5 23 300 M M 4 37 220
21 63 34 49 3 16 0 0.08 M M 8.8 30 250 M M 6 3 39 270
22 65 27 46 0 19 0 0.00 M M 8.9 35 340 M M 1 46 340
23 67 26 47 1 18 0 0.00 M M 10.6 29 310 M M 1 40 330
24 66 35 51 4 14 0 0.00 M M 11.5 30 270 M M 0 42 270
25 71 26 49 2 16 0 0.00 M M 5.5 25 250 M M 0 33 260
26 74 33 54 7 11 0 0.00 M M 7.4 26 280 M M 0 36 230
27 77 34 56 8 9 0 0.00 M M 7.0 26 260 M M 0 37 290
28 77 34 56 8 9 0 0.00 M M 8.9 24 10 M M 0 32 10
29 79 36 58 10 7 0 0.00 M M 5.7 15 270 M M 0 20 230
30 81 38 60 12 5 0 0.00 M M 5.8 25 290 M M 0 37 300
================================================================================
SM 1938 856 544 0 0.08 M 243.2 M 55
================================================================================
AV 64.6 28.5 8.1 FASTST M M 2 MAX(MPH)
MISC ----> # 36 290 # 48 320
================================================================================
NOTES:
# LAST OF SEVERAL OCCURRENCES
COLUMN 17 PEAK WIND IN M.P.H.
PRELIMINARY LOCAL CLIMATOLOGICAL DATA (WS FORM: F-6) , PAGE 2
STATION: DURANGO AIRPORT CO
MONTH: APRIL
YEAR: 2020
LATITUDE: 37 9 N
LONGITUDE: 107 45 W
[TEMPERATURE DATA] [PRECIPITATION DATA] SYMBOLS USED IN COLUMN 16
AVERAGE MONTHLY: 46.6 TOTAL FOR MONTH: 0.08 1 = FOG OR MIST
DPTR FM NORMAL: 1.8 DPTR FM NORMAL: -1.02 2 = FOG REDUCING VISIBILITY
HIGHEST: 81 ON 30 GRTST 24HR 0.08 ON 21-21 TO 1/4 MILE OR LESS
LOWEST: 15 ON 15 3 = THUNDER
SNOW, ICE PELLETS, HAIL 4 = ICE PELLETS
TOTAL MONTH: M 5 = HAIL
GRTST 24HR M ON M 6 = FREEZING RAIN OR DRIZZLE
GRTST DEPTH: M ON M 7 = DUSTSTORM OR SANDSTORM:
VSBY 1/2 MILE OR LESS
8 = SMOKE OR HAZE
[NO. OF DAYS WITH] [WEATHER - DAYS WITH] 9 = BLOWING SNOW
X = TORNADO
MAX 32 OR BELOW: 0 0.01 INCH OR MORE: 1
MAX 90 OR ABOVE: 0 0.10 INCH OR MORE: 0
MIN 32 OR BELOW: 22 0.50 INCH OR MORE: 0
MIN 0 OR BELOW: 0 1.00 INCH OR MORE: 0
[HDD (BASE 65) ]
TOTAL THIS MO. 544 CLEAR (SCALE 0-3) 23
DPTR FM NORMAL -63 PTCLDY (SCALE 4-7) 7
TOTAL FM JUL 1 6466 CLOUDY (SCALE 8-10) 0
DPTR FM NORMAL -170
[CDD (BASE 65) ]
TOTAL THIS MO. 0
DPTR FM NORMAL 0 [PRESSURE DATA]
TOTAL FM JAN 1 0 HIGHEST SLP 30.20 ON 14
DPTR FM NORMAL 0 LOWEST SLP 29.58 ON 12
[REMARKS]
#FINAL-04-20#