000
CXUS55 KGJT 011123
CLMDRO
CLIMATE REPORT
NATIONAL WEATHER SERVICE GRAND JUNCTION CO
523 AM MDT MON APR 01 2024
...................................
...THE DURANGO AIRPORT CO CLIMATE SUMMARY FOR THE MONTH OF MARCH 2024...
CLIMATE NORMAL PERIOD 1991 TO 2020
CLIMATE RECORD PERIOD 9999 TO 9999
WEATHER OBSERVED NORMAL DEPART LAST YEAR`S
VALUE DATE(S) VALUE FROM VALUE DATE(S)
NORMAL
................................................................
TEMPERATURE (F)
HIGHEST 65 03/30 MM MM 58 03/29
LOWEST 18 03/10 MM MM 7 03/04
03/27
AVG. MAXIMUM 52.7 53.2 -0.5 43.6
AVG. MINIMUM 25.7 22.6 3.1 22.7
MEAN 39.2 37.9 1.3 33.1
DAYS MAX >= 90 0 0.0 0.0 0
DAYS MAX <= 32 0 0.4 -0.4 0
DAYS MIN <= 32 30 29.7 0.3 29
DAYS MIN <= 0 0 0.3 -0.3 0
PRECIPITATION (INCHES)
TOTALS 1.12 0.87 0.25 2.84
DAILY AVG. 0.04 0.03 0.01 0.09
DAYS >= .01 11 6.1 4.9 13
DAYS >= .10 5 2.7 2.3 8
DAYS >= .50 0 0.3 -0.3 2
DAYS >= 1.00 0 0.0 0.0 0
GREATEST
24 HR. TOTAL 0.30 03/15 TO 03/16 0.75
SNOWFALL (INCHES)
TOTALS MM MM MM MM
SINCE 7/1 MM MM MM MM
SNOWDEPTH AVG. MM MM
DAYS >= 1.0 MM MM MM MM
GREATEST
SNOW DEPTH MM MM MM
24 HR TOTAL MM MM
DEGREE DAYS
HEATING TOTAL 793 840 -47 980
SINCE 7/1 5354 5938 -584 6246
COOLING TOTAL 0 0 0 0
SINCE 1/1 0 0 0 0
................................................................
WIND (MPH)
AVERAGE WIND SPEED 6.8
HIGHEST WIND SPEED/DIRECTION 35/250 DATE 03/02
HIGHEST GUST SPEED/DIRECTION 48/250 DATE 03/02
48/220 03/23
SKY COVER
POSSIBLE SUNSHINE (PERCENT) MM
AVERAGE SKY COVER 0.41
NUMBER OF DAYS FAIR 17
NUMBER OF DAYS PC 7
NUMBER OF DAYS CLOUDY 7
AVERAGE RH (PERCENT) 60
WEATHER CONDITIONS. NUMBER OF DAYS WITH
THUNDERSTORM 3 MIXED PRECIP 0
HEAVY RAIN 2 RAIN 2
LIGHT RAIN 13 FREEZING RAIN 0
LT FREEZING RAIN 0 HAIL 0
HEAVY SNOW 1 SNOW 5
LIGHT SNOW 10 SLEET 0
FOG 11 FOG W/VIS <= 1/4 MILE 4
HAZE 3
- INDICATES NEGATIVE NUMBERS.
R INDICATES RECORD WAS SET OR TIED.
MM INDICATES DATA IS MISSING.
T INDICATES TRACE AMOUNT.
$$