000
CXUS55 KGJT 011140
CLMDRO
CLIMATE REPORT
NATIONAL WEATHER SERVICE GRAND JUNCTION CO
540 AM MDT TUE AUG 01 2023
...................................
...THE DURANGO AIRPORT CO CLIMATE SUMMARY FOR THE MONTH OF JULY 2023...
CLIMATE NORMAL PERIOD 1991 TO 2020
CLIMATE RECORD PERIOD 9999 TO 9999
WEATHER OBSERVED NORMAL DEPART LAST YEAR`S
VALUE DATE(S) VALUE FROM VALUE DATE(S)
NORMAL
................................................................
TEMPERATURE (F)
HIGHEST 99 07/17 MM MM 96 07/19
07/20
07/23
LOWEST 41 07/06 MM MM 49 07/08
07/09
AVG. MAXIMUM 93.4 86.8 6.6 88.4
AVG. MINIMUM 51.4 52.3 -0.9 56.4
MEAN 72.4 69.5 2.9 72.4
DAYS MAX >= 90 30 11.4 18.6 15
DAYS MAX <= 32 0 0.0 0.0 0
DAYS MIN <= 32 0 0.0 0.0 0
DAYS MIN <= 0 0 0.0 0.0 0
PRECIPITATION (INCHES)
TOTALS 0.08 1.23 -1.15 2.04
DAILY AVG. 0.00 0.04 -0.04 0.07
DAYS >= .01 2 9.6 -7.6 15
DAYS >= .10 0 4.0 -4.0 4
DAYS >= .50 0 0.3 -0.3 1
DAYS >= 1.00 0 0.0 0.0 0
GREATEST
24 HR. TOTAL 0.07 07/27 TO 07/27 0.86
SNOWFALL (INCHES)
TOTALS MM MM MM MM
SINCE 7/1 MM MM MM MM
SNOWDEPTH AVG. MM MM
DAYS >= 1.0 MM MM MM MM
GREATEST
SNOW DEPTH MM MM MM
24 HR TOTAL MM MM
DEGREE DAYS
HEATING TOTAL 0 6 -6 0
SINCE 7/1 0 2 -2 0
COOLING TOTAL 239 147 92 236
SINCE 1/1 245 184 61 310
................................................................
WIND (MPH)
AVERAGE WIND SPEED 6.8
HIGHEST WIND SPEED/DIRECTION 32/030 DATE 07/30
HIGHEST GUST SPEED/DIRECTION 44/260 DATE 07/05
44/020 07/23
SKY COVER
POSSIBLE SUNSHINE (PERCENT) MM
AVERAGE SKY COVER 0.04
NUMBER OF DAYS FAIR 30
NUMBER OF DAYS PC 1
NUMBER OF DAYS CLOUDY 0
AVERAGE RH (PERCENT) 36
WEATHER CONDITIONS. NUMBER OF DAYS WITH
THUNDERSTORM 5 MIXED PRECIP 0
HEAVY RAIN 0 RAIN 1
LIGHT RAIN 7 FREEZING RAIN 0
LT FREEZING RAIN 0 HAIL 0
HEAVY SNOW 0 SNOW 0
LIGHT SNOW 0 SLEET 0
FOG 0 FOG W/VIS <= 1/4 MILE 0
HAZE 1
- INDICATES NEGATIVE NUMBERS.
R INDICATES RECORD WAS SET OR TIED.
MM INDICATES DATA IS MISSING.
T INDICATES TRACE AMOUNT.
$$