000
CXUS54 KFWD 010730
CF6DTO
PRELIMINARY LOCAL CLIMATOLOGICAL DATA (WS FORM: F-6)
STATION: DENTON
MONTH: OCTOBER
YEAR: 2022
LATITUDE: 33 12 N
LONGITUDE: 97 12 W
TEMPERATURE IN F: :PCPN: SNOW: WIND :SUNSHINE: SKY :PK WND
================================================================================
1 2 3 4 5 6A 6B 7 8 9 10 11 12 13 14 15 16 17 18
12Z AVG MX 2MIN
DY MAX MIN AVG DEP HDD CDD WTR SNW DPTH SPD SPD DIR MIN PSBL S-S WX SPD DR
================================================================================
1 83 45 64 -7 1 0 0.00 M M 3.6 15 90 M M 0 20 90
2 85 46 66 -4 0 1 0.00 M M 2.5 13 130 M M 0 17 110
3 85 46 66 -4 0 1 0.00 M M 3.2 13 100 M M 0 19 90
4 86 48 67 -3 0 2 0.00 M M 3.5 14 170 M M 0 17 170
5 89 50 70 1 0 5 0.00 M M 2.4 12 90 M M 0 16 70
6 91 52 72 3 0 7 0.00 M M 2.5 10 360 M M 1 16 350
7 88 56 72 3 0 7 0.00 M M 6.5 18 10 M M 4 24 30
8 75 54 65 -3 0 0 0.00 M M 8.4 18 20 M M 5 24 20
9 81 52 67 -1 0 2 0.00 M M 3.5 12 140 M M 2 15 140
10 88 55 72 5 0 7 0.00 M M 7.0 20 180 M M 1 26 170
11 82 64 73 6 0 8 0.10 M M 9.2 25 170 M M 6 8 31 170
12 93 63 78 11 0 13 0.00 M M 8.9 18 250 M M 0 25 240
13 83 47 65 -1 0 0 0.00 M M 6.4 15 360 M M 0 21 350
14 88 44 66 0 0 1 0.00 M M 6.8 17 200 M M 0 27 190
15 94 64 79 13 0 14 0.00 M M 10.9 21 180 M M 0 30 170
16 79 62 71 6 0 6 0.26 M M 8.9 31 30 M M 7 13 41 30
17 70 45 58 -7 7 0 0.00 M M 9.5 20 10 M M 3 27 20
18 65 39 52 -12 13 0 0.00 M M 6.4 17 10 M M 0 24 360
19 68 33 51 -13 14 0 0.00 M M 3.7 10 150 M M 0 17 180
20 85 45 65 1 0 0 0.00 M M 6.4 16 260 M M 0 22 250
21 92 41 67 4 0 2 0.00 M M 8.9 23 180 M M 0 29 170
22 88 63 76 13 0 11 0.00 M M 19.0 30 180 M M 0 8 39 180
23 86 68 77 15 0 12 0.00 M M 19.9 33 170 M M 1 48 160
24 76 58 67 5 0 2 1.42 M M 11.9 29 210 M M 9 13 40 230
25 70 43 57 -5 8 0 0.00 M M 12.4 29 310 M M 3 45 270
26 72 40 56 -5 9 0 0.00 M M 4.0 13 130 M M 0 16 110
27 74 46 60 -1 5 0 0.00 M M 10.2 18 160 M M 1 27 150
28 63 52 58 -3 7 0 1.77 M M 12.8 38 60 M M 10 13 59 70
29 65 53 59 -1 6 0 0.11 M M 10.0 16 360 M M 10 1 22 300
30 76 48 62 2 3 0 0.00 M M 6.6 15 330 M M 0 23 330
31 77 43 60 0 5 0 0.00 M M 1.8 9 180 M M 0 13 140
================================================================================
SM 2497 1565 78 101 3.66 M 237.7 M 63
================================================================================
AV 80.5 50.5 7.7 FASTST M M 2 MAX(MPH)
MISC ----> 38 60 59 70
================================================================================
NOTES:
# LAST OF SEVERAL OCCURRENCES
COLUMN 17 PEAK WIND IN M.P.H.
PRELIMINARY LOCAL CLIMATOLOGICAL DATA (WS FORM: F-6) , PAGE 2
STATION: DENTON
MONTH: OCTOBER
YEAR: 2022
LATITUDE: 33 12 N
LONGITUDE: 97 12 W
[TEMPERATURE DATA] [PRECIPITATION DATA] SYMBOLS USED IN COLUMN 16
AVERAGE MONTHLY: 65.5 TOTAL FOR MONTH: 3.66 1 = FOG OR MIST
DPTR FM NORMAL: 0.3 DPTR FM NORMAL: -0.51 2 = FOG REDUCING VISIBILITY
HIGHEST: 94 ON 15 GRTST 24HR 1.85 ON 28-29 TO 1/4 MILE OR LESS
LOWEST: 33 ON 19 3 = THUNDER
SNOW, ICE PELLETS, HAIL 4 = ICE PELLETS
TOTAL MONTH: M 5 = HAIL
GRTST 24HR M ON M 6 = FREEZING RAIN OR DRIZZLE
GRTST DEPTH: M ON M 7 = DUSTSTORM OR SANDSTORM:
VSBY 1/2 MILE OR LESS
8 = SMOKE OR HAZE
[NO. OF DAYS WITH] [WEATHER - DAYS WITH] 9 = BLOWING SNOW
X = TORNADO
MAX 32 OR BELOW: 0 0.01 INCH OR MORE: 5
MAX 90 OR ABOVE: 4 0.10 INCH OR MORE: 5
MIN 32 OR BELOW: 0 0.50 INCH OR MORE: 2
MIN 0 OR BELOW: 0 1.00 INCH OR MORE: 2
[HDD (BASE 65) ]
TOTAL THIS MO. 78 CLEAR (SCALE 0-3) 24
DPTR FM NORMAL -29 PTCLDY (SCALE 4-7) 4
TOTAL FM JUL 1 78 CLOUDY (SCALE 8-10) 3
DPTR FM NORMAL -36
[CDD (BASE 65) ]
TOTAL THIS MO. 101
DPTR FM NORMAL -11 [PRESSURE DATA]
TOTAL FM JAN 1 3054 HIGHEST SLP M ON M
DPTR FM NORMAL 600 LOWEST SLP 29.61 ON 24
[REMARKS]
#FINAL-10-22#