683
CXUS53 KDTX 032003
CF6DTW
PRELIMINARY LOCAL CLIMATOLOGICAL DATA (WS FORM: F-6)
STATION: DETROIT MI
MONTH: JANUARY
YEAR: 2021
LATITUDE: 42 13 N
LONGITUDE: 83 20 W
TEMPERATURE IN F: :PCPN: SNOW: WIND :SUNSHINE: SKY :PK WND
================================================================================
1 2 3 4 5 6A 6B 7 8 9 10 11 12 13 14 15 16 17 18
12Z AVG MX 2MIN
DY MAX MIN AVG DEP HDD CDD WTR SNW DPTH SPD SPD DIR MIN PSBL S-S WX SPD DR
================================================================================
1 33 22 28 2 37 0 0.30 0.1 0 8.3 20 60 M M 9 1468 29 70
2 35 32 34 8 31 0 0.03 T T 5.2 9 120 M M 10 1 14 340
3 35 32 34 8 31 0 0.16 1.3 1 4.0 12 250 M M 10 18 14 60
4 34 31 33 7 32 0 T T T 7.1 14 220 M M 10 18 16 220
5 34 30 32 6 33 0 T T 0 4.4 12 320 M M 10 1268 14 320
6 39 33 36 10 29 0 0.00 0.0 0 5.5 10 320 M M 10 18 14 310
7 36 30 33 7 32 0 0.00 0.0 0 8.3 20 30 M M 10 18 26 40
8 34 27 31 5 34 0 0.00 0.0 0 9.7 15 30 M M 9 22 30
9 43 21 32 6 33 0 0.00 0.0 0 3.8 8 280 M M 4 1 11 320
10 37 21 29 3 36 0 0.00 0.0 0 2.5 13 230 M M 5 18 16 250
11 31 25 28 2 37 0 T 0.0 0 12.0 20 230 M M 10 18 26 230
12 32 26 29 4 36 0 0.00 0.0 0 10.6 17 220 M M 10 18 23 220
13 45 29 37 12 28 0 0.00 0.0 0 11.4 21 220 M M 9 18 25 220
14 43 34 39 14 26 0 T 0.0 0 7.1 13 140 M M 10 18 21 140
15 41 27 34 9 31 0 0.17 0.4 0 6.7 13 130 M M 9 18 19 140
16 32 27 30 5 35 0 T T 0 7.1 14 230 M M 9 18 19 260
17 37 32 35 10 30 0 0.01 0.1 0 8.3 14 250 M M 10 18 20 270
18 35 30 33 8 32 0 0.01 0.2 T 10.4 17 240 M M 10 18 23 240
19 34 27 31 6 34 0 0.03 0.6 T 13.8 22 250 M M 10 1 29 270
20 28 17 23 -2 42 0 0.02 0.5 1 12.1 24 220 M M 8 189 30 220
21 43 27 35 10 30 0 0.00 0.0 1 16.6 26 260 M M 7 35 260
22 36 18 27 2 38 0 T T T 14.1 22 320 M M 10 8 30 320
23 30 14 22 -3 43 0 T T T 6.1 20 330 M M 4 30 300
24 28 20 24 -1 41 0 0.02 0.5 0 3.7 17 140 M M 9 18 22 140
25 31 20 26 1 39 0 T T 1 7.0 15 60 M M 9 18 22 60
26 33 26 30 5 35 0 0.20 1.4 1 10.8 18 60 M M 10 168 26 350
27 29 16 23 -2 42 0 0.00 0.0 1 9.0 17 350 M M 6 24 340
28 23 17 20 -6 45 0 T T 1 9.7 18 340 M M 9 27 340
29 28 11 20 -6 45 0 0.00 0.0 1 5.8 14 310 M M 4 19 310
30 29 12 21 -5 44 0 0.00 0.0 1 5.9 15 90 M M 9 8 22 80
31 31 26 29 3 36 0 0.08 1.3 2 14.1 22 60 M M 10 18 30 60
================================================================================
SM 1059 760 1097 0 1.03 6.4 261.1 M 269
================================================================================
AV 34.2 24.5 8.4 FASTST M M 9 MAX(MPH)
MISC ----> 26 260 35 260
================================================================================
NOTES:
# LAST OF SEVERAL OCCURRENCES
COLUMN 17 PEAK WIND IN M.P.H.
PRELIMINARY LOCAL CLIMATOLOGICAL DATA (WS FORM: F-6) , PAGE 2
STATION: DETROIT MI
MONTH: JANUARY
YEAR: 2021
LATITUDE: 42 13 N
LONGITUDE: 83 20 W
[TEMPERATURE DATA] [PRECIPITATION DATA] SYMBOLS USED IN COLUMN 16
AVERAGE MONTHLY: 29.3 TOTAL FOR MONTH: 1.03 1 = FOG OR MIST
DPTR FM NORMAL: 3.7 DPTR FM NORMAL: -0.93 2 = FOG REDUCING VISIBILITY
HIGHEST: 45 ON 13 GRTST 24HR 0.30 ON 1- 1 TO 1/4 MILE OR LESS
LOWEST: 11 ON 29 3 = THUNDER
SNOW, ICE PELLETS, HAIL 4 = ICE PELLETS
TOTAL MONTH: 6.4 INCHES 5 = HAIL
GRTST 24HR 1.4 ON 26-26 6 = FREEZING RAIN OR DRIZZLE
GRTST DEPTH: 2 ON 31 7 = DUSTSTORM OR SANDSTORM:
VSBY 1/2 MILE OR LESS
8 = SMOKE OR HAZE
[NO. OF DAYS WITH] [WEATHER - DAYS WITH] 9 = BLOWING SNOW
X = TORNADO
MAX 32 OR BELOW: 12 0.01 INCH OR MORE: 11
MAX 90 OR ABOVE: 0 0.10 INCH OR MORE: 4
MIN 32 OR BELOW: 29 0.50 INCH OR MORE: 0
MIN 0 OR BELOW: 0 1.00 INCH OR MORE: 0
[HDD (BASE 65) ]
TOTAL THIS MO. 1097 CLEAR (SCALE 0-3) 0
DPTR FM NORMAL -126 PTCLDY (SCALE 4-7) 6
TOTAL FM JUL 1 3184 CLOUDY (SCALE 8-10) 25
DPTR FM NORMAL -339
[CDD (BASE 65) ]
TOTAL THIS MO. 0
DPTR FM NORMAL 0 [PRESSURE DATA]
TOTAL FM JAN 1 0 HIGHEST SLP 30.59 ON 28
DPTR FM NORMAL 0 LOWEST SLP 29.51 ON 15
[REMARKS]
#FINAL-01-21#
CORRECTED SNOW DEPTH ON 1/17.