000
CXUS55 KTWC 280855
CF6DUG
PRELIMINARY LOCAL CLIMATOLOGICAL DATA (WS FORM: F-6)
STATION: DOUGLAS AZ
MONTH: MARCH
YEAR: 2024
LATITUDE: 31 28 N
LONGITUDE: 109 36 W
TEMPERATURE IN F: :PCPN: SNOW: WIND :SUNSHINE: SKY :PK WND
================================================================================
1 2 3 4 5 6A 6B 7 8 9 10 11 12 13 14 15 16 17 18
12Z AVG MX 2MIN
DY MAX MIN AVG DEP HDD CDD WTR SNW DPTH SPD SPD DIR MIN PSBL S-S WX SPD DR
================================================================================
1 73 34 54 3 11 0 0.00 M M 4.4 15 250 M M 0 21 250
2 73 38 56 5 9 0 0.00 M M 9.7 28 250 M M 0 43 260
3 73 44 59 7 6 0 0.00 M M 12.3 29 260 M M 0 44 270
4 70 39 55 3 10 0 0.00 M M 7.9 24 240 M M 1 34 240
5 71 34 53 1 12 0 0.00 M M 5.1 16 220 M M 0 23 240
6 68 40 54 2 11 0 0.00 M M 8.9 21 220 M M 1 24 230
7 63 37 50 -2 15 0 T M M 13.1 32 250 M M 3 48 270
8 56 36 46 -7 19 0 0.01 M M 6.9 25 310 M M 6 32 310
9 65 31 48 -5 17 0 0.00 M M 8.1 22 80 M M 3 30 70
10 68 37 53 0 12 0 0.00 M M 9.7 23 90 M M 0 32 80
11 75 31 53 0 12 0 0.00 M M 8.5 24 240 M M 0 32 250
12 75 32 54 1 11 0 0.00 M M 8.4 23 250 M M 0 31 240
13 72 47 60 6 5 0 0.00 M M 13.7 35 250 M M 0 44 260
14 72 39 56 2 9 0 0.00 M M 11.7 26 230 M M 1 38 190
15 69 47 58 4 7 0 T M M 18.3 38 150 M M 2 50 170
16 65 35 50 -4 15 0 0.00 M M 8.8 20 230 M M 2 36 240
17 68 28 48 -6 17 0 0.00 M M 8.4 18 250 M M 0 26 230
18 71 31 51 -4 14 0 0.00 M M 11.0 28 110 M M M 38 110
19 72 33 53 -2 12 0 0.00 M M 7.5 23 260 M M M 37 260
20 68 40 54 -1 11 0 T 0.0 0 7.3 24 170 M M M 33 210
21 72 42 57 2 8 0 0.00 M M 9.1 18 300 M M 3 26 290
22 75 36 56 1 9 0 0.00 M M 4.7 14 210 M M 0 19 210
23 73 44 59 3 6 0 0.00 0.0 0 9.5 26 240 M M M 36 220
24 58 39 49 -7 16 0 0.01 M M 19.1 39 230 M M 3 50 250
25 56 36 46 -10 19 0 0.04 M M 10.3 31 290 M M 7 39 290
26 57 33 45 -11 20 0 0.09 M M 9.2 30 260 M M 7 37 250
27 65 28 47 -9 18 0 T M M 4.7 17 360 M M 1 23 320
================================================================================
SM 1843 991 331 0 0.15 0.0 256.3 M 40
================================================================================
AV 68.3 36.7 9.5 FASTST M M 2 MAX(MPH)
MISC ----> 39 230 # 50 170
================================================================================
NOTES:
# LAST OF SEVERAL OCCURRENCES
COLUMN 17 PEAK WIND IN M.P.H.
PRELIMINARY LOCAL CLIMATOLOGICAL DATA (WS FORM: F-6) , PAGE 2
STATION: DOUGLAS AZ
MONTH: MARCH
YEAR: 2024
LATITUDE: 31 28 N
LONGITUDE: 109 36 W
[TEMPERATURE DATA] [PRECIPITATION DATA] SYMBOLS USED IN COLUMN 16
AVERAGE MONTHLY: 52.5 TOTAL FOR MONTH: 0.15 1 = FOG OR MIST
DPTR FM NORMAL: -1.3 DPTR FM NORMAL: -0.31 2 = FOG REDUCING VISIBILITY
HIGHEST: 75 ON 22,12 GRTST 24HR 0.09 ON 26-26 TO 1/4 MILE OR LESS
LOWEST: 28 ON 27,17 3 = THUNDER
SNOW, ICE PELLETS, HAIL 4 = ICE PELLETS
TOTAL MONTH: 0.0 INCH 5 = HAIL
GRTST 24HR 0.0 6 = FREEZING RAIN OR DRIZZLE
GRTST DEPTH: 0 7 = DUSTSTORM OR SANDSTORM:
VSBY 1/2 MILE OR LESS
8 = SMOKE OR HAZE
[NO. OF DAYS WITH] [WEATHER - DAYS WITH] 9 = BLOWING SNOW
X = TORNADO
MAX 32 OR BELOW: 0 0.01 INCH OR MORE: 4
MAX 90 OR ABOVE: 0 0.10 INCH OR MORE: 0
MIN 32 OR BELOW: 6 0.50 INCH OR MORE: 0
MIN 0 OR BELOW: 0 1.00 INCH OR MORE: 0
[HDD (BASE 65) ]
TOTAL THIS MO. 331 CLEAR (SCALE 0-3) 19
DPTR FM NORMAL 28 PTCLDY (SCALE 4-7) 4
TOTAL FM JUL 1 2275 CLOUDY (SCALE 8-10) 4
DPTR FM NORMAL -186
[CDD (BASE 65) ]
TOTAL THIS MO. 0
DPTR FM NORMAL 0 [PRESSURE DATA]
TOTAL FM JAN 1 0 HIGHEST SLP M ON M
DPTR FM NORMAL 0 LOWEST SLP 29.53 ON 24
[REMARKS]