000
CXUS53 KFGF 011213
CF6DVL
PRELIMINARY LOCAL CLIMATOLOGICAL DATA (WS FORM: F-6)
STATION: DEVILS LAKE ND
MONTH: NOVEMBER
YEAR: 2023
LATITUDE: 48 7 N
LONGITUDE: 98 54 W
TEMPERATURE IN F: :PCPN: SNOW: WIND :SUNSHINE: SKY :PK WND
================================================================================
1 2 3 4 5 6A 6B 7 8 9 10 11 12 13 14 15 16 17 18
12Z AVG MX 2MIN
DY MAX MIN AVG DEP HDD CDD WTR SNW DPTH SPD SPD DIR MIN PSBL S-S WX SPD DR
================================================================================
1 27 21 24 -9 41 0 0.00 M M 9.3 17 210 M M 8 1 23 220
2 36 14 25 -7 40 0 0.00 M M 8.4 15 210 M M 6 12 M M
3 34 19 27 -5 38 0 0.00 M M 7.0 14 360 M M 8 1 M M
4 33 30 32 0 33 0 T M M 7.2 12 150 M M 10 1 M M
5 39 31 35 4 30 0 0.01 M M 12.1 21 120 M M 10 1 25 130
6 36 30 33 3 32 0 T M M 11.2 17 330 M M 10 1 M M
7 38 31 35 5 30 0 0.02 M M 13.6 21 140 M M 10 1 24 150
8 39 33 36 6 29 0 T M M 18.7 29 280 M M 6 1 38 290
9 35 30 33 4 32 0 T M M 19.2 27 290 M M 8 1 33 280
10 32 29 31 2 34 0 0.00 M M 7.4 10 150 M M 10 M M
11 37 26 32 4 33 0 0.00 M M 12.6 20 150 M M 3 24 150
12 51 31 41 13 24 0 T M M 16.0 25 280 M M 2 37 260
13 47 26 37 10 28 0 0.00 M M 10.3 21 120 M M 0 25 120
14 50 32 41 14 24 0 0.00 M M 9.5 17 300 M M 0 M M
15 54 25 40 14 25 0 0.00 M M 7.3 14 190 M M 0 M M
16 39 23 31 5 34 0 T M M 14.2 27 360 M M 2 37 360
17 45 24 35 9 30 0 0.00 M M 12.2 21 270 M M 2 25 220
18 49 28 39 14 26 0 0.00 M M 4.3 10 260 M M 0 M M
19 50 27 39 14 26 0 0.00 M M 7.3 14 120 M M 0 M M
20 48 32 40 16 25 0 T M M 15.0 24 300 M M 6 31 280
21 34 22 28 4 37 0 0.00 M M 11.5 17 300 M M 0 22 310
22 37 20 29 6 36 0 0.00 M M 16.3 23 350 M M 3 30 10
23 20 7 14 -9 51 0 0.00 M M 11.5 15 330 M M 1 21 330
24 27 6 17 -5 48 0 0.00 M M 11.1 18 250 M M 0 M M
25 34 17 26 4 39 0 0.00 M M 16.7 22 270 M M 3 1 30 310
26 32 6 19 -3 46 0 T M M 17.2 29 320 M M 8 38 310
27 18 10 14 -7 51 0 0.00 M M 9.2 16 340 M M 9 M M
28 41 15 28 7 37 0 0.00 M M 14.6 22 280 M M 1 30 290
29 47 23 35 15 30 0 0.00 M M 12.2 18 290 M M 0 M M
30 34 23 29 9 36 0 T M M 12.0 17 280 M M 6 23 270
================================================================================
SM 1143 691 1025 0 0.03 M 355.1 M 132
================================================================================
AV 38.1 23.0 11.8 FASTST M M 4 MAX(MPH)
MISC ----> # 29 280 # 38 290
================================================================================
NOTES:
# LAST OF SEVERAL OCCURRENCES
COLUMN 17 PEAK WIND IN M.P.H.
PRELIMINARY LOCAL CLIMATOLOGICAL DATA (WS FORM: F-6) , PAGE 2
STATION: DEVILS LAKE ND
MONTH: NOVEMBER
YEAR: 2023
LATITUDE: 48 7 N
LONGITUDE: 98 54 W
[TEMPERATURE DATA] [PRECIPITATION DATA] SYMBOLS USED IN COLUMN 16
AVERAGE MONTHLY: 30.6 TOTAL FOR MONTH: 0.03 1 = FOG OR MIST
DPTR FM NORMAL: 4.3 DPTR FM NORMAL: M 2 = FOG REDUCING VISIBILITY
HIGHEST: 54 ON 15 GRTST 24HR 0.02 ON 7- 7 TO 1/4 MILE OR LESS
LOWEST: 6 ON 26,24 3 = THUNDER
SNOW, ICE PELLETS, HAIL 4 = ICE PELLETS
TOTAL MONTH: M 5 = HAIL
GRTST 24HR M ON M 6 = FREEZING RAIN OR DRIZZLE
GRTST DEPTH: M ON M 7 = DUSTSTORM OR SANDSTORM:
VSBY 1/2 MILE OR LESS
8 = SMOKE OR HAZE
[NO. OF DAYS WITH] [WEATHER - DAYS WITH] 9 = BLOWING SNOW
X = TORNADO
MAX 32 OR BELOW: 6 0.01 INCH OR MORE: 2
MAX 90 OR ABOVE: 0 0.10 INCH OR MORE: 0
MIN 32 OR BELOW: 29 0.50 INCH OR MORE: 0
MIN 0 OR BELOW: 0 1.00 INCH OR MORE: 0
[HDD (BASE 65) ]
TOTAL THIS MO. 1025 CLEAR (SCALE 0-3) 14
DPTR FM NORMAL -137 PTCLDY (SCALE 4-7) 10
TOTAL FM JUL 1 1884 CLOUDY (SCALE 8-10) 6
DPTR FM NORMAL -257
[CDD (BASE 65) ]
TOTAL THIS MO. 0
DPTR FM NORMAL 0 [PRESSURE DATA]
TOTAL FM JAN 1 518 HIGHEST SLP M ON M
DPTR FM NORMAL 264 LOWEST SLP M ON M
[REMARKS]
#FINAL-11-23#