000
CXUS55 KDVN 011530
CF6DVN
PRELIMINARY LOCAL CLIMATOLOGICAL DATA (WS FORM: F-6)
STATION: DAVENPORT IA
MONTH: MAY
YEAR: 2023
LATITUDE: 41 37 N
LONGITUDE: 90 35 W
TEMPERATURE IN F: :PCPN: SNOW: WIND :SUNSHINE: SKY :PK WND
================================================================================
1 2 3 4 5 6A 6B 7 8 9 10 11 12 13 14 15 16 17 18
12Z AVG MX 2MIN
DY MAX MIN AVG DEP HDD CDD WTR SNW DPTH SPD SPD DIR MIN PSBL S-S WX SPD DR
================================================================================
1 64 43 54 -2 11 0 0.00 0.0 0 23.2 37 290 M M 3 52 310
2 67 40 54 -2 11 0 0.00 0.0 0 18.2 33 300 M M 2 48 290
3 68 33 51 -6 14 0 0.00 0.0 0 9.2 21 340 M M 0 27 340
4 78 40 59 2 6 0 0.00 0.0 0 8.1 16 170 M M 0 23 180
5 76 50 63 5 2 0 0.11 0.0 0 11.7 25 180 M M 5 33 180
6 82 56 69 11 0 4 0.05 0.0 0 11.5 24 140 M M 7 18 31 140
7 90 57 74 16 0 9 0.53 T 0 10.3 51 350 M M 2 135 67 360
8 68 57 63 4 2 0 1.58 0.0 0 10.0 24 110 M M 9 138 31 120
9 72 51 62 3 3 0 0.00 0.0 0 8.1 15 100 M M 3 18 20 120
10 80 53 67 8 0 2 0.00 0.0 0 9.8 18 150 M M 0 25 130
11 85 55 70 10 0 5 T 0.0 0 8.8 20 150 M M 3 24 140
12 80 67 74 14 0 9 T 0.0 0 8.9 15 130 M M 5 18 20 120
13 77 62 70 9 0 5 T 0.0 0 13.2 20 80 M M 6 18 27 100
14 68 53 61 0 4 0 T 0.0 0 15.9 28 60 M M 8 1 36 60
15 71 53 62 1 3 0 0.00 0.0 0 7.4 15 60 M M 5 20 50
16 83 57 70 8 0 5 0.00 0.0 0 7.3 18 70 M M 2 28 70
17 72 49 61 -1 4 0 0.00 0.0 0 11.2 21 60 M M 0 26 70
18 81 47 64 1 1 0 0.00 0.0 0 9.8 15 210 M M 0 21 210
19 70 49 60 -3 5 0 0.15 0.0 0 12.1 23 310 M M 2 18 30 290
20 73 45 59 -4 6 0 0.00 0.0 0 6.5 17 50 M M 0 24 40
21 79 48 64 0 1 0 0.00 0.0 0 4.3 14 150 M M 0 18 170
22 82 54 68 4 0 3 0.00 0.0 0 3.4 13 190 M M 0 24 250
23 85 53 69 5 0 4 0.00 0.0 0 3.0 13 150 M M 0 8 18 130
24 85 55 70 5 0 5 0.00 0.0 0 10.7 21 80 M M 0 34 70
25 74 51 63 -2 2 0 0.00 0.0 0 12.9 21 60 M M 1 27 60
26 78 44 61 -5 4 0 0.00 0.0 0 8.5 16 70 M M 0 27 100
27 82 48 65 -1 0 0 0.00 0.0 0 9.1 18 90 M M 0 25 130
28 83 54 69 3 0 4 0.00 0.0 0 6.1 16 110 M M 0 20 120
29 87 58 73 6 0 8 0.00 0.0 0 5.8 9 110 M M 0 14 230
30 91 58 75 8 0 10 0.00 0.0 0 4.9 16 140 M M 0 20 180
31 92 62 77 10 0 12 0.00 0.0 0 7.5 18 160 M M 0 24 160
================================================================================
SM 2423 1602 79 85 2.42 T 297.4 M 63
================================================================================
AV 78.2 51.7 9.6 FASTST M M 2 MAX(MPH)
MISC ----> 51 350 67 360
================================================================================
NOTES:
# LAST OF SEVERAL OCCURRENCES
COLUMN 17 PEAK WIND IN M.P.H.
PRELIMINARY LOCAL CLIMATOLOGICAL DATA (WS FORM: F-6) , PAGE 2
STATION: DAVENPORT IA
MONTH: MAY
YEAR: 2023
LATITUDE: 41 37 N
LONGITUDE: 90 35 W
[TEMPERATURE DATA] [PRECIPITATION DATA] SYMBOLS USED IN COLUMN 16
AVERAGE MONTHLY: 64.9 TOTAL FOR MONTH: 2.42 1 = FOG OR MIST
DPTR FM NORMAL: 3.2 DPTR FM NORMAL: -2.40 2 = FOG REDUCING VISIBILITY
HIGHEST: 92 ON 31 GRTST 24HR 2.11 ON 7- 8 TO 1/4 MILE OR LESS
LOWEST: 33 ON 3 3 = THUNDER
SNOW, ICE PELLETS, HAIL 4 = ICE PELLETS
TOTAL MONTH: T 5 = HAIL
GRTST 24HR T ON 7- 7 6 = FREEZING RAIN OR DRIZZLE
GRTST DEPTH: 0 7 = DUSTSTORM OR SANDSTORM:
VSBY 1/2 MILE OR LESS
8 = SMOKE OR HAZE
[NO. OF DAYS WITH] [WEATHER - DAYS WITH] 9 = BLOWING SNOW
X = TORNADO
MAX 32 OR BELOW: 0 0.01 INCH OR MORE: 5
MAX 90 OR ABOVE: 3 0.10 INCH OR MORE: 4
MIN 32 OR BELOW: 0 0.50 INCH OR MORE: 2
MIN 0 OR BELOW: 0 1.00 INCH OR MORE: 1
[HDD (BASE 65) ]
TOTAL THIS MO. 79 CLEAR (SCALE 0-3) 22
DPTR FM NORMAL -91 PTCLDY (SCALE 4-7) 8
TOTAL FM JUL 1 5802 CLOUDY (SCALE 8-10) 1
DPTR FM NORMAL -505
[CDD (BASE 65) ]
TOTAL THIS MO. 85
DPTR FM NORMAL 16 [PRESSURE DATA]
TOTAL FM JAN 1 97 HIGHEST SLP 30.38 ON 14
DPTR FM NORMAL 18 LOWEST SLP 29.55 ON 1
[REMARKS]
#FINAL-05-23#
===================================================================
NOTE: SUPPLEMENTAL CLIMATE DATA WAS USED FROM A NEARBY
CLIMATOLOGICALLY REPRESENTATIVE STATION.
===================================================================
PARAMETER DATE
--------- ----
SF 05/07
PP 05/11, 05/13