000
CXUS55 KDVN 021527
CF6DVN
PRELIMINARY LOCAL CLIMATOLOGICAL DATA (WS FORM: F-6)
STATION: DAVENPORT IA
MONTH: MARCH
YEAR: 2023
LATITUDE: 41 37 N
LONGITUDE: 90 35 W
TEMPERATURE IN F: :PCPN: SNOW: WIND :SUNSHINE: SKY :PK WND
================================================================================
1 2 3 4 5 6A 6B 7 8 9 10 11 12 13 14 15 16 17 18
12Z AVG MX 2MIN
DY MAX MIN AVG DEP HDD CDD WTR SNW DPTH SPD SPD DIR MIN PSBL S-S WX SPD DR
================================================================================
1 56 33 45 13 20 0 0.00 0.0 0 12.0 26 260 M M 2 18 36 280
2 43 33 38 6 27 0 0.00 0.0 0 7.7 21 320 M M 7 27 330
3 42 27 35 2 30 0 0.00 0.0 0 10.9 25 30 M M 1 18 31 20
4 46 25 36 3 29 0 0.01 0.0 0 4.0 9 300 M M 4 128 13 310
5 52 26 39 5 26 0 0.03 0.0 0 12.1 26 100 M M 5 123 37 90
6 55 37 46 12 19 0 T 0.0 0 13.0 25 330 M M 8 1 30 330
7 48 31 40 5 25 0 0.00 0.0 0 14.0 22 80 M M 4 30 100
8 47 37 42 7 23 0 0.00 0.0 0 14.3 23 120 M M 9 32 120
9 39 32 36 0 29 0 0.41 4.4 0 11.9 21 90 M M 10 128 30 90
10 34 28 31 -5 34 0 T T 4 10.1 17 300 M M 10 1 22 300
11 37 32 35 -1 30 0 0.08 0.2 3 10.5 20 110 M M 10 18 26 100
12 36 28 32 -5 33 0 T T 2 13.9 25 290 M M 10 1 32 300
13 34 28 31 -7 34 0 T T T 15.0 23 290 M M 10 32 290
14 41 20 31 -7 34 0 0.00 0.0 0 5.3 12 330 M M 2 16 330
15 55 30 43 5 22 0 0.00 0.0 0 17.0 29 160 M M 2 38 170
16 48 32 40 1 25 0 0.28 1.1 0 17.0 29 300 M M 10 1 40 300
17 32 16 24 -15 41 0 T T 1 23.7 33 310 M M 6 18 46 300
18 23 10 17 -23 48 0 T T 1 19.1 30 280 M M 7 37 290
19 38 12 25 -15 40 0 0.00 0.0 T 11.9 18 250 M M 0 25 250
20 57 28 43 3 22 0 0.00 0.0 0 13.6 25 220 M M 0 35 220
21 58 39 49 8 16 0 0.00 0.0 0 14.0 22 170 M M 5 28 190
22 50 41 46 5 19 0 0.03 0.0 0 6.8 18 160 M M 10 128 25 160
23 46 35 41 -1 24 0 0.10 0.0 0 9.2 23 330 M M 7 12 31 320
24 51 31 41 -1 24 0 0.12 0.1 0 11.7 21 60 M M 4 18 27 60
25 46 32 39 -4 26 0 0.80 7.7 5 10.3 23 360 M M 6 12 28 350
26 43 31 37 -6 28 0 0.19 T 4 9.4 16 50 M M 6 1 19 350
27 50 29 40 -3 25 0 0.00 0.0 0 6.3 13 10 M M 0 18 10
28 50 30 40 -4 25 0 0.00 0.0 0 7.4 18 260 M M 2 29 250
29 44 30 37 -7 28 0 0.00 0.0 0 8.8 17 340 M M 1 24 330
30 65 29 47 3 18 0 T 0.0 0 17.0 29 170 M M 5 3 41 170
31 69 39 54 9 11 0 0.38 T 0 16.6 37 270 M M 7 135 50 270
================================================================================
SM 1435 911 835 0 2.43 13.5 374.5 M 170
================================================================================
AV 46.3 29.4 12.1 FASTST M M 5 MAX(MPH)
MISC ----> 37 270 50 270
================================================================================
NOTES:
# LAST OF SEVERAL OCCURRENCES
COLUMN 17 PEAK WIND IN M.P.H.
PRELIMINARY LOCAL CLIMATOLOGICAL DATA (WS FORM: F-6) , PAGE 2
STATION: DAVENPORT IA
MONTH: MARCH
YEAR: 2023
LATITUDE: 41 37 N
LONGITUDE: 90 35 W
[TEMPERATURE DATA] [PRECIPITATION DATA] SYMBOLS USED IN COLUMN 16
AVERAGE MONTHLY: 37.8 TOTAL FOR MONTH: 2.43 1 = FOG OR MIST
DPTR FM NORMAL: -0.8 DPTR FM NORMAL: 0.09 2 = FOG REDUCING VISIBILITY
HIGHEST: 69 ON 31 GRTST 24HR 0.89 ON 24-25 TO 1/4 MILE OR LESS
LOWEST: 10 ON 18 3 = THUNDER
SNOW, ICE PELLETS, HAIL 4 = ICE PELLETS
TOTAL MONTH: 13.5 INCHES 5 = HAIL
GRTST 24HR 7.7 ON 25-25 6 = FREEZING RAIN OR DRIZZLE
GRTST DEPTH: 5 ON 25 7 = DUSTSTORM OR SANDSTORM:
VSBY 1/2 MILE OR LESS
8 = SMOKE OR HAZE
[NO. OF DAYS WITH] [WEATHER - DAYS WITH] 9 = BLOWING SNOW
X = TORNADO
MAX 32 OR BELOW: 2 0.01 INCH OR MORE: 11
MAX 90 OR ABOVE: 0 0.10 INCH OR MORE: 7
MIN 32 OR BELOW: 23 0.50 INCH OR MORE: 1
MIN 0 OR BELOW: 0 1.00 INCH OR MORE: 0
[HDD (BASE 65) ]
TOTAL THIS MO. 835 CLEAR (SCALE 0-3) 9
DPTR FM NORMAL 16 PTCLDY (SCALE 4-7) 14
TOTAL FM JUL 1 5314 CLOUDY (SCALE 8-10) 8
DPTR FM NORMAL -376
[CDD (BASE 65) ]
TOTAL THIS MO. 0
DPTR FM NORMAL -2 [PRESSURE DATA]
TOTAL FM JAN 1 0 HIGHEST SLP 30.48 ON 8
DPTR FM NORMAL -2 LOWEST SLP 29.19 ON 31
[REMARKS]
#FINAL-03-23#