000
CXUS55 KDVN 011800
CF6DVN
PRELIMINARY LOCAL CLIMATOLOGICAL DATA (WS FORM: F-6)
STATION: DAVENPORT IA
MONTH: FEBRUARY
YEAR: 2024
LATITUDE: 41 37 N
LONGITUDE: 90 35 W
TEMPERATURE IN F: :PCPN: SNOW: WIND :SUNSHINE: SKY :PK WND
================================================================================
1 2 3 4 5 6A 6B 7 8 9 10 11 12 13 14 15 16 17 18
12Z AVG MX 2MIN
DY MAX MIN AVG DEP HDD CDD WTR SNW DPTH SPD SPD DIR MIN PSBL S-S WX SPD DR
================================================================================
1 54 37 46 24 19 0 0.00 0.0 0 8.5 14 80 M M 1 18 22 220
2 39 33 36 14 29 0 0.00 0.0 0 12.7 20 70 M M 8 25 90
3 45 31 38 15 27 0 0.00 0.0 0 11.5 17 110 M M 6 1 23 110
4 48 29 39 16 26 0 0.00 0.0 0 11.4 18 60 M M 0 1 23 50
5 51 25 38 15 27 0 0.00 0.0 0 5.8 9 350 M M 0 1 13 10
6 49 22 36 13 29 0 0.00 0.0 0 5.8 13 100 M M 0 18 16 130
7 50 30 40 16 25 0 0.00 0.0 0 12.5 24 150 M M 0 18 33 150
8 66 40 53 29 12 0 0.01 T 0 17.7 32 200 M M 2 35 46 220
9 51 31 41 17 24 0 0.00 0.0 0 11.7 20 270 M M 0 25 250
10 43 26 35 11 30 0 0.00 0.0 0 10.8 20 310 M M 2 29 300
11 43 21 32 7 33 0 0.00 0.0 0 4.9 13 350 M M 1 18 360
12 47 20 34 9 31 0 0.00 0.0 0 6.4 17 270 M M 0 27 260
13 45 23 34 9 31 0 0.00 0.0 0 5.3 10 20 M M 2 14 50
14 51 22 37 11 28 0 T 0.0 0 9.2 20 130 M M 2 24 130
15 44 31 38 12 27 0 0.13 0.0 0 13.7 26 300 M M 7 1 35 290
16 31 12 22 -4 43 0 0.03 0.5 T 14.1 25 310 M M 6 1 34 310
17 30 8 19 -8 46 0 0.00 0.0 T 16.8 28 240 M M 0 36 250
18 47 24 36 9 29 0 0.00 0.0 T 12.8 21 240 M M 0 28 270
19 53 19 36 8 29 0 0.00 0.0 0 6.4 16 180 M M 0 21 200
20 59 29 44 16 21 0 0.00 0.0 0 10.1 22 240 M M 1 28 230
21 59 43 51 23 14 0 0.00 0.0 0 8.6 16 180 M M 4 22 180
22 65 39 52 23 13 0 0.00 0.0 0 8.0 18 300 M M 2 25 300
23 56 28 42 13 23 0 T T 0 14.5 26 350 M M 4 34 270
24 40 15 28 -2 37 0 T T 0 8.8 17 180 M M 2 23 180
25 66 32 49 19 16 0 0.00 0.0 0 8.4 17 190 M M 0 24 190
26 75 33 54 24 11 0 0.00 0.0 0 12.5 29 170 M M 0 37 180
27 77 24 51 20 14 0 T 0.0 0 14.6 35 290 M M 2 48 290
28 31 11 21 -10 44 0 T T 0 20.1 32 290 M M 3 43 300
29 50 14 32 0 33 0 0.00 0.0 0 13.7 24 170 M M 0 32 170
================================================================================
SM 1465 752 771 0 0.17 0.5 317.3 M 55
================================================================================
AV 50.5 25.9 10.9 FASTST M M 2 MAX(MPH)
MISC ----> 35 290 48 290
================================================================================
NOTES:
# LAST OF SEVERAL OCCURRENCES
COLUMN 17 PEAK WIND IN M.P.H.
PRELIMINARY LOCAL CLIMATOLOGICAL DATA (WS FORM: F-6) , PAGE 2
STATION: DAVENPORT IA
MONTH: FEBRUARY
YEAR: 2024
LATITUDE: 41 37 N
LONGITUDE: 90 35 W
[TEMPERATURE DATA] [PRECIPITATION DATA] SYMBOLS USED IN COLUMN 16
AVERAGE MONTHLY: 38.2 TOTAL FOR MONTH: 0.17 1 = FOG OR MIST
DPTR FM NORMAL: 11.9 DPTR FM NORMAL: -1.27 2 = FOG REDUCING VISIBILITY
HIGHEST: 77 ON 27 GRTST 24HR 0.13 ON 14-15 TO 1/4 MILE OR LESS
LOWEST: 8 ON 17 3 = THUNDER
SNOW, ICE PELLETS, HAIL 4 = ICE PELLETS
TOTAL MONTH: 0.5 INCH 5 = HAIL
GRTST 24HR 0.5 ON 16-16 6 = FREEZING RAIN OR DRIZZLE
GRTST DEPTH: T 7 = DUSTSTORM OR SANDSTORM:
VSBY 1/2 MILE OR LESS
8 = SMOKE OR HAZE
[NO. OF DAYS WITH] [WEATHER - DAYS WITH] 9 = BLOWING SNOW
X = TORNADO
MAX 32 OR BELOW: 3 0.01 INCH OR MORE: 3
MAX 90 OR ABOVE: 0 0.10 INCH OR MORE: 1
MIN 32 OR BELOW: 23 0.50 INCH OR MORE: 0
MIN 0 OR BELOW: 0 1.00 INCH OR MORE: 0
[HDD (BASE 65) ]
TOTAL THIS MO. 771 CLEAR (SCALE 0-3) 23
DPTR FM NORMAL -314 PTCLDY (SCALE 4-7) 6
TOTAL FM JUL 1 3979 CLOUDY (SCALE 8-10) 0
DPTR FM NORMAL -959
[CDD (BASE 65) ]
TOTAL THIS MO. 0
DPTR FM NORMAL 0 [PRESSURE DATA]
TOTAL FM JAN 1 0 HIGHEST SLP 30.46 ON 29
DPTR FM NORMAL 0 LOWEST SLP 29.22 ON 27
[REMARKS]
#FINAL-02-24#
NOTE: SUPPLEMENTAL CLIMATE DATA WAS USED FROM A NEARBY
CLIMATOLOGICALLY REPRESENTATIVE STATION.
PARAMETER DATE
--------- ----
SNW 2/16
WTR 2/16